INSERT INTO ExternalTexts (TextName, TextValue, TextID)
VALUES('furni_skullcandle_desc', 'Alas poor Yorrick...', 6564)
GO
INSERT INTO ExternalTexts (TextName, TextValue, TextID)
VALUES('furni_chair_plasto*16_name', 'Chair', 6565)
GO
INSERT INTO ExternalTexts (TextName, TextValue, TextID)
VALUES('poster_16_name', 'Bars', 6566)
GO
INSERT INTO ExternalTexts (TextName, TextValue, TextID)
VALUES('furni_tree2_name', 'Old Christmas Tree', 6567)
GO
INSERT INTO ExternalTexts (TextName, TextValue, TextID)
VALUES('furni_pillar*3_desc', 'Ancient and stately', 6568)
GO
INSERT INTO ExternalTexts (TextName, TextValue, TextID)
VALUES('furni_chair_china_desc', 'The elegant beauty of tradition', 6569)
GO
INSERT INTO ExternalTexts (TextName, TextValue, TextID)
VALUES('ph_keys_spacebar', 'Spacebar', 6570)
GO
INSERT INTO ExternalTexts (TextName, TextValue, TextID)
VALUES('game_poker_ok', 'Change cards', 6571)
GO
INSERT INTO ExternalTexts (TextName, TextValue, TextID)
VALUES('furni_rare_moonrug_desc', 'Built in 1969!', 6572)
GO
INSERT INTO ExternalTexts (TextName, TextValue, TextID)
VALUES('credits', 'Credits', 6573)
GO
INSERT INTO ExternalTexts (TextName, TextValue, TextID)
VALUES('splash_uk', 'UK', 6574)
GO
INSERT INTO ExternalTexts (TextName, TextValue, TextID)
VALUES('nav_venue_sw_lobby_free_7_name', 'Free Game Lobby', 6575)
GO
INSERT INTO ExternalTexts (TextName, TextValue, TextID)
VALUES('move_furniture', 'Move Furni', 6576)
GO
INSERT INTO ExternalTexts (TextName, TextValue, TextID)
VALUES('poster_50_name', 'Bat Poster', 6577)
GO
INSERT INTO ExternalTexts (TextName, TextValue, TextID)
VALUES('poster_523_desc', 'The flag of India', 6578)
GO
INSERT INTO ExternalTexts (TextName, TextValue, TextID)
VALUES('login_connecting', 'Connecting...', 6579)
GO
INSERT INTO ExternalTexts (TextName, TextValue, TextID)
VALUES('bb_text_hostInfo', 'Please choose a name for your Game and select the number of Teams.', 6580)
GO
INSERT INTO ExternalTexts (TextName, TextValue, TextID)
VALUES('nav_venue_sw_arena_tournament_name', 'Playing a tournament game!', 6581)
GO
INSERT INTO ExternalTexts (TextName, TextValue, TextID)
VALUES('furni_marquee*7_desc', 'It''s both door and a shade!', 6582)
GO
INSERT INTO ExternalTexts (TextName, TextValue, TextID)
VALUES('furni_rare_elephant_statue_desc', 'Say hello to Nelly', 6583)
GO
INSERT INTO ExternalTexts (TextName, TextValue, TextID)
VALUES('furni_scifirocket*5_name', 'Alien Artifact  # 1337', 6584)
GO
INSERT INTO ExternalTexts (TextName, TextValue, TextID)
VALUES('furni_waterbowl*3_desc', 'Aqua unlimited', 6585)
GO
INSERT INTO ExternalTexts (TextName, TextValue, TextID)
VALUES('nav_venue_theatredrome_easter/0_desc', ' ', 6586)
GO
INSERT INTO ExternalTexts (TextName, TextValue, TextID)
VALUES('poster_34_desc', 'Punk for the never-agreeing', 6587)
GO
INSERT INTO ExternalTexts (TextName, TextValue, TextID)
VALUES('console_profile_helptext', 'The player profile is a snapshot of your interests and hobbies - simply tick the things you like.', 6588)
GO
INSERT INTO ExternalTexts (TextName, TextValue, TextID)
VALUES('sw_timeleft', 'Time:', 6589)
GO
INSERT INTO ExternalTexts (TextName, TextValue, TextID)
VALUES('Unreadmessages', 'New Message(s)', 6590)
GO
INSERT INTO ExternalTexts (TextName, TextValue, TextID)
VALUES('furni_bunny_desc', 'Yours to cuddle up to', 6591)
GO
INSERT INTO ExternalTexts (TextName, TextValue, TextID)
VALUES('nav_venue_bb_lobby_amateur_9/0_desc', ' ', 6592)
GO
INSERT INTO ExternalTexts (TextName, TextValue, TextID)
VALUES('furni_table_plasto_4leg*8_desc', 'Hip plastic furniture', 6593)
GO
INSERT INTO ExternalTexts (TextName, TextValue, TextID)
VALUES('furni_carpet_standard_name', 'Floor rug', 6594)
GO
INSERT INTO ExternalTexts (TextName, TextValue, TextID)
VALUES('furni_scifidoor*5_desc', 'They''re out of this world!', 6595)
GO
INSERT INTO ExternalTexts (TextName, TextValue, TextID)
VALUES('furni_sporttrack2*1_desc', 'Let''s get sporty!', 6596)
GO
INSERT INTO ExternalTexts (TextName, TextValue, TextID)
VALUES('gs_timetojoin', '\x seconds to join', 6597)
GO
INSERT INTO ExternalTexts (TextName, TextValue, TextID)
VALUES('nav_venue_club_massiva_desc', 'Strut your funky stuff!', 6598)
GO
INSERT INTO ExternalTexts (TextName, TextValue, TextID)
VALUES('console_mainhelp', 'Console Help', 6599)
GO
INSERT INTO ExternalTexts (TextName, TextValue, TextID)
VALUES('poster_2_name', 'Carrot Plaque', 6600)
GO
INSERT INTO ExternalTexts (TextName, TextValue, TextID)
VALUES('furni_divider_nor3_desc', 'Do go through...', 6601)
GO
INSERT INTO ExternalTexts (TextName, TextValue, TextID)
VALUES('gs_2min', '2min', 6602)
GO
INSERT INTO ExternalTexts (TextName, TextValue, TextID)
VALUES('gs_2teams', '2 Teams Game', 6603)
GO
INSERT INTO ExternalTexts (TextName, TextValue, TextID)
VALUES('poster_515_name', 'The Swedish flag', 6604)
GO
INSERT INTO ExternalTexts (TextName, TextValue, TextID)
VALUES('shout', 'Shout', 6605)
GO
INSERT INTO ExternalTexts (TextName, TextValue, TextID)
VALUES('furni_chair_plasty*9_desc', 'Hip plastic furniture', 6606)
GO
INSERT INTO ExternalTexts (TextName, TextValue, TextID)
VALUES('nav_people', 'Who''s in here?', 6607)
GO
INSERT INTO ExternalTexts (TextName, TextValue, TextID)
VALUES('nav_venue_sw_lobby_expert_1_name', 'Snow Marksmen Lobby', 6608)
GO
INSERT INTO ExternalTexts (TextName, TextValue, TextID)
VALUES('nav_venue_bb_lobby_beginner_18/0_desc', ' ', 6609)
GO
INSERT INTO ExternalTexts (TextName, TextValue, TextID)
VALUES('nav_venue_cunning_fox_gamehall/1_name', 'Gamehall Lobby', 6610)
GO
INSERT INTO ExternalTexts (TextName, TextValue, TextID)
VALUES('furni_glass_table*7_name', 'Glass table', 6611)
GO
INSERT INTO ExternalTexts (TextName, TextValue, TextID)
VALUES('poster_26_name', 'Stocking', 6612)
GO
INSERT INTO ExternalTexts (TextName, TextValue, TextID)
VALUES('url_helpparents', 'http://%predefined%//help/parents_guide.html', 6613)
GO
INSERT INTO ExternalTexts (TextName, TextValue, TextID)
VALUES('furni_queue_tile1*6_name', 'Blue Roller', 6614)
GO
INSERT INTO ExternalTexts (TextName, TextValue, TextID)
VALUES('furni_table_silo_small*7_desc', 'Green Area Occasional Table', 6615)
GO
INSERT INTO ExternalTexts (TextName, TextValue, TextID)
VALUES('alert_reg_t', 'Please check these details:', 6616)
GO
INSERT INTO ExternalTexts (TextName, TextValue, TextID)
VALUES('poster_2001_desc', 'Perinteinen ryijy,', 6617)
GO
INSERT INTO ExternalTexts (TextName, TextValue, TextID)
VALUES('furni_sofachair_silo*3_desc', 'White Area Armchair', 6618)
GO
INSERT INTO ExternalTexts (TextName, TextValue, TextID)
VALUES('nav_venue_sw_arena_amateur_name', 'Playing amateur game', 6619)
GO
INSERT INTO ExternalTexts (TextName, TextValue, TextID)
VALUES('furni_doorB_name', 'Wardrobe', 6620)
GO
INSERT INTO ExternalTexts (TextName, TextValue, TextID)
VALUES('url_purselink', 'http://%predefined%//credits/?', 6621)
GO
INSERT INTO ExternalTexts (TextName, TextValue, TextID)
VALUES('poster_2008_name', 'Cola Poster', 6622)
GO
INSERT INTO ExternalTexts (TextName, TextValue, TextID)
VALUES('close', 'Close', 6623)
GO
INSERT INTO ExternalTexts (TextName, TextValue, TextID)
VALUES('furni_djesko_turntable_desc', 'For the retro music-lover', 6624)
GO
INSERT INTO ExternalTexts (TextName, TextValue, TextID)
VALUES('poster_44_desc', 'Beware the curse...', 6625)
GO
INSERT INTO ExternalTexts (TextName, TextValue, TextID)
VALUES('furni_divider_nor1*6_desc', 'Blue Ice corner', 6626)
GO
INSERT INTO ExternalTexts (TextName, TextValue, TextID)
VALUES('furni_table_plasto_square*3_name', 'Square Dining Table', 6627)
GO
INSERT INTO ExternalTexts (TextName, TextValue, TextID)
VALUES('furni_table_plasto_bigsquare*14_desc', 'Hip plastic furniture', 6628)
GO
INSERT INTO ExternalTexts (TextName, TextValue, TextID)
VALUES('furni_table_plasto_round*7_name', 'Round Dining Table', 6629)
GO
INSERT INTO ExternalTexts (TextName, TextValue, TextID)
VALUES('start', 'Start', 6630)
GO
INSERT INTO ExternalTexts (TextName, TextValue, TextID)
VALUES('hobba_pickup_go', 'Pick Up & Go!', 6631)
GO
INSERT INTO ExternalTexts (TextName, TextValue, TextID)
VALUES('furni_couch_norja*8_name', 'Yellow Bench', 6632)
GO
INSERT INTO ExternalTexts (TextName, TextValue, TextID)
VALUES('furni_sofa_polyfon*2_name', 'Black Mode Sofa', 6633)
GO
INSERT INTO ExternalTexts (TextName, TextValue, TextID)
VALUES('nav_venue_bb_lobby_beginner_9/0_desc', ' ', 6634)
GO
INSERT INTO ExternalTexts (TextName, TextValue, TextID)
VALUES('catalog_give_petname', 'Type your pet''s name in the grey box.', 6635)
GO
INSERT INTO ExternalTexts (TextName, TextValue, TextID)
VALUES('room_name', 'Room:', 6636)
GO
INSERT INTO ExternalTexts (TextName, TextValue, TextID)
VALUES('furni_table_plasto_4leg*10_desc', 'Hip plastic furniture', 6637)
GO
INSERT INTO ExternalTexts (TextName, TextValue, TextID)
VALUES('furni_doormat_plain*5_name', 'Doormat', 6638)
GO
INSERT INTO ExternalTexts (TextName, TextValue, TextID)
VALUES('furni_bed_polyfon_one*8_name', 'Yellow Mode Single Bed', 6639)
GO
INSERT INTO ExternalTexts (TextName, TextValue, TextID)
VALUES('furni_divider_nor5*6_name', 'Blue Iced Angle', 6640)
GO
INSERT INTO ExternalTexts (TextName, TextValue, TextID)
VALUES('nav_venue_beauty_salon_general/0_desc', 'Meet Jamelia in her Beauty Salon', 6641)
GO
INSERT INTO ExternalTexts (TextName, TextValue, TextID)
VALUES('furni_soft_sofa_norja*7_name', 'Green Iced Sofa', 6642)
GO
INSERT INTO ExternalTexts (TextName, TextValue, TextID)
VALUES('reg_verification_incorrectBirthday', 'Your birthday was incorrect', 6643)
GO
INSERT INTO ExternalTexts (TextName, TextValue, TextID)
VALUES('cam_save_nofilm', 'You have run out of film.\rGet a roll (5 photos) from\rthe Catalogue for 6 Credits.', 6644)
GO
INSERT INTO ExternalTexts (TextName, TextValue, TextID)
VALUES('nav_venue_the_chromide_club/0_desc', 'Ghetto Fabulous', 6645)
GO
INSERT INTO ExternalTexts (TextName, TextValue, TextID)
VALUES('poster_1002_name', 'Queen Mum Poster', 6646)
GO
INSERT INTO ExternalTexts (TextName, TextValue, TextID)
VALUES('password.email.subject', 'Forgotten password', 6647)
GO
INSERT INTO ExternalTexts (TextName, TextValue, TextID)
VALUES('roomatic_goyourroom', 'Go to your room', 6648)
GO
INSERT INTO ExternalTexts (TextName, TextValue, TextID)
VALUES('delete', 'Delete', 6649)
GO
INSERT INTO ExternalTexts (TextName, TextValue, TextID)
VALUES('furni_toy1*2_name', 'Rubber Ball', 6650)
GO
INSERT INTO ExternalTexts (TextName, TextValue, TextID)
VALUES('nav_venue_habbo_lido_ii/0_desc', 'Dive right in!', 6651)
GO
INSERT INTO ExternalTexts (TextName, TextValue, TextID)
VALUES('furni_carpet_soft*5_name', 'Soft Wool Rug', 6652)
GO
INSERT INTO ExternalTexts (TextName, TextValue, TextID)
VALUES('hubu_info_link2', 'FRANK Website', 6653)
GO
INSERT INTO ExternalTexts (TextName, TextValue, TextID)
VALUES('nav_venue_the_chromide_club_name', 'The Chromide Club', 6654)
GO
INSERT INTO ExternalTexts (TextName, TextValue, TextID)
VALUES('hubu_info_link1', 'FRANK Infobus Information', 6655)
GO
INSERT INTO ExternalTexts (TextName, TextValue, TextID)
VALUES('furni_sofachair_polyfon*8_desc', 'Yellow Mode Armchair', 6656)
GO
INSERT INTO ExternalTexts (TextName, TextValue, TextID)
VALUES('furni_sleepingbag*5_desc', 'Ultimate outdoor coziness', 6657)
GO
INSERT INTO ExternalTexts (TextName, TextValue, TextID)
VALUES('furni_chair_norja*9_desc', 'Sleek and chic for each cheek', 6658)
GO
INSERT INTO ExternalTexts (TextName, TextValue, TextID)
VALUES('poster_509_desc', 'The flag of Jamaica', 6659)
GO
INSERT INTO ExternalTexts (TextName, TextValue, TextID)
VALUES('nav_venue_eric''s_eaterie/0_desc', 'Join Eric for a bite to eat', 6660)
GO
INSERT INTO ExternalTexts (TextName, TextValue, TextID)
VALUES('furni_lamp2_armas_desc', 'Wax lyrical with some old-world charm', 6661)
GO
INSERT INTO ExternalTexts (TextName, TextValue, TextID)
VALUES('console_report', 'Report', 6662)
GO
INSERT INTO ExternalTexts (TextName, TextValue, TextID)
VALUES('furni_shelves_norja*7_name', 'Green Bookcase', 6663)
GO
INSERT INTO ExternalTexts (TextName, TextValue, TextID)
VALUES('furni_glass_stool*3_desc', 'Translucent beauty', 6664)
GO
INSERT INTO ExternalTexts (TextName, TextValue, TextID)
VALUES('nav_venue_cafe_gold/0_desc', 'Just an illusion', 6665)
GO
INSERT INTO ExternalTexts (TextName, TextValue, TextID)
VALUES('furni_toy1_desc', 'it''s bouncy-tastic', 6666)
GO
INSERT INTO ExternalTexts (TextName, TextValue, TextID)
VALUES('furni_scifiport*0_desc', 'Energy beams. No trespassers!', 6667)
GO
INSERT INTO ExternalTexts (TextName, TextValue, TextID)
VALUES('interface_icon_purse', 'Purse - manage your Credits', 6668)
GO
INSERT INTO ExternalTexts (TextName, TextValue, TextID)
VALUES('club_txt_paycash', 'Pay by Cash', 6669)
GO
INSERT INTO ExternalTexts (TextName, TextValue, TextID)
VALUES('furni_table_norja_med*3_name', 'Large Coffee Table White', 6670)
GO
INSERT INTO ExternalTexts (TextName, TextValue, TextID)
VALUES('poster_54_desc', 'whack that ball!', 6671)
GO
INSERT INTO ExternalTexts (TextName, TextValue, TextID)
VALUES('furni_rare_icecream*1_desc', 'Virtual vanilla rocks!', 6672)
GO
INSERT INTO ExternalTexts (TextName, TextValue, TextID)
VALUES('game_poker_ready', 'READY', 6673)
GO
INSERT INTO ExternalTexts (TextName, TextValue, TextID)
VALUES('furni_scifiport*7_name', 'Turquoise Sci-Fi Port', 6674)
GO
INSERT INTO ExternalTexts (TextName, TextValue, TextID)
VALUES('nav_venue_sw_lobby_beginner_2_name', 'Snow Rookies Lobby', 6675)
GO
INSERT INTO ExternalTexts (TextName, TextValue, TextID)
VALUES('furni_sporttrack1*2_desc', 'Let''s get sporty!', 6676)
GO
INSERT INTO ExternalTexts (TextName, TextValue, TextID)
VALUES('send', 'Send', 6677)
GO
INSERT INTO ExternalTexts (TextName, TextValue, TextID)
VALUES('transaction_system_bibit', 'Credit card', 6678)
GO
INSERT INTO ExternalTexts (TextName, TextValue, TextID)
VALUES('furni_rare_icecream*8_name', 'Aqua Ice Cream Maker', 6679)
GO
INSERT INTO ExternalTexts (TextName, TextValue, TextID)
VALUES('furni_scifirocket*9_desc', 'High technology in a retro frame', 6680)
GO
INSERT INTO ExternalTexts (TextName, TextValue, TextID)
VALUES('nav_venue_the_dirty_duck_pub/0_desc', 'Meet Dave the firendly landlord!', 6681)
GO
INSERT INTO ExternalTexts (TextName, TextValue, TextID)
VALUES('reg_forcedupdate3', 'The Thor management requires all Habbos to read and agree to the service Terms and Conditions. It won''t take long.\rJust go through the registration, check your  info and agree to the new terms. Thank you!', 6682)
GO
INSERT INTO ExternalTexts (TextName, TextValue, TextID)
VALUES('reg_forcedupdate2', 'Update your player', 6683)
GO
INSERT INTO ExternalTexts (TextName, TextValue, TextID)
VALUES('furni_prizetrophy4*1_desc', 'Glittery gold', 6684)
GO
INSERT INTO ExternalTexts (TextName, TextValue, TextID)
VALUES('furni_bed_polyfon_desc', 'Give yourself space to stretch out', 6685)
GO
INSERT INTO ExternalTexts (TextName, TextValue, TextID)
VALUES('pet.saying.play.dog.1', 'woofWOOFwoofWOOFwoof', 6686)
GO
INSERT INTO ExternalTexts (TextName, TextValue, TextID)
VALUES('pet.saying.play.dog.0', 'rrr.. WOOF .rrr..', 6687)
GO
INSERT INTO ExternalTexts (TextName, TextValue, TextID)
VALUES('furni_glass_stool_desc', 'Translucent beauty', 6688)
GO
INSERT INTO ExternalTexts (TextName, TextValue, TextID)
VALUES('furni_rare_dragonlamp*0_name', 'Fire Dragon Lamp', 6689)
GO
INSERT INTO ExternalTexts (TextName, TextValue, TextID)
VALUES('furni_divider_silo1*2_name', 'Black Area Corner Shelf', 6690)
GO
INSERT INTO ExternalTexts (TextName, TextValue, TextID)
VALUES('nav_venue_bb_lobby_tournament_13/0_desc', ' ', 6691)
GO
INSERT INTO ExternalTexts (TextName, TextValue, TextID)
VALUES('poster_6_desc', 'but is it the right way up?', 6692)
GO
INSERT INTO ExternalTexts (TextName, TextValue, TextID)
VALUES('furni_divider_silo3*6_name', 'Blue Area Gate', 6693)
GO
INSERT INTO ExternalTexts (TextName, TextValue, TextID)
VALUES('furni_table_silo_med*2_desc', 'Black Area Coffee Table', 6694)
GO
INSERT INTO ExternalTexts (TextName, TextValue, TextID)
VALUES('furni_rubberchair*1_desc', 'Soft and tearproof!', 6695)
GO
INSERT INTO ExternalTexts (TextName, TextValue, TextID)
VALUES('furni_prizetrophy*2_name', 'Classic trophy', 6696)
GO
INSERT INTO ExternalTexts (TextName, TextValue, TextID)
VALUES('furni_safe_silo*9_desc', 'Totally shatter-proof!', 6697)
GO
INSERT INTO ExternalTexts (TextName, TextValue, TextID)
VALUES('furni_carpet_standard*3_name', 'Floor Rug', 6698)
GO
INSERT INTO ExternalTexts (TextName, TextValue, TextID)
VALUES('nav_public_helptext', 'These are game''s public areas. What are you waiting for? Go and meet other mortals!', 6699)
GO
INSERT INTO ExternalTexts (TextName, TextValue, TextID)
VALUES('nav_venue_cunning_fox_gamehall/5_desc', 'Get a hand like a foot? Keep a straight face and bluff it out', 6700)
GO
INSERT INTO ExternalTexts (TextName, TextValue, TextID)
VALUES('furni_table_silo_med*9_name', 'Red Area Coffee Table', 6701)
GO
INSERT INTO ExternalTexts (TextName, TextValue, TextID)
VALUES('furni_soft_sofachair_norja*9_name', 'Red Iced Sofachair', 6702)
GO
INSERT INTO ExternalTexts (TextName, TextValue, TextID)
VALUES('furni_rubberchair*8_name', 'Black Inflatable Chair', 6703)
GO
INSERT INTO ExternalTexts (TextName, TextValue, TextID)
VALUES('nav_hotelview', 'Thor Front View', 6704)
GO
INSERT INTO ExternalTexts (TextName, TextValue, TextID)
VALUES('furni_goodie1*1_name', 'Marzipan Man', 6705)
GO
INSERT INTO ExternalTexts (TextName, TextValue, TextID)
VALUES('furni_wooden_screen*2_desc', 'Add an exotic touch to your room', 6706)
GO
INSERT INTO ExternalTexts (TextName, TextValue, TextID)
VALUES('furni_bar_polyfon_desc', 'You naughty player!', 6707)
GO
INSERT INTO ExternalTexts (TextName, TextValue, TextID)
VALUES('furni_glass_shelf_name', 'Glass shelf', 6708)
GO
INSERT INTO ExternalTexts (TextName, TextValue, TextID)
VALUES('furni_glass_chair*8_name', 'Glass chair', 6709)
GO
INSERT INTO ExternalTexts (TextName, TextValue, TextID)
VALUES('furni_wooden_screen*9_name', 'Green Oriental Screen', 6710)
GO
INSERT INTO ExternalTexts (TextName, TextValue, TextID)
VALUES('furni_chair_plasto*1_name', 'Chair', 6711)
GO
INSERT INTO ExternalTexts (TextName, TextValue, TextID)
VALUES('furni_divider_nor2*3_name', 'White Iced bar desk', 6712)
GO
INSERT INTO ExternalTexts (TextName, TextValue, TextID)
VALUES('furni_divider_poly3*2_name', 'Black Mode Bardesk Gate', 6713)
GO
INSERT INTO ExternalTexts (TextName, TextValue, TextID)
VALUES('furni_chair_norja_name', 'Chair', 6714)
GO
INSERT INTO ExternalTexts (TextName, TextValue, TextID)
VALUES('furni_soft_sofachair_norja_name', 'iced sofachair', 6715)
GO
INSERT INTO ExternalTexts (TextName, TextValue, TextID)
VALUES('furni_divider_nor4*7_name', 'Green Iced Auto Shutter', 6716)
GO
INSERT INTO ExternalTexts (TextName, TextValue, TextID)
VALUES('furni_chair_plasto_desc', 'Hip plastic furniture', 6717)
GO
INSERT INTO ExternalTexts (TextName, TextValue, TextID)
VALUES('camera_dialog_place', 'Move', 6718)
GO
INSERT INTO ExternalTexts (TextName, TextValue, TextID)
VALUES('nav_modify_doorstatus', 'Door status', 6719)
GO
INSERT INTO ExternalTexts (TextName, TextValue, TextID)
VALUES('buddyremove_hc_more_info', 'More Info About Thor Club >>', 6720)
GO
INSERT INTO ExternalTexts (TextName, TextValue, TextID)
VALUES('console_newmessages', 'New Message(s)', 6721)
GO
INSERT INTO ExternalTexts (TextName, TextValue, TextID)
VALUES('furni_table_plasto_square*7_desc', 'Hip plastic furniture', 6722)
GO
INSERT INTO ExternalTexts (TextName, TextValue, TextID)
VALUES('nav_venue_old_skool/0_desc', ' ', 6723)
GO
INSERT INTO ExternalTexts (TextName, TextValue, TextID)
VALUES('furni_chair_silo*4_name', 'Beige Silo Dining Chair', 6724)
GO
INSERT INTO ExternalTexts (TextName, TextValue, TextID)
VALUES('furni_carpet_polar*2_desc', 'Snuggle up on a Funky bear rug...', 6725)
GO
INSERT INTO ExternalTexts (TextName, TextValue, TextID)
VALUES('furni_sofa_polyfon*6_desc', 'Blue Mode Sofa', 6726)
GO
INSERT INTO ExternalTexts (TextName, TextValue, TextID)
VALUES('furni_present_gen4_desc', 'What''s inside?', 6727)
GO
INSERT INTO ExternalTexts (TextName, TextValue, TextID)
VALUES('furni_pillar*1_name', 'Pink Marble Pillar', 6728)
GO
INSERT INTO ExternalTexts (TextName, TextValue, TextID)
VALUES('furni_petfood3_desc', 'Health food for pets', 6729)
GO
INSERT INTO ExternalTexts (TextName, TextValue, TextID)
VALUES('furni_bardesk_polyfon*5_desc', 'Pink Mode Bardesk', 6730)
GO
INSERT INTO ExternalTexts (TextName, TextValue, TextID)
VALUES('furni_pillow*2_desc', 'Puffy, soft and huge', 6731)
GO
INSERT INTO ExternalTexts (TextName, TextValue, TextID)
VALUES('poster_1006_desc', 'The eyes follow you...', 6732)
GO
INSERT INTO ExternalTexts (TextName, TextValue, TextID)
VALUES('poster_521_name', 'Flag of Brazil', 6733)
GO
INSERT INTO ExternalTexts (TextName, TextValue, TextID)
VALUES('furni_bed_trad_name', 'Plain Double Bed', 6734)
GO
INSERT INTO ExternalTexts (TextName, TextValue, TextID)
VALUES('furni_bath_desc', 'The ultimate in pampering', 6735)
GO
INSERT INTO ExternalTexts (TextName, TextValue, TextID)
VALUES('LoadingRoom', 'Loading room...', 6736)
GO
INSERT INTO ExternalTexts (TextName, TextValue, TextID)
VALUES('modtool_roomalert', 'Room Alert', 6737)
GO
INSERT INTO ExternalTexts (TextName, TextValue, TextID)
VALUES('furni_table_plasto_bigsquare*1_desc', 'Hip plastic furniture', 6738)
GO
INSERT INTO ExternalTexts (TextName, TextValue, TextID)
VALUES('furni_deadduck_name', 'Dead Duck', 6739)
GO
INSERT INTO ExternalTexts (TextName, TextValue, TextID)
VALUES('furni_pillow*9_name', 'Green Wooly Pillow', 6740)
GO
INSERT INTO ExternalTexts (TextName, TextValue, TextID)
VALUES('furni_bardeskcorner_polyfon*5_desc', 'Pink Mode Bardesk Corner', 6741)
GO
INSERT INTO ExternalTexts (TextName, TextValue, TextID)
VALUES('furni_marquee*5_name', 'Graphite Marquee', 6742)
GO
INSERT INTO ExternalTexts (TextName, TextValue, TextID)
VALUES('game_poker_logoff ', 'Left the game', 6743)
GO
INSERT INTO ExternalTexts (TextName, TextValue, TextID)
VALUES('furni_waterbowl*1_name', 'Red Water Bowl', 6744)
GO
INSERT INTO ExternalTexts (TextName, TextValue, TextID)
VALUES('furni_bench_armas_desc', 'To complete the dining set', 6745)
GO
INSERT INTO ExternalTexts (TextName, TextValue, TextID)
VALUES('furni_table_plasto_bigsquare*8_name', 'Square Dining Table', 6746)
GO
INSERT INTO ExternalTexts (TextName, TextValue, TextID)
VALUES('poster_32_name', 'Siva Poster', 6747)
GO
INSERT INTO ExternalTexts (TextName, TextValue, TextID)
VALUES('furni_table_plasto_4leg*6_name', 'Occasional table Table', 6748)
GO
INSERT INTO ExternalTexts (TextName, TextValue, TextID)
VALUES('poster_1_desc', 'a touch of history', 6749)
GO
INSERT INTO ExternalTexts (TextName, TextValue, TextID)
VALUES('nav_venue_club_mammoth/0_name', 'Club Mammoth', 6750)
GO
INSERT INTO ExternalTexts (TextName, TextValue, TextID)
VALUES('furni_lamp_armas_desc', 'Ambient lighting is essential', 6751)
GO
INSERT INTO ExternalTexts (TextName, TextValue, TextID)
VALUES('furni_hyacinth2_desc', 'Beautiful bulb', 6752)
GO
INSERT INTO ExternalTexts (TextName, TextValue, TextID)
VALUES('habbo_hand_prev', '<<<', 6753)
GO
INSERT INTO ExternalTexts (TextName, TextValue, TextID)
VALUES('furni_scifidoor*3_name', 'Lightblue Spaceship Door', 6754)
GO
INSERT INTO ExternalTexts (TextName, TextValue, TextID)
VALUES('int_newmessages', 'New Message(s)', 6755)
GO
INSERT INTO ExternalTexts (TextName, TextValue, TextID)
VALUES('furni_plant_small_cactus_desc', 'Even less watering than the real world', 6756)
GO
INSERT INTO ExternalTexts (TextName, TextValue, TextID)
VALUES('gs_deathmatch', 'Every player for himself!', 6757)
GO
INSERT INTO ExternalTexts (TextName, TextValue, TextID)
VALUES('furni_safe_silo*4_desc', 'Totally shatter-proof!', 6758)
GO
INSERT INTO ExternalTexts (TextName, TextValue, TextID)
VALUES('furni_barchair_silo*5_desc', 'Practical and convenient', 6759)
GO
INSERT INTO ExternalTexts (TextName, TextValue, TextID)
VALUES('furni_divider_nor1_name', 'Ice Corner', 6760)
GO
INSERT INTO ExternalTexts (TextName, TextValue, TextID)
VALUES('hobba_sent_to_helpers', 'CFH upgraded to emergency.', 6761)
GO
INSERT INTO ExternalTexts (TextName, TextValue, TextID)
VALUES('furni_table_norja_med*7_desc', 'For larger gatherings', 6762)
GO
INSERT INTO ExternalTexts (TextName, TextValue, TextID)
VALUES('furni_prizetrophy3*2_desc', 'Shiny silver', 6763)
GO
INSERT INTO ExternalTexts (TextName, TextValue, TextID)
VALUES('nav_venue_club_massiva/1_name', 'Chill-out Room', 6764)
GO
INSERT INTO ExternalTexts (TextName, TextValue, TextID)
VALUES('furni_soft_sofachair_norja*4_name', 'Aquamarine Iced Sofachair', 6765)
GO
INSERT INTO ExternalTexts (TextName, TextValue, TextID)
VALUES('furni_chair_plasty*7_name', 'Plastic Pod Chair', 6766)
GO
INSERT INTO ExternalTexts (TextName, TextValue, TextID)
VALUES('dance4', 'The Rollie', 6767)
GO
INSERT INTO ExternalTexts (TextName, TextValue, TextID)
VALUES('dance3', 'Duck Funk', 6768)
GO
INSERT INTO ExternalTexts (TextName, TextValue, TextID)
VALUES('dance2', 'Pogo Mogo', 6769)
GO
INSERT INTO ExternalTexts (TextName, TextValue, TextID)
VALUES('furni_prize2_name', 'Silver Trophy', 6770)
GO
INSERT INTO ExternalTexts (TextName, TextValue, TextID)
VALUES('furni_rare_fan*2_desc', 'Be cool!', 6771)
GO
INSERT INTO ExternalTexts (TextName, TextValue, TextID)
VALUES('dance1', 'Hab-Hop', 6772)
GO
INSERT INTO ExternalTexts (TextName, TextValue, TextID)
VALUES('gs_header_gamelist', 'Game List', 6773)
GO
INSERT INTO ExternalTexts (TextName, TextValue, TextID)
VALUES('gs_title_gameCreation', 'Create A New Game!', 6774)
GO
INSERT INTO ExternalTexts (TextName, TextValue, TextID)
VALUES('furni_sporttrack3*2_desc', 'Let''s get sporty!', 6775)
GO
INSERT INTO ExternalTexts (TextName, TextValue, TextID)
VALUES('furni_wcandleset_name', 'White Candle Plate', 6776)
GO
INSERT INTO ExternalTexts (TextName, TextValue, TextID)
VALUES('furni_rare_fan*9_name', 'Fucsia Powered Fan', 6777)
GO
INSERT INTO ExternalTexts (TextName, TextValue, TextID)
VALUES('buddyremove_invert', 'Invert Selection', 6778)
GO
INSERT INTO ExternalTexts (TextName, TextValue, TextID)
VALUES('furni_table_silo_small*5_name', 'Pink Area Occasional Table', 6779)
GO
INSERT INTO ExternalTexts (TextName, TextValue, TextID)
VALUES('furni_toilet_yell_name', 'Loo Seat', 6780)
GO
INSERT INTO ExternalTexts (TextName, TextValue, TextID)
VALUES('gs_mouseover_player', '\x\r\yp', 6781)
GO
INSERT INTO ExternalTexts (TextName, TextValue, TextID)
VALUES('furni_sofa_polyfon_name', 'Two-seater Sofa', 6782)
GO
INSERT INTO ExternalTexts (TextName, TextValue, TextID)
VALUES('queue_set.dc.info', 'Number of Thor in default queue is %d% and in Thor Club queue %c%', 6783)
GO
INSERT INTO ExternalTexts (TextName, TextValue, TextID)
VALUES('sw_link_gameRules_url', '(URL TO SNOWWAR GAME RULES)', 6784)
GO
INSERT INTO ExternalTexts (TextName, TextValue, TextID)
VALUES('nav_venue_skylight_lobby_name', 'Skylight Lobby', 6785)
GO
INSERT INTO ExternalTexts (TextName, TextValue, TextID)
VALUES('nav_venue_sw_lobby_tournament_3_name', 'Tournament Lobby', 6786)
GO
INSERT INTO ExternalTexts (TextName, TextValue, TextID)
VALUES('furni_rare_dragonlamp*4_desc', 'The very essence of evil', 6787)
GO
INSERT INTO ExternalTexts (TextName, TextValue, TextID)
VALUES('furni_divider_silo1*6_desc', 'Blue Area Corner Shelf', 6788)
GO
INSERT INTO ExternalTexts (TextName, TextValue, TextID)
VALUES('splash_testim_04', '"I got my first Credits with my Splash Plastic card, now I''ve got a really cool room."', 6789)
GO
INSERT INTO ExternalTexts (TextName, TextValue, TextID)
VALUES('furni_prizetrophy6*1_desc', 'Glittery gold', 6790)
GO
INSERT INTO ExternalTexts (TextName, TextValue, TextID)
VALUES('splash_testim_03', '"I use my Splash Plastic card all over the place - to buy Thor Credits, CDs, games, the lot! You can find all the online shops that take it on the Splash Plastic website."', 6791)
GO
INSERT INTO ExternalTexts (TextName, TextValue, TextID)
VALUES('splash_testim_02', '"I always use Splash Plastic to buy Thor Credits - it''s so easy."', 6792)
GO
INSERT INTO ExternalTexts (TextName, TextValue, TextID)
VALUES('splash_testim_01', 'Here''s what other players say about Splash Plastic:', 6793)
GO
INSERT INTO ExternalTexts (TextName, TextValue, TextID)
VALUES('furni_pumpkin_desc', 'Cast a spooky glow', 6794)
GO
INSERT INTO ExternalTexts (TextName, TextValue, TextID)
VALUES('poster_42_name', 'Spiderweb', 6795)
GO
INSERT INTO ExternalTexts (TextName, TextValue, TextID)
VALUES('nav_venue_bb_lobby_tournament_15/0_desc', ' ', 6796)
GO
INSERT INTO ExternalTexts (TextName, TextValue, TextID)
VALUES('pet.hotwords.beg', 'beg', 6797)
GO
INSERT INTO ExternalTexts (TextName, TextValue, TextID)
VALUES('furni_divider_arm2_name', 'Room divider', 6798)
GO
INSERT INTO ExternalTexts (TextName, TextValue, TextID)
VALUES('buddyremove_logintime', 'Last Login Time', 6799)
GO
INSERT INTO ExternalTexts (TextName, TextValue, TextID)
VALUES('win_voucher', 'Thor Credit Code', 6800)
GO
INSERT INTO ExternalTexts (TextName, TextValue, TextID)
VALUES('furni_carpet_standard*7_desc', 'Available in a variety of colours', 6801)
GO
INSERT INTO ExternalTexts (TextName, TextValue, TextID)
VALUES('furni_divider_nor1*4_name', 'Aquamarine Ice corner', 6802)
GO
INSERT INTO ExternalTexts (TextName, TextValue, TextID)
VALUES('furni_traffic_light*3_desc', 'Chill and wait your turn!', 6803)
GO
INSERT INTO ExternalTexts (TextName, TextValue, TextID)
VALUES('roomatic_givename', 'Give your room a name!', 6804)
GO
INSERT INTO ExternalTexts (TextName, TextValue, TextID)
VALUES('furni_divider_nor3*8_name', 'Yellow Iced gate', 6805)
GO
INSERT INTO ExternalTexts (TextName, TextValue, TextID)
VALUES('bb_link_highScores_url', 'http://www.habbohotel.co.uk/games/battleball/high_scores.html', 6806)
GO
INSERT INTO ExternalTexts (TextName, TextValue, TextID)
VALUES('nav_venue_basement_lobby_name', 'Basement Lobby', 6807)
GO
INSERT INTO ExternalTexts (TextName, TextValue, TextID)
VALUES('nav_public_helptext_hd', 'Asgard', 6808)
GO
INSERT INTO ExternalTexts (TextName, TextValue, TextID)
VALUES('pet.saying.beg.cat.2', 'MEOW, MEOW, MEOW..', 6809)
GO
INSERT INTO ExternalTexts (TextName, TextValue, TextID)
VALUES('pet.saying.beg.cat.1', '*looks up with sad eyes*', 6810)
GO
INSERT INTO ExternalTexts (TextName, TextValue, TextID)
VALUES('url_logout_concurrent', 'http://%predefined%//account/disconnected?reason', 6811)
GO
INSERT INTO ExternalTexts (TextName, TextValue, TextID)
VALUES('pet.saying.beg.cat.0', 'MaUUU...MEOW...meow', 6812)
GO
INSERT INTO ExternalTexts (TextName, TextValue, TextID)
VALUES('furni_chair_plasto*5_desc', 'Hip plastic furniture', 6813)
GO
INSERT INTO ExternalTexts (TextName, TextValue, TextID)
VALUES('furni_solarium_norja*2_name', 'Beige Solarium', 6814)
GO
INSERT INTO ExternalTexts (TextName, TextValue, TextID)
VALUES('furni_divider_nor2*7_desc', 'Green Iced  bar desk', 6815)
GO
INSERT INTO ExternalTexts (TextName, TextValue, TextID)
VALUES('furni_divider_poly3*6_desc', 'Blue Mode Bardesk Gate', 6816)
GO
INSERT INTO ExternalTexts (TextName, TextValue, TextID)
VALUES('furni_sofa_silo*4_desc', 'Beige Area Sofa', 6817)
GO
INSERT INTO ExternalTexts (TextName, TextValue, TextID)
VALUES('poster_500_desc', 'The UK flag', 6818)
GO
INSERT INTO ExternalTexts (TextName, TextValue, TextID)
VALUES('game_poker_changed', 'changed', 6819)
GO
INSERT INTO ExternalTexts (TextName, TextValue, TextID)
VALUES('furni_stand_polyfon_z_name', 'Shelf', 6820)
GO
INSERT INTO ExternalTexts (TextName, TextValue, TextID)
VALUES('partner_registration_link', 'Finish registration', 6821)
GO
INSERT INTO ExternalTexts (TextName, TextValue, TextID)
VALUES('furni_bed_budgetb_desc', 'Sweet dreams for two', 6822)
GO
INSERT INTO ExternalTexts (TextName, TextValue, TextID)
VALUES('furni_sofachair_polyfon*6_name', 'Blue Mode Armchair', 6823)
GO
INSERT INTO ExternalTexts (TextName, TextValue, TextID)
VALUES('furni_sleepingbag*3_name', 'Ocean Sleeping Bag', 6824)
GO
INSERT INTO ExternalTexts (TextName, TextValue, TextID)
VALUES('furni_chair_plasto*11_desc', 'Hip plastic furniture', 6825)
GO
INSERT INTO ExternalTexts (TextName, TextValue, TextID)
VALUES('furni_chair_norja*7_name', 'Green Chair', 6826)
GO
INSERT INTO ExternalTexts (TextName, TextValue, TextID)
VALUES('furni_joulutahti_desc', 'Christmas in a pot', 6827)
GO
INSERT INTO ExternalTexts (TextName, TextValue, TextID)
VALUES('poster_507_name', 'The French Tricolore', 6828)
GO
INSERT INTO ExternalTexts (TextName, TextValue, TextID)
VALUES('furni_rare_daffodil_rug_desc', 'A little bit of outdoors indoors..', 6829)
GO
INSERT INTO ExternalTexts (TextName, TextValue, TextID)
VALUES('x', 'X', 6830)
GO
INSERT INTO ExternalTexts (TextName, TextValue, TextID)
VALUES('poster_11_desc', 'award, charter or the Thor Rules - you decide', 6831)
GO
INSERT INTO ExternalTexts (TextName, TextValue, TextID)
VALUES('pet_hungry', 'Hunger:', 6832)
GO
INSERT INTO ExternalTexts (TextName, TextValue, TextID)
VALUES('furni_glass_sofa*5_desc', 'Translucent beauty', 6833)
GO
INSERT INTO ExternalTexts (TextName, TextValue, TextID)
VALUES('furni_chair_silo*8_desc', 'Yellow Silo Dining Chair', 6834)
GO
INSERT INTO ExternalTexts (TextName, TextValue, TextID)
VALUES('poster_18_name', 'Butterfly Cabinet (blue)', 6835)
GO
INSERT INTO ExternalTexts (TextName, TextValue, TextID)
VALUES('furni_tree4_name', 'Christmas Tree 2', 6836)
GO
INSERT INTO ExternalTexts (TextName, TextValue, TextID)
VALUES('furni_pillar*5_desc', 'Find your natural roots', 6837)
GO
INSERT INTO ExternalTexts (TextName, TextValue, TextID)
VALUES('furni_rare_fountain*2_desc', ' For our feathered friends', 6838)
GO
INSERT INTO ExternalTexts (TextName, TextValue, TextID)
VALUES('furni_barrier*1_desc', 'No trespassing, please!', 6839)
GO
INSERT INTO ExternalTexts (TextName, TextValue, TextID)
VALUES('furni_table_armas_desc', 'For informal dining', 6840)
GO
INSERT INTO ExternalTexts (TextName, TextValue, TextID)
VALUES('furni_habbocake_name', 'Cake', 6841)
GO
INSERT INTO ExternalTexts (TextName, TextValue, TextID)
VALUES('reg_welcome3', 'Now the fun begins! All you need to do is register and you''re ready to start. It won''t take long!\rYou can change everything except your name and date of birth later. Come on!', 6842)
GO
INSERT INTO ExternalTexts (TextName, TextValue, TextID)
VALUES('reg_welcome2', 'Create Your Own Player', 6843)
GO
INSERT INTO ExternalTexts (TextName, TextValue, TextID)
VALUES('furni_bed_polyfon*3_name', 'White Mode Double Bed', 6844)
GO
INSERT INTO ExternalTexts (TextName, TextValue, TextID)
VALUES('nav_venue_sw_lobby_free_9_name', 'Free Game Lobby', 6845)
GO
INSERT INTO ExternalTexts (TextName, TextValue, TextID)
VALUES('poster_52_name', 'Hockey Stick', 6846)
GO
INSERT INTO ExternalTexts (TextName, TextValue, TextID)
VALUES('nav_tryingpw', 'Trying the password...', 6847)
GO
INSERT INTO ExternalTexts (TextName, TextValue, TextID)
VALUES('furni_scifirocket*0_desc', 'High technology in a retro frame', 6848)
GO
INSERT INTO ExternalTexts (TextName, TextValue, TextID)
VALUES('purse_info', 'DESCRIPTION', 6849)
GO
INSERT INTO ExternalTexts (TextName, TextValue, TextID)
VALUES('furni_marquee*9_desc', 'Keep the mob out', 6850)
GO
INSERT INTO ExternalTexts (TextName, TextValue, TextID)
VALUES('queue_line', 'You are queueing right now...', 6851)
GO
INSERT INTO ExternalTexts (TextName, TextValue, TextID)
VALUES('furni_scifirocket*7_name', 'Aqua Smoke Machine', 6852)
GO
INSERT INTO ExternalTexts (TextName, TextValue, TextID)
VALUES('furni_waterbowl*5_desc', 'Aqua unlimited', 6853)
GO
INSERT INTO ExternalTexts (TextName, TextValue, TextID)
VALUES('poster_36_desc', 'The games girlband. Dream on!', 6854)
GO
INSERT INTO ExternalTexts (TextName, TextValue, TextID)
VALUES('furni_table_silo_med_desc', 'Wipe clean and unobtrusive', 6855)
GO
INSERT INTO ExternalTexts (TextName, TextValue, TextID)
VALUES('furni_table_plasto_square_name', 'Occasional Table', 6856)
GO
INSERT INTO ExternalTexts (TextName, TextValue, TextID)
VALUES('nav_venue_bb_lobby_amateur_10/0_desc', ' ', 6857)
GO
INSERT INTO ExternalTexts (TextName, TextValue, TextID)
VALUES('nav_venue_bb_lobby_beginner_1/0_desc', ' ', 6858)
GO
INSERT INTO ExternalTexts (TextName, TextValue, TextID)
VALUES('pet.hotwords.bad', 'bad', 6859)
GO
INSERT INTO ExternalTexts (TextName, TextValue, TextID)
VALUES('pet_race_0_024', 'Black-eyed Boxer', 6860)
GO
INSERT INTO ExternalTexts (TextName, TextValue, TextID)
VALUES('pet_race_0_023', 'Dotty Dalmatian', 6861)
GO
INSERT INTO ExternalTexts (TextName, TextValue, TextID)
VALUES('gs_error_watch_0', 'All The Spectator Seats Are Taken!', 6862)
GO
INSERT INTO ExternalTexts (TextName, TextValue, TextID)
VALUES('pet_race_0_022', 'Schnitzel Snatcher', 6863)
GO
INSERT INTO ExternalTexts (TextName, TextValue, TextID)
VALUES('pet_race_0_021', 'Loyal Labrador', 6864)
GO
INSERT INTO ExternalTexts (TextName, TextValue, TextID)
VALUES('queue_set.s.info', 'There are %d% players in front of you in the queue to see the Live broadcast!', 6865)
GO
INSERT INTO ExternalTexts (TextName, TextValue, TextID)
VALUES('pet_race_0_020', 'Patchy Pup', 6866)
GO
INSERT INTO ExternalTexts (TextName, TextValue, TextID)
VALUES('reg_legal_header2', 'Read through the below text carefully. You must agree to the following terms before entering Thor.', 6867)
GO
INSERT INTO ExternalTexts (TextName, TextValue, TextID)
VALUES('reg_legal_header1', 'Now you need to ask your parents/guardian to come to the computer. Read through the text (below) with your parents.', 6868)
GO
INSERT INTO ExternalTexts (TextName, TextValue, TextID)
VALUES('furni_plant_rose_desc', 'Sleek and chic', 6869)
GO
INSERT INTO ExternalTexts (TextName, TextValue, TextID)
VALUES('furni_scifidoor*7_desc', 'They''re out of this world!', 6870)
GO
INSERT INTO ExternalTexts (TextName, TextValue, TextID)
VALUES('furni_sporttrack2*3_desc', 'Let''s get sporty!', 6871)
GO
INSERT INTO ExternalTexts (TextName, TextValue, TextID)
VALUES('furni_red_tv_desc', 'Don?t miss those soaps', 6872)
GO
INSERT INTO ExternalTexts (TextName, TextValue, TextID)
VALUES('poster_510_desc', 'The flag of Italy', 6873)
GO
INSERT INTO ExternalTexts (TextName, TextValue, TextID)
VALUES('poster_4_name', 'Bear Plaque', 6874)
GO
INSERT INTO ExternalTexts (TextName, TextValue, TextID)
VALUES('club_thanks_title', 'Congratulations! You are now a member of Thor Club.', 6875)
GO
INSERT INTO ExternalTexts (TextName, TextValue, TextID)
VALUES('pet_race_0_019', 'Tiny Terrier', 6876)
GO
INSERT INTO ExternalTexts (TextName, TextValue, TextID)
VALUES('pet_race_0_018', 'Bushy Woofer', 6877)
GO
INSERT INTO ExternalTexts (TextName, TextValue, TextID)
VALUES('furni_divider_nor5_desc', 'Cool cornering for your crib y0!', 6878)
GO
INSERT INTO ExternalTexts (TextName, TextValue, TextID)
VALUES('pet_race_0_017', 'Speckled Sheepdog', 6879)
GO
INSERT INTO ExternalTexts (TextName, TextValue, TextID)
VALUES('pet_race_0_016', 'Murmurin'' Minimastiff', 6880)
GO
INSERT INTO ExternalTexts (TextName, TextValue, TextID)
VALUES('pet_race_0_015', 'Pixie Poodle', 6881)
GO
INSERT INTO ExternalTexts (TextName, TextValue, TextID)
VALUES('furni_glass_table*2_desc', 'Translucent beauty', 6882)
GO
INSERT INTO ExternalTexts (TextName, TextValue, TextID)
VALUES('gs_4teams', '4 Team Game', 6883)
GO
INSERT INTO ExternalTexts (TextName, TextValue, TextID)
VALUES('pet_race_0_014', 'Whiffy Woofy', 6884)
GO
INSERT INTO ExternalTexts (TextName, TextValue, TextID)
VALUES('pet_race_0_013', 'Mangy Mutt', 6885)
GO
INSERT INTO ExternalTexts (TextName, TextValue, TextID)
VALUES('poster_517_name', 'The Scottish flag', 6886)
GO
INSERT INTO ExternalTexts (TextName, TextValue, TextID)
VALUES('pet_race_0_012', 'Tawny Bleugh', 6887)
GO
INSERT INTO ExternalTexts (TextName, TextValue, TextID)
VALUES('pet_race_0_011', 'Lappy Lassie', 6888)
GO
INSERT INTO ExternalTexts (TextName, TextValue, TextID)
VALUES('console_usersnotfound', 'Player Not Found', 6889)
GO
INSERT INTO ExternalTexts (TextName, TextValue, TextID)
VALUES('pet_race_0_010', 'Furry McScottie', 6890)
GO
INSERT INTO ExternalTexts (TextName, TextValue, TextID)
VALUES('poster_21_desc', 'See that halo gleam!', 6891)
GO
INSERT INTO ExternalTexts (TextName, TextValue, TextID)
VALUES('furni_mocchamaster_name', 'Mochamaster', 6892)
GO
INSERT INTO ExternalTexts (TextName, TextValue, TextID)
VALUES('furni_safe_silo*7_name', 'Green Safe Minibar', 6893)
GO
INSERT INTO ExternalTexts (TextName, TextValue, TextID)
VALUES('furni_queue_tile1*1_desc', 'The power of movement', 6894)
GO
INSERT INTO ExternalTexts (TextName, TextValue, TextID)
VALUES('club_confirm_title', 'You are about to subscribe to Thor Club. Wise choice!', 6895)
GO
INSERT INTO ExternalTexts (TextName, TextValue, TextID)
VALUES('nav_venue_cunning_fox_gamehall/3_name', 'Batleships', 6896)
GO
INSERT INTO ExternalTexts (TextName, TextValue, TextID)
VALUES('reg_verification_incorrectPassword', 'Your password was incorrect', 6897)
GO
INSERT INTO ExternalTexts (TextName, TextValue, TextID)
VALUES('furni_prizetrophy5*2_desc', 'Shiny silver', 6898)
GO
INSERT INTO ExternalTexts (TextName, TextValue, TextID)
VALUES('furni_glass_table*9_name', 'Glass table', 6899)
GO
INSERT INTO ExternalTexts (TextName, TextValue, TextID)
VALUES('poster_28_name', 'Tinsel (silver)', 6900)
GO
INSERT INTO ExternalTexts (TextName, TextValue, TextID)
VALUES('club_desc_1_period', '1 Month (31 days) ', 6901)
GO
INSERT INTO ExternalTexts (TextName, TextValue, TextID)
VALUES('furni_wooden_screen*0_name', 'White Oriental Screen', 6902)
GO
INSERT INTO ExternalTexts (TextName, TextValue, TextID)
VALUES('furni_queue_tile1*8_name', 'Navy Roller', 6903)
GO
INSERT INTO ExternalTexts (TextName, TextValue, TextID)
VALUES('room_cant_trade', 'You cannot trade this!', 6904)
GO
INSERT INTO ExternalTexts (TextName, TextValue, TextID)
VALUES('nav_venue_sun_terrace/0_desc', 'For lazy afternoons and super tan treatment!', 6905)
GO

-- Disable identity insert
SET IDENTITY_INSERT ExternalTexts OFF
GO



-- Dumping data for table 'ExternalVars'
--

-- Enable identity insert
SET IDENTITY_INSERT ExternalVars ON
GO

INSERT INTO ExternalVars (VarName, VarValue, VarId)
VALUES('navigator.private.default', '4', 1)
GO
INSERT INTO ExternalVars (VarName, VarValue, VarId)
VALUES('room.cast.small.5', 'hh_pets_50', 2)
GO
INSERT INTO ExternalVars (VarName, VarValue, VarId)
VALUES('interface.cmds.item.ctrl', '[]', 3)
GO
INSERT INTO ExternalVars (VarName, VarValue, VarId)
VALUES('room.cast.small.4', 'hh_furni_special_50', 4)
GO
INSERT INTO ExternalVars (VarName, VarValue, VarId)
VALUES('room.cast.small.3', 'hh_furni_drken_50', 5)
GO
INSERT INTO ExternalVars (VarName, VarValue, VarId)
VALUES('room.cast.small.2', 'hh_furni_armas_50', 6)
GO
INSERT INTO ExternalVars (VarName, VarValue, VarId)
VALUES('cast.entry.9', ' hh_kiosk_room', 7)
GO
INSERT INTO ExternalVars (VarName, VarValue, VarId)
VALUES('interface.cmds.active.owner', '["move","rotate","pick"]', 8)
GO
INSERT INTO ExternalVars (VarName, VarValue, VarId)
VALUES('room.cast.small.1', 'hh_furni_items_50', 9)
GO
INSERT INTO ExternalVars (VarName, VarValue, VarId)
VALUES('cast.entry.8', ' hh_people_2', 10)
GO
INSERT INTO ExternalVars (VarName, VarValue, VarId)
VALUES('moderator.cmds', '[":alert x",":ban x",":kick x",":superban x",":shutup x",":unmute x",":transfer x",":softkick x"]', 11)
GO
INSERT INTO ExternalVars (VarName, VarValue, VarId)
VALUES('cast.entry.7', ' hh_people_1', 12)
GO
INSERT INTO ExternalVars (VarName, VarValue, VarId)
VALUES('cast.entry.6', ' hh_registrat', 13)
GO
INSERT INTO ExternalVars (VarName, VarValue, VarId)
VALUES('cast.entry.5', ' hh_messenger', 14)
GO
INSERT INTO ExternalVars (VarName, VarValue, VarId)
VALUES('cast.entry.4', ' hh_entry', 15)
GO
INSERT INTO ExternalVars (VarName, VarValue, VarId)
VALUES('cast.entry.3', ' hh_shared', 16)
GO
INSERT INTO ExternalVars (VarName, VarValue, VarId)
VALUES('client.window.title', 'Thor Client', 17)
GO
INSERT INTO ExternalVars (VarName, VarValue, VarId)
VALUES('cast.entry.2', ' hh_patch_uk', 18)
GO
INSERT INTO ExternalVars (VarName, VarValue, VarId)
VALUES('image.library.url', 'http://www.script-o-matic.net/thor/images', 19)
GO
INSERT INTO ExternalVars (VarName, VarValue, VarId)
VALUES('cast.entry.1', ' hh_interface', 20)
GO
INSERT INTO ExternalVars (VarName, VarValue, VarId)
VALUES('interface.cmds.photo.owner', '["pick","delete"]', 21)
GO
INSERT INTO ExternalVars (VarName, VarValue, VarId)
VALUES('interstitial.max.displays', '5', 22)
GO
INSERT INTO ExternalVars (VarName, VarValue, VarId)
VALUES('navigator.visible.public.root', '3', 23)
GO
INSERT INTO ExternalVars (VarName, VarValue, VarId)
VALUES('cast.entry.15', 'hh_purse', 24)
GO
INSERT INTO ExternalVars (VarName, VarValue, VarId)
VALUES('cast.entry.14', 'hh_navigator', 25)
GO
INSERT INTO ExternalVars (VarName, VarValue, VarId)
VALUES('cast.entry.13', 'hh_entry_no', 26)
GO
INSERT INTO ExternalVars (VarName, VarValue, VarId)
VALUES('cast.entry.12', 'hh_photo', 27)
GO
INSERT INTO ExternalVars (VarName, VarValue, VarId)
VALUES('cast.entry.11', 'hh_club', 28)
GO
INSERT INTO ExternalVars (VarName, VarValue, VarId)
VALUES('cast.entry.10', 'hh_room', 29)
GO
INSERT INTO ExternalVars (VarName, VarValue, VarId)
VALUES('interface.cmds.item.owner', '["pick"]', 30)
GO
INSERT INTO ExternalVars (VarName, VarValue, VarId)
VALUES('interface.cmds.user.owner', '["take_rights","give_rights","kick","friend","trade","ignore","unignore"]', 31)
GO
INSERT INTO ExternalVars (VarName, VarValue, VarId)
VALUES('language', 'en', 32)
GO
INSERT INTO ExternalVars (VarName, VarValue, VarId)
VALUES('swimjump.key.list', '[#run1:"A", #run2:"D", #dive1:"W", #dive2:"E", #dive3:"A", #dive4:"S", #dive5:"D", #dive6:"Z", #dive7:"X", #jump:"SPACE"]', 33)
GO
INSERT INTO ExternalVars (VarName, VarValue, VarId)
VALUES('room.cast.private', '["hh_room_private"]', 34)
GO
INSERT INTO ExternalVars (VarName, VarValue, VarId)
VALUES('client.version.id', '401', 35)
GO
INSERT INTO ExternalVars (VarName, VarValue, VarId)
VALUES('room.cast.9', 'hh_cat_gfx_all', 36)
GO
INSERT INTO ExternalVars (VarName, VarValue, VarId)
VALUES('room.cast.8', 'hh_cat_code', 37)
GO
INSERT INTO ExternalVars (VarName, VarValue, VarId)
VALUES('room.cast.7', 'hh_furni_special', 38)
GO
INSERT INTO ExternalVars (VarName, VarValue, VarId)
VALUES('room.cast.6', 'hh_furni_drken', 39)
GO
INSERT INTO ExternalVars (VarName, VarValue, VarId)
VALUES('room.cast.5', 'hh_furni_armas', 40)
GO
INSERT INTO ExternalVars (VarName, VarValue, VarId)
VALUES('permitted.name.chars', '1234567890qwertyuiopasdfghjklzxcvbnm-', 41)
GO
INSERT INTO ExternalVars (VarName, VarValue, VarId)
VALUES('room.cast.4', 'hh_furni_small', 42)
GO
INSERT INTO ExternalVars (VarName, VarValue, VarId)
VALUES('room.cast.3', 'hh_furni_items', 43)
GO
INSERT INTO ExternalVars (VarName, VarValue, VarId)
VALUES('room.cast.2', 'hh_people_small_2', 44)
GO
INSERT INTO ExternalVars (VarName, VarValue, VarId)
VALUES('room.cast.1', 'hh_people_small_1', 45)
GO
INSERT INTO ExternalVars (VarName, VarValue, VarId)
VALUES('interface.cmds.user.personal', '["badge","dance","wave","hcdance"]', 46)
GO
INSERT INTO ExternalVars (VarName, VarValue, VarId)
VALUES('room.cast.10', 'hh_pets', 47)
GO
INSERT INTO ExternalVars (VarName, VarValue, VarId)
VALUES('interface.cmds.user.friend', '["friend","trade","ignore","unignore"]', 48)
GO
INSERT INTO ExternalVars (VarName, VarValue, VarId)
VALUES('room.default.wall', '201', 49)
GO
INSERT INTO ExternalVars (VarName, VarValue, VarId)
VALUES('struct.font.tooltip ', '[#font:"v", #fontSize:9,#lineHeight:10,#color:rgb("#000000"),#ilk:#struct,#fontStyle:[#plain]]', 50)
GO
INSERT INTO ExternalVars (VarName, VarValue, VarId)
VALUES('fuse.project.id', 'habbo_uk', 51)
GO
INSERT INTO ExternalVars (VarName, VarValue, VarId)
VALUES('interface.cmds.user.ctrl', '["kick","friend","trade","ignore","unignore"]', 52)
GO
INSERT INTO ExternalVars (VarName, VarValue, VarId)
VALUES('interface.cmds.photo.ctrl', '[]', 53)
GO
INSERT INTO ExternalVars (VarName, VarValue, VarId)
VALUES('navigator.public.default', '3', 54)
GO
INSERT INTO ExternalVars (VarName, VarValue, VarId)
VALUES('struct.font.link    ', '[#font:"v", #fontSize:9,#lineHeight:10,#color:rgb("#000000"),#ilk:#struct,#fontStyle:[#underline]]', 55)
GO
INSERT INTO ExternalVars (VarName, VarValue, VarId)
VALUES('struct.font.italic  ', '[#font:"v", #fontSize:9,#lineHeight:10,#color:rgb("#000000"),#ilk:#struct,#fontStyle:[#italic]]', 56)
GO
INSERT INTO ExternalVars (VarName, VarValue, VarId)
VALUES('navigator.visible.private.root', '4', 57)
GO
INSERT INTO ExternalVars (VarName, VarValue, VarId)
VALUES('paalu.key.list', '[#bal1:"Q", #bal2:"E", #push1:"A", #push2:"D", #move1:"N", #move2:"M", #stabilise:"SPACE"]', 58)
GO
INSERT INTO ExternalVars (VarName, VarValue, VarId)
VALUES('interstitial_ad_show_delay', '5000', 59)
GO
INSERT INTO ExternalVars (VarName, VarValue, VarId)
VALUES('struct.font.bold    ', '[#font:"vb",#fontSize:9,#lineHeight:10,#color:rgb("#000000"),#ilk:#struct,#fontStyle:[#plain]]', 60)
GO
INSERT INTO ExternalVars (VarName, VarValue, VarId)
VALUES('interface.cmds.active.ctrl', '["move","rotate"]', 61)
GO
INSERT INTO ExternalVars (VarName, VarValue, VarId)
VALUES('purse.transactions.active', '1', 62)
GO
INSERT INTO ExternalVars (VarName, VarValue, VarId)
VALUES('room.default.floor', '111', 63)
GO
INSERT INTO ExternalVars (VarName, VarValue, VarId)
VALUES('struct.font.plain   ', '[#font:"v", #fontSize:9,#lineHeight:10,#color:rgb("#000000"),#ilk:#struct,#fontStyle:[#plain]]', 64)
GO
INSERT INTO ExternalVars (VarName, VarValue, VarId)
VALUES('external.figurepartlist.txt', 'http://asgard/thor/figure.txt', 65)
GO

-- Disable identity insert
SET IDENTITY_INSERT ExternalVars OFF
GO


-- Dumping data for table 'FurniDefinitions'
--

-- Enable identity insert
SET IDENTITY_INSERT FurniDefinitions ON
GO

INSERT INTO FurniDefinitions (FurniDefinitionID, Sprite, Flags, W, L, Col, HeightOffset, HandType, VarType, ActionHeight, CanTrade, PublicFurni)
VALUES(1, 'spyro', 'M', 1, 1, '0,0,0', 0.0, 'S', 0, 0.0, 1, 0)
GO
INSERT INTO FurniDefinitions (FurniDefinitionID, Sprite, Flags, W, L, Col, HeightOffset, HandType, VarType, ActionHeight, CanTrade, PublicFurni)
VALUES(2, 'bardeskcorner_polyfon', 'MO', 1, 1, '0,0,0', 1.0, 'S', 0, 0.0, 1, 0)
GO
INSERT INTO FurniDefinitions (FurniDefinitionID, Sprite, Flags, W, L, Col, HeightOffset, HandType, VarType, ActionHeight, CanTrade, PublicFurni)
VALUES(3, 'sofachair_polyfon', 'SM', 1, 1, '0,0,0', 0.0, 'S', 0, 1.2, 1, 0)
GO
INSERT INTO FurniDefinitions (FurniDefinitionID, Sprite, Flags, W, L, Col, HeightOffset, HandType, VarType, ActionHeight, CanTrade, PublicFurni)
VALUES(4, 'poster', 'V', 0, 0, '24', 0.0, 'I', 0, 0.0, 1, 0)
GO
INSERT INTO FurniDefinitions (FurniDefinitionID, Sprite, Flags, W, L, Col, HeightOffset, HandType, VarType, ActionHeight, CanTrade, PublicFurni)
VALUES(5, 'bar_polyfon', 'M', 1, 1, '0,0,0', 0.0, 'S', 1, 0.0, 1, 0)
GO
INSERT INTO FurniDefinitions (FurniDefinitionID, Sprite, Flags, W, L, Col, HeightOffset, HandType, VarType, ActionHeight, CanTrade, PublicFurni)
VALUES(6, 'bardesk_polyfon', 'MO', 2, 1, '0,0,0', 1.0, 'S', 0, 0.0, 1, 0)
GO
INSERT INTO FurniDefinitions (FurniDefinitionID, Sprite, Flags, W, L, Col, HeightOffset, HandType, VarType, ActionHeight, CanTrade, PublicFurni)
VALUES(8, 'sofa_polyfon', 'SM', 2, 1, '0,0,0', 0.0, 'S', 0, 1.2, 1, 0)
GO
INSERT INTO FurniDefinitions (FurniDefinitionID, Sprite, Flags, W, L, Col, HeightOffset, HandType, VarType, ActionHeight, CanTrade, PublicFurni)
VALUES(9, 'bed_polyfon', 'LT', 2, 3, '0,0,0', 0.0, 'S', 0, 1.6, 1, 0)
GO
INSERT INTO FurniDefinitions (FurniDefinitionID, Sprite, Flags, W, L, Col, HeightOffset, HandType, VarType, ActionHeight, CanTrade, PublicFurni)
VALUES(10, 'bed_polyfon_one', 'LT', 1, 3, '0,0,0', 0.0, 'S', 0, 1.6, 1, 0)
GO
INSERT INTO FurniDefinitions (FurniDefinitionID, Sprite, Flags, W, L, Col, HeightOffset, HandType, VarType, ActionHeight, CanTrade, PublicFurni)
VALUES(11, 'divider_poly3', 'M', 1, 1, '0,0,0', 0.0, 'S', 2, 0.0, 1, 0)
GO
INSERT INTO FurniDefinitions (FurniDefinitionID, Sprite, Flags, W, L, Col, HeightOffset, HandType, VarType, ActionHeight, CanTrade, PublicFurni)
VALUES(13, 'queue_tile1*3', 'OPR', 1, 1, '#ffffff,#6ED0A7,#ffffff,#ffffff', 0.45, 'S', 0, 0.0, 1, 0)
GO
INSERT INTO FurniDefinitions (FurniDefinitionID, Sprite, Flags, W, L, Col, HeightOffset, HandType, VarType, ActionHeight, CanTrade, PublicFurni)
VALUES(15, 'edice', 'M', 1, 1, '0,0,0', 0.0, 'S', 3, 0.0, 1, 0)
GO
INSERT INTO FurniDefinitions (FurniDefinitionID, Sprite, Flags, W, L, Col, HeightOffset, HandType, VarType, ActionHeight, CanTrade, PublicFurni)
VALUES(16, 'door', 'MZX', 1, 1, '0,0,0', 0.0, 'S', 1, 0.0, 1, 0)
GO
INSERT INTO FurniDefinitions (FurniDefinitionID, Sprite, Flags, W, L, Col, HeightOffset, HandType, VarType, ActionHeight, CanTrade, PublicFurni)
VALUES(17, 'throne', 'SM', 1, 1, '0,0,0', 0.0, 'S', 0, 1.0, 1, 0)
GO
INSERT INTO FurniDefinitions (FurniDefinitionID, Sprite, Flags, W, L, Col, HeightOffset, HandType, VarType, ActionHeight, CanTrade, PublicFurni)
VALUES(18, 'mocchamaster', 'M', 1, 1, '0,0,0', 0.0, 'S', 0, 0.0, 1, 0)
GO
INSERT INTO FurniDefinitions (FurniDefinitionID, Sprite, Flags, W, L, Col, HeightOffset, HandType, VarType, ActionHeight, CanTrade, PublicFurni)
VALUES(19, 'prize2', 'M', 1, 1, '0,0,0', 0.0, 'S', 0, 0.0, 1, 0)
GO
INSERT INTO FurniDefinitions (FurniDefinitionID, Sprite, Flags, W, L, Col, HeightOffset, HandType, VarType, ActionHeight, CanTrade, PublicFurni)
VALUES(22, 'post.it', 'VN', 0, 0, 'FFFF33', 0.0, 'I', 0, 0.0, 1, 0)
GO
INSERT INTO FurniDefinitions (FurniDefinitionID, Sprite, Flags, W, L, Col, HeightOffset, HandType, VarType, ActionHeight, CanTrade, PublicFurni)
VALUES(23, 'post.it', 'VN', 0, 0, 'FF9CFF', 0.0, 'I', 0, 0.0, 1, 0)
GO
INSERT INTO FurniDefinitions (FurniDefinitionID, Sprite, Flags, W, L, Col, HeightOffset, HandType, VarType, ActionHeight, CanTrade, PublicFurni)
VALUES(24, 'post.it', 'VN', 0, 0, '9CFF9C', 0.0, 'I', 0, 0.0, 1, 0)
GO
INSERT INTO FurniDefinitions (FurniDefinitionID, Sprite, Flags, W, L, Col, HeightOffset, HandType, VarType, ActionHeight, CanTrade, PublicFurni)
VALUES(25, 'post.it', 'VN', 0, 0, '9CCEFF', 0.0, 'I', 0, 0.0, 1, 0)
GO
INSERT INTO FurniDefinitions (FurniDefinitionID, Sprite, Flags, W, L, Col, HeightOffset, HandType, VarType, ActionHeight, CanTrade, PublicFurni)
VALUES(26, 'wallpaper', 'VD', 0, 0, '0', 0.0, 'I', 0, 0.0, 1, 0)
GO
INSERT INTO FurniDefinitions (FurniDefinitionID, Sprite, Flags, W, L, Col, HeightOffset, HandType, VarType, ActionHeight, CanTrade, PublicFurni)
VALUES(27, 'floor', 'VD', 0, 0, '0', 0.0, 'I', 0, 0.0, 1, 0)
GO
INSERT INTO FurniDefinitions (FurniDefinitionID, Sprite, Flags, W, L, Col, HeightOffset, HandType, VarType, ActionHeight, CanTrade, PublicFurni)
VALUES(70, 'crl_lamp', ' ', 1, 1, '0,0,0', 0.0, 'P', 0, 0.0, 0, 1)
GO
INSERT INTO FurniDefinitions (FurniDefinitionID, Sprite, Flags, W, L, Col, HeightOffset, HandType, VarType, ActionHeight, CanTrade, PublicFurni)
VALUES(71, 'crl_sofa2c', 'S', 1, 1, '0', 0.0, 'S', 0, 1.0, 0, 1)
GO
INSERT INTO FurniDefinitions (FurniDefinitionID, Sprite, Flags, W, L, Col, HeightOffset, HandType, VarType, ActionHeight, CanTrade, PublicFurni)
VALUES(72, 'crl_sofa2b', 'S', 1, 1, '0', 0.0, 'S', 0, 1.0, 0, 1)
GO
INSERT INTO FurniDefinitions (FurniDefinitionID, Sprite, Flags, W, L, Col, HeightOffset, HandType, VarType, ActionHeight, CanTrade, PublicFurni)
VALUES(73, 'crl_sofa2a', 'S', 1, 1, '0', 0.0, 'S', 0, 1.0, 0, 1)
GO
INSERT INTO FurniDefinitions (FurniDefinitionID, Sprite, Flags, W, L, Col, HeightOffset, HandType, VarType, ActionHeight, CanTrade, PublicFurni)
VALUES(74, 'crl_chair', 'S', 1, 1, '0', 0.0, 'S', 0, 1.0, 0, 1)
GO
INSERT INTO FurniDefinitions (FurniDefinitionID, Sprite, Flags, W, L, Col, HeightOffset, HandType, VarType, ActionHeight, CanTrade, PublicFurni)
VALUES(75, 'crl_pillar', ' ', 1, 1, '0', 0.0, 'S', 0, 0.0, 0, 1)
GO
INSERT INTO FurniDefinitions (FurniDefinitionID, Sprite, Flags, W, L, Col, HeightOffset, HandType, VarType, ActionHeight, CanTrade, PublicFurni)
VALUES(76, 'crl_table1b', ' ', 1, 1, '0', 0.0, 'S', 0, 0.0, 0, 1)
GO
INSERT INTO FurniDefinitions (FurniDefinitionID, Sprite, Flags, W, L, Col, HeightOffset, HandType, VarType, ActionHeight, CanTrade, PublicFurni)
VALUES(77, 'crl_sofa1c', 'S', 1, 1, '0', 0.0, 'S', 0, 1.0, 0, 1)
GO
INSERT INTO FurniDefinitions (FurniDefinitionID, Sprite, Flags, W, L, Col, HeightOffset, HandType, VarType, ActionHeight, CanTrade, PublicFurni)
VALUES(78, 'crl_table2b', ' ', 1, 1, '0', 0.0, 'S', 0, 0.0, 0, 1)
GO
INSERT INTO FurniDefinitions (FurniDefinitionID, Sprite, Flags, W, L, Col, HeightOffset, HandType, VarType, ActionHeight, CanTrade, PublicFurni)
VALUES(79, 'crl_table2a', ' ', 1, 1, '0', 0.0, 'S', 0, 0.0, 0, 1)
GO
INSERT INTO FurniDefinitions (FurniDefinitionID, Sprite, Flags, W, L, Col, HeightOffset, HandType, VarType, ActionHeight, CanTrade, PublicFurni)
VALUES(80, 'crl_table1a', ' ', 1, 1, '0', 0.0, 'S', 0, 0.0, 0, 1)
GO
INSERT INTO FurniDefinitions (FurniDefinitionID, Sprite, Flags, W, L, Col, HeightOffset, HandType, VarType, ActionHeight, CanTrade, PublicFurni)
VALUES(81, 'crl_sofa1b', 'S', 1, 1, '0', 0.0, 'S', 0, 1.0, 0, 1)
GO
INSERT INTO FurniDefinitions (FurniDefinitionID, Sprite, Flags, W, L, Col, HeightOffset, HandType, VarType, ActionHeight, CanTrade, PublicFurni)
VALUES(82, 'crl_wall2a', ' ', 1, 1, '0', 0.0, 'S', 0, 0.0, 0, 1)
GO
INSERT INTO FurniDefinitions (FurniDefinitionID, Sprite, Flags, W, L, Col, HeightOffset, HandType, VarType, ActionHeight, CanTrade, PublicFurni)
VALUES(83, 'crl_sofa1a', 'S', 1, 1, '0', 0.0, 'S', 0, 1.0, 0, 1)
GO
INSERT INTO FurniDefinitions (FurniDefinitionID, Sprite, Flags, W, L, Col, HeightOffset, HandType, VarType, ActionHeight, CanTrade, PublicFurni)
VALUES(84, 'crl_sofa3c', 'S', 1, 1, '0', 0.0, 'S', 0, 1.0, 0, 1)
GO
INSERT INTO FurniDefinitions (FurniDefinitionID, Sprite, Flags, W, L, Col, HeightOffset, HandType, VarType, ActionHeight, CanTrade, PublicFurni)
VALUES(85, 'crl_sofa3b', 'S', 1, 1, '0', 0.0, 'S', 0, 1.0, 0, 1)
GO
INSERT INTO FurniDefinitions (FurniDefinitionID, Sprite, Flags, W, L, Col, HeightOffset, HandType, VarType, ActionHeight, CanTrade, PublicFurni)
VALUES(86, 'crl_sofa3a', 'S', 1, 1, '0', 0.0, 'S', 0, 1.0, 0, 1)
GO
INSERT INTO FurniDefinitions (FurniDefinitionID, Sprite, Flags, W, L, Col, HeightOffset, HandType, VarType, ActionHeight, CanTrade, PublicFurni)
VALUES(87, 'crl_barchair2', 'S', 1, 1, '0', 0.0, 'S', 0, 1.0, 0, 1)
GO
INSERT INTO FurniDefinitions (FurniDefinitionID, Sprite, Flags, W, L, Col, HeightOffset, HandType, VarType, ActionHeight, CanTrade, PublicFurni)
VALUES(88, 'crl_tablebar', ' ', 1, 1, '0', 0.0, 'S', 0, 0.0, 0, 1)
GO
INSERT INTO FurniDefinitions (FurniDefinitionID, Sprite, Flags, W, L, Col, HeightOffset, HandType, VarType, ActionHeight, CanTrade, PublicFurni)
VALUES(89, 'crl_pillar2', ' ', 1, 1, '0', 0.0, 'S', 0, 0.0, 0, 1)
GO
INSERT INTO FurniDefinitions (FurniDefinitionID, Sprite, Flags, W, L, Col, HeightOffset, HandType, VarType, ActionHeight, CanTrade, PublicFurni)
VALUES(90, 'crl_desk1a', ' ', 1, 1, '0', 0.0, 'S', 0, 0.0, 0, 1)
GO
INSERT INTO FurniDefinitions (FurniDefinitionID, Sprite, Flags, W, L, Col, HeightOffset, HandType, VarType, ActionHeight, CanTrade, PublicFurni)
VALUES(91, 'crl_deski', ' ', 1, 1, '0', 0.0, 'S', 0, 0.0, 0, 1)
GO
INSERT INTO FurniDefinitions (FurniDefinitionID, Sprite, Flags, W, L, Col, HeightOffset, HandType, VarType, ActionHeight, CanTrade, PublicFurni)
VALUES(92, 'crl_deskh', ' ', 1, 1, '0', 0.0, 'S', 0, 0.0, 0, 1)
GO
INSERT INTO FurniDefinitions (FurniDefinitionID, Sprite, Flags, W, L, Col, HeightOffset, HandType, VarType, ActionHeight, CanTrade, PublicFurni)
VALUES(93, 'crl_deskg', ' ', 1, 1, '0', 0.0, 'S', 0, 0.0, 0, 1)
GO
INSERT INTO FurniDefinitions (FurniDefinitionID, Sprite, Flags, W, L, Col, HeightOffset, HandType, VarType, ActionHeight, CanTrade, PublicFurni)
VALUES(94, 'crl_deskf', ' ', 1, 1, '0', 0.0, 'S', 0, 0.0, 0, 1)
GO
INSERT INTO FurniDefinitions (FurniDefinitionID, Sprite, Flags, W, L, Col, HeightOffset, HandType, VarType, ActionHeight, CanTrade, PublicFurni)
VALUES(95, 'crl_deske', ' ', 1, 1, '0', 0.0, 'S', 0, 0.0, 0, 1)
GO
INSERT INTO FurniDefinitions (FurniDefinitionID, Sprite, Flags, W, L, Col, HeightOffset, HandType, VarType, ActionHeight, CanTrade, PublicFurni)
VALUES(96, 'crl_wallb', ' ', 1, 1, '0', 0.0, 'S', 0, 0.0, 0, 1)
GO
INSERT INTO FurniDefinitions (FurniDefinitionID, Sprite, Flags, W, L, Col, HeightOffset, HandType, VarType, ActionHeight, CanTrade, PublicFurni)
VALUES(97, 'crl_walla', ' ', 1, 1, '0', 0.0, 'S', 0, 0.0, 0, 1)
GO
INSERT INTO FurniDefinitions (FurniDefinitionID, Sprite, Flags, W, L, Col, HeightOffset, HandType, VarType, ActionHeight, CanTrade, PublicFurni)
VALUES(98, 'crl_desk1b', ' ', 1, 1, '0', 0.0, 'S', 0, 0.0, 0, 1)
GO
INSERT INTO FurniDefinitions (FurniDefinitionID, Sprite, Flags, W, L, Col, HeightOffset, HandType, VarType, ActionHeight, CanTrade, PublicFurni)
VALUES(99, 'crl_desk1c', ' ', 1, 1, '0', 0.0, 'S', 0, 0.0, 0, 1)
GO
INSERT INTO FurniDefinitions (FurniDefinitionID, Sprite, Flags, W, L, Col, HeightOffset, HandType, VarType, ActionHeight, CanTrade, PublicFurni)
VALUES(100, 'crl_desk1d', ' ', 1, 1, '0', 0.0, 'S', 0, 0.0, 0, 1)
GO
INSERT INTO FurniDefinitions (FurniDefinitionID, Sprite, Flags, W, L, Col, HeightOffset, HandType, VarType, ActionHeight, CanTrade, PublicFurni)
VALUES(101, 'crl_lamp2', ' ', 1, 1, '0', 0.0, 'S', 0, 0.0, 0, 1)
GO
INSERT INTO FurniDefinitions (FurniDefinitionID, Sprite, Flags, W, L, Col, HeightOffset, HandType, VarType, ActionHeight, CanTrade, PublicFurni)
VALUES(102, 'crl_cabinet2', ' ', 1, 1, '0', 0.0, 'S', 0, 0.0, 0, 1)
GO
INSERT INTO FurniDefinitions (FurniDefinitionID, Sprite, Flags, W, L, Col, HeightOffset, HandType, VarType, ActionHeight, CanTrade, PublicFurni)
VALUES(103, 'crl_cabinet1', ' ', 1, 1, '0', 0.0, 'S', 0, 0.0, 0, 1)
GO
INSERT INTO FurniDefinitions (FurniDefinitionID, Sprite, Flags, W, L, Col, HeightOffset, HandType, VarType, ActionHeight, CanTrade, PublicFurni)
VALUES(104, 'libchair', 'S', 1, 0, '0', 0.0, 'S', 0, 1.0, 0, 1)
GO
INSERT INTO FurniDefinitions (FurniDefinitionID, Sprite, Flags, W, L, Col, HeightOffset, HandType, VarType, ActionHeight, CanTrade, PublicFurni)
VALUES(105, 'libstool', 'S', 1, 0, '0', 0.0, 'S', 0, 1.0, 0, 1)
GO
INSERT INTO FurniDefinitions (FurniDefinitionID, Sprite, Flags, W, L, Col, HeightOffset, HandType, VarType, ActionHeight, CanTrade, PublicFurni)
VALUES(106, 'umbrella2', ' ', 1, 0, '0', 0.0, 'S', 0, 0.0, 0, 1)
GO
INSERT INTO FurniDefinitions (FurniDefinitionID, Sprite, Flags, W, L, Col, HeightOffset, HandType, VarType, ActionHeight, CanTrade, PublicFurni)
VALUES(107, 'pool_2sofa2', 'S', 1, 0, '0', 0.0, 'S', 0, 1.0, 0, 1)
GO
INSERT INTO FurniDefinitions (FurniDefinitionID, Sprite, Flags, W, L, Col, HeightOffset, HandType, VarType, ActionHeight, CanTrade, PublicFurni)
VALUES(108, 'pool_2sofa1', 'S', 1, 0, '0', 0.0, 'S', 0, 1.0, 0, 1)
GO
INSERT INTO FurniDefinitions (FurniDefinitionID, Sprite, Flags, W, L, Col, HeightOffset, HandType, VarType, ActionHeight, CanTrade, PublicFurni)
VALUES(109, 'pool_chair2', 'S', 1, 0, '0', 0.0, 'S', 0, 1.0, 0, 1)
GO
INSERT INTO FurniDefinitions (FurniDefinitionID, Sprite, Flags, W, L, Col, HeightOffset, HandType, VarType, ActionHeight, CanTrade, PublicFurni)
VALUES(110, 'pool_table2', ' ', 1, 0, '0', 0.0, 'S', 0, 0.0, 0, 1)
GO
INSERT INTO FurniDefinitions (FurniDefinitionID, Sprite, Flags, W, L, Col, HeightOffset, HandType, VarType, ActionHeight, CanTrade, PublicFurni)
VALUES(111, 'flower2b', ' ', 1, 0, '0', 0.0, 'S', 0, 0.0, 0, 1)
GO
INSERT INTO FurniDefinitions (FurniDefinitionID, Sprite, Flags, W, L, Col, HeightOffset, HandType, VarType, ActionHeight, CanTrade, PublicFurni)
VALUES(112, 'flower2a', ' ', 1, 0, '0', 0.0, 'S', 0, 0.0, 0, 1)
GO
INSERT INTO FurniDefinitions (FurniDefinitionID, Sprite, Flags, W, L, Col, HeightOffset, HandType, VarType, ActionHeight, CanTrade, PublicFurni)
VALUES(113, 'box', ' ', 1, 0, '0', 0.0, 'S', 0, 0.0, 0, 1)
GO
INSERT INTO FurniDefinitions (FurniDefinitionID, Sprite, Flags, W, L, Col, HeightOffset, HandType, VarType, ActionHeight, CanTrade, PublicFurni)
VALUES(114, 'flower1', ' ', 1, 0, '0', 0.0, 'S', 0, 0.0, 0, 1)
GO
INSERT INTO FurniDefinitions (FurniDefinitionID, Sprite, Flags, W, L, Col, HeightOffset, HandType, VarType, ActionHeight, CanTrade, PublicFurni)
VALUES(115, 'pool_chairy', 'S', 1, 0, '0', 0.0, 'S', 0, 1.0, 0, 1)
GO
INSERT INTO FurniDefinitions (FurniDefinitionID, Sprite, Flags, W, L, Col, HeightOffset, HandType, VarType, ActionHeight, CanTrade, PublicFurni)
VALUES(116, 'umbrellay', ' ', 1, 0, '0', 0.0, 'S', 0, 0.0, 0, 1)
GO
INSERT INTO FurniDefinitions (FurniDefinitionID, Sprite, Flags, W, L, Col, HeightOffset, HandType, VarType, ActionHeight, CanTrade, PublicFurni)
VALUES(117, 'pool_tabley', ' ', 1, 0, '0', 0.0, 'S', 0, 0.0, 0, 1)
GO
INSERT INTO FurniDefinitions (FurniDefinitionID, Sprite, Flags, W, L, Col, HeightOffset, HandType, VarType, ActionHeight, CanTrade, PublicFurni)
VALUES(118, 'umbrellap', ' ', 1, 0, '0', 0.0, 'S', 0, 0.0, 0, 1)
GO
INSERT INTO FurniDefinitions (FurniDefinitionID, Sprite, Flags, W, L, Col, HeightOffset, HandType, VarType, ActionHeight, CanTrade, PublicFurni)
VALUES(119, 'umbrellao', ' ', 1, 0, '0', 0.0, 'S', 0, 0.0, 0, 1)
GO
INSERT INTO FurniDefinitions (FurniDefinitionID, Sprite, Flags, W, L, Col, HeightOffset, HandType, VarType, ActionHeight, CanTrade, PublicFurni)
VALUES(120, 'pool_chairp', 'S', 1, 0, '0', 0.0, 'S', 0, 1.0, 0, 1)
GO
INSERT INTO FurniDefinitions (FurniDefinitionID, Sprite, Flags, W, L, Col, HeightOffset, HandType, VarType, ActionHeight, CanTrade, PublicFurni)
VALUES(121, 'pool_chairo', 'S', 1, 0, '0', 0.0, 'S', 0, 1.0, 0, 1)
GO
INSERT INTO FurniDefinitions (FurniDefinitionID, Sprite, Flags, W, L, Col, HeightOffset, HandType, VarType, ActionHeight, CanTrade, PublicFurni)
VALUES(122, 'pool_tablep', ' ', 1, 0, '0', 0.0, 'S', 0, 0.0, 0, 1)
GO
INSERT INTO FurniDefinitions (FurniDefinitionID, Sprite, Flags, W, L, Col, HeightOffset, HandType, VarType, ActionHeight, CanTrade, PublicFurni)
VALUES(123, 'pool_tabo', ' ', 1, 0, '0', 0.0, 'S', 0, 0.0, 0, 1)
GO
INSERT INTO FurniDefinitions (FurniDefinitionID, Sprite, Flags, W, L, Col, HeightOffset, HandType, VarType, ActionHeight, CanTrade, PublicFurni)
VALUES(124, 'pool_tabo2', ' ', 1, 0, '0', 0.0, 'S', 0, 0.0, 0, 1)
GO
INSERT INTO FurniDefinitions (FurniDefinitionID, Sprite, Flags, W, L, Col, HeightOffset, HandType, VarType, ActionHeight, CanTrade, PublicFurni)
VALUES(125, 'pool_tablep2', ' ', 1, 0, '0', 0.0, 'S', 0, 0.0, 0, 1)
GO
INSERT INTO FurniDefinitions (FurniDefinitionID, Sprite, Flags, W, L, Col, HeightOffset, HandType, VarType, ActionHeight, CanTrade, PublicFurni)
VALUES(126, 'pool_chairg', 'S', 1, 0, '0', 0.0, 'S', 0, 1.0, 0, 1)
GO
INSERT INTO FurniDefinitions (FurniDefinitionID, Sprite, Flags, W, L, Col, HeightOffset, HandType, VarType, ActionHeight, CanTrade, PublicFurni)
VALUES(127, 'pool_tablg', ' ', 1, 0, '0', 0.0, 'S', 0, 0.0, 0, 1)
GO
INSERT INTO FurniDefinitions (FurniDefinitionID, Sprite, Flags, W, L, Col, HeightOffset, HandType, VarType, ActionHeight, CanTrade, PublicFurni)
VALUES(128, 'pool_tablg2', ' ', 1, 0, '0', 0.0, 'S', 0, 0.0, 0, 1)
GO
INSERT INTO FurniDefinitions (FurniDefinitionID, Sprite, Flags, W, L, Col, HeightOffset, HandType, VarType, ActionHeight, CanTrade, PublicFurni)
VALUES(129, 'umbrellag', ' ', 1, 0, '0', 0.0, 'S', 0, 0.0, 0, 1)
GO
INSERT INTO FurniDefinitions (FurniDefinitionID, Sprite, Flags, W, L, Col, HeightOffset, HandType, VarType, ActionHeight, CanTrade, PublicFurni)
VALUES(130, 'float_dummychair', 'S', 1, 0, '0', 0.0, 'S', 0, 1.0, 0, 1)
GO
INSERT INTO FurniDefinitions (FurniDefinitionID, Sprite, Flags, W, L, Col, HeightOffset, HandType, VarType, ActionHeight, CanTrade, PublicFurni)
VALUES(131, 'float_dummychair2', 'S', 1, 0, '0', 0.0, 'S', 0, 0.0, 0, 1)
GO
INSERT INTO FurniDefinitions (FurniDefinitionID, Sprite, Flags, W, L, Col, HeightOffset, HandType, VarType, ActionHeight, CanTrade, PublicFurni)
VALUES(132, 'floatbench2', 'S', 1, 0, '0', 0.0, 'S', 0, 1.0, 0, 1)
GO
INSERT INTO FurniDefinitions (FurniDefinitionID, Sprite, Flags, W, L, Col, HeightOffset, HandType, VarType, ActionHeight, CanTrade, PublicFurni)
VALUES(133, 'floatbench1', 'S', 1, 0, '0', 0.0, 'S', 0, 1.0, 0, 1)
GO
INSERT INTO FurniDefinitions (FurniDefinitionID, Sprite, Flags, W, L, Col, HeightOffset, HandType, VarType, ActionHeight, CanTrade, PublicFurni)
VALUES(215, 'bunny', 'M', 1, 1, '0,0,0', 0.0, 'S', 0, 0.0, 1, 0)
GO
INSERT INTO FurniDefinitions (FurniDefinitionID, Sprite, Flags, W, L, Col, HeightOffset, HandType, VarType, ActionHeight, CanTrade, PublicFurni)
VALUES(218, 'red_tv', 'M', 1, 1, '0,0,0', 0.5, 'S', 5, 0.0, 1, 0)
GO
INSERT INTO FurniDefinitions (FurniDefinitionID, Sprite, Flags, W, L, Col, HeightOffset, HandType, VarType, ActionHeight, CanTrade, PublicFurni)
VALUES(219, 'doorB', 'MZX', 1, 1, '0,0,0', 0.0, 'S', 1, 0.0, 1, 0)
GO
INSERT INTO FurniDefinitions (FurniDefinitionID, Sprite, Flags, W, L, Col, HeightOffset, HandType, VarType, ActionHeight, CanTrade, PublicFurni)
VALUES(220, 'doorC', 'MZX', 1, 1, '0,0,0', 0.0, 'S', 1, 0.0, 1, 0)
GO
INSERT INTO FurniDefinitions (FurniDefinitionID, Sprite, Flags, W, L, Col, HeightOffset, HandType, VarType, ActionHeight, CanTrade, PublicFurni)
VALUES(20, 'wcandleset', 'M', 1, 1, '0,0,0', 0.0, 'S', 5, 0.0, 1, 0)
GO
INSERT INTO FurniDefinitions (FurniDefinitionID, Sprite, Flags, W, L, Col, HeightOffset, HandType, VarType, ActionHeight, CanTrade, PublicFurni)
VALUES(21, 'pumpkin', 'M', 1, 1, '0,0,0', 0.0, 'S', 5, 0.0, 1, 0)
GO
INSERT INTO FurniDefinitions (FurniDefinitionID, Sprite, Flags, W, L, Col, HeightOffset, HandType, VarType, ActionHeight, CanTrade, PublicFurni)
VALUES(216, 'tv_luxus', 'M', 1, 3, '0,0,0', 0.0, 'S', 5, 0.0, 1, 0)
GO
INSERT INTO FurniDefinitions (FurniDefinitionID, Sprite, Flags, W, L, Col, HeightOffset, HandType, VarType, ActionHeight, CanTrade, PublicFurni)
VALUES(217, 'wood_tv', 'M', 1, 2, '0,0,0', 0.0, 'S', 6, 0.0, 1, 0)
GO
INSERT INTO FurniDefinitions (FurniDefinitionID, Sprite, Flags, W, L, Col, HeightOffset, HandType, VarType, ActionHeight, CanTrade, PublicFurni)
VALUES(28, 'bed_silo_two', 'LT', 2, 3, '0,0,0', 0.0, 'S', 0, 1.6, 1, 0)
GO
INSERT INTO FurniDefinitions (FurniDefinitionID, Sprite, Flags, W, L, Col, HeightOffset, HandType, VarType, ActionHeight, CanTrade, PublicFurni)
VALUES(29, 'bed_silo_one', 'LT', 1, 3, '0,0,0', 0.0, 'S', 0, 1.6, 1, 0)
GO
INSERT INTO FurniDefinitions (FurniDefinitionID, Sprite, Flags, W, L, Col, HeightOffset, HandType, VarType, ActionHeight, CanTrade, PublicFurni)
VALUES(30, 'shelves_silo', ' ', 2, 1, '0,0,0', 0.0, 'S', 0, 0.0, 1, 0)
GO
INSERT INTO FurniDefinitions (FurniDefinitionID, Sprite, Flags, W, L, Col, HeightOffset, HandType, VarType, ActionHeight, CanTrade, PublicFurni)
VALUES(31, 'sofa_silo', 'SM', 2, 1, '0,0,0,0,#A2C6C8,#A2C6C8 ', 0.0, 'S', 0, 1.0, 1, 0)
GO
INSERT INTO FurniDefinitions (FurniDefinitionID, Sprite, Flags, W, L, Col, HeightOffset, HandType, VarType, ActionHeight, CanTrade, PublicFurni)
VALUES(32, 'sofachair_silo', 'SM', 1, 1, '0,0,#A2C6C8,#A2C6C8,0', 0.0, 'S', 0, 1.0, 1, 0)
GO
INSERT INTO FurniDefinitions (FurniDefinitionID, Sprite, Flags, W, L, Col, HeightOffset, HandType, VarType, ActionHeight, CanTrade, PublicFurni)
VALUES(33, 'table_silo_small', 'M', 1, 1, '0,#A2C6C8,0,#A2C6C8', 0.0, 'S', 0, 0.0, 1, 0)
GO
INSERT INTO FurniDefinitions (FurniDefinitionID, Sprite, Flags, W, L, Col, HeightOffset, HandType, VarType, ActionHeight, CanTrade, PublicFurni)
VALUES(34, 'divider_silo3', 'M', 1, 1, '0,0,0,#A2C6C8', 0.0, 'S', 2, 0.0, 1, 0)
GO
INSERT INTO FurniDefinitions (FurniDefinitionID, Sprite, Flags, W, L, Col, HeightOffset, HandType, VarType, ActionHeight, CanTrade, PublicFurni)
VALUES(35, 'divider_silo2', 'M', 2, 1, '0,0,0', 0.0, 'S', 0, 0.0, 1, 0)
GO
INSERT INTO FurniDefinitions (FurniDefinitionID, Sprite, Flags, W, L, Col, HeightOffset, HandType, VarType, ActionHeight, CanTrade, PublicFurni)
VALUES(36, 'divider_silo1', 'M', 1, 1, '0,#A2C6C8,0,#A2C6C8 ', 0.0, 'S', 0, 0.0, 1, 0)
GO
INSERT INTO FurniDefinitions (FurniDefinitionID, Sprite, Flags, W, L, Col, HeightOffset, HandType, VarType, ActionHeight, CanTrade, PublicFurni)
VALUES(40, 'chair_norja', 'SM', 1, 1, '0,0,0', 0.0, 'S', 0, 1.0, 1, 0)
GO
INSERT INTO FurniDefinitions (FurniDefinitionID, Sprite, Flags, W, L, Col, HeightOffset, HandType, VarType, ActionHeight, CanTrade, PublicFurni)
VALUES(41, 'couch_norja', 'SM', 2, 1, '0,0,0', 0.0, 'S', 0, 1.0, 1, 0)
GO
INSERT INTO FurniDefinitions (FurniDefinitionID, Sprite, Flags, W, L, Col, HeightOffset, HandType, VarType, ActionHeight, CanTrade, PublicFurni)
VALUES(42, 'table_norja_med', ' ', 2, 2, '0,0,0', 0.0, 'S', 0, 0.0, 1, 0)
GO
INSERT INTO FurniDefinitions (FurniDefinitionID, Sprite, Flags, W, L, Col, HeightOffset, HandType, VarType, ActionHeight, CanTrade, PublicFurni)
VALUES(43, 'shelves_norja', 'M', 1, 1, '0,0,0', 0.0, 'S', 0, 0.0, 1, 0)
GO
INSERT INTO FurniDefinitions (FurniDefinitionID, Sprite, Flags, W, L, Col, HeightOffset, HandType, VarType, ActionHeight, CanTrade, PublicFurni)
VALUES(44, 'soft_sofachair_norja', 'SM', 1, 1, '0,0,0', 0.0, 'S', 0, 1.0, 1, 0)
GO
INSERT INTO FurniDefinitions (FurniDefinitionID, Sprite, Flags, W, L, Col, HeightOffset, HandType, VarType, ActionHeight, CanTrade, PublicFurni)
VALUES(45, 'soft_sofa_norja', 'S', 2, 1, '0,0,0', 0.0, 'S', 0, 1.0, 1, 0)
GO
INSERT INTO FurniDefinitions (FurniDefinitionID, Sprite, Flags, W, L, Col, HeightOffset, HandType, VarType, ActionHeight, CanTrade, PublicFurni)
VALUES(46, 'divider_nor2', ' ', 2, 1, '0,0,0', 0.0, 'S', 0, 0.0, 1, 0)
GO
INSERT INTO FurniDefinitions (FurniDefinitionID, Sprite, Flags, W, L, Col, HeightOffset, HandType, VarType, ActionHeight, CanTrade, PublicFurni)
VALUES(47, 'divider_nor1', 'M', 1, 1, '0,0,0', 0.0, 'S', 0, 0.0, 1, 0)
GO
INSERT INTO FurniDefinitions (FurniDefinitionID, Sprite, Flags, W, L, Col, HeightOffset, HandType, VarType, ActionHeight, CanTrade, PublicFurni)
VALUES(48, 'divider_nor3', 'M', 1, 1, '0,0,0', 0.0, 'S', 2, 0.0, 1, 0)
GO
INSERT INTO FurniDefinitions (FurniDefinitionID, Sprite, Flags, W, L, Col, HeightOffset, HandType, VarType, ActionHeight, CanTrade, PublicFurni)
VALUES(49, 'sofachair_polyfon_girl', 'SM', 1, 1, '#ffffff,#ffffff,#EE7EA4,#EE7EA4', 0.0, 'S', 0, 1.0, 1, 0)
GO
INSERT INTO FurniDefinitions (FurniDefinitionID, Sprite, Flags, W, L, Col, HeightOffset, HandType, VarType, ActionHeight, CanTrade, PublicFurni)
VALUES(50, 'sofa_polyfon_girl', 'SM', 2, 1, '#ffffff,#ffffff,#ffffff,#ffffff,#EE7EA4,#EE7EA4,#EE7EA4,#EE7EA4', 0.0, 'S', 0, 1.2, 1, 0)
GO
INSERT INTO FurniDefinitions (FurniDefinitionID, Sprite, Flags, W, L, Col, HeightOffset, HandType, VarType, ActionHeight, CanTrade, PublicFurni)
VALUES(51, 'carpet_polar*1', 'PMO', 2, 3, '#ffbbcf,#ffbbcf,#ffddef', 0.0, 'S', 0, 0.0, 1, 0)
GO
INSERT INTO FurniDefinitions (FurniDefinitionID, Sprite, Flags, W, L, Col, HeightOffset, HandType, VarType, ActionHeight, CanTrade, PublicFurni)
VALUES(54, 'bed_armas_two', 'LT', 2, 3, '0,0,0', 0.0, 'S', 0, 1.8, 1, 0)
GO
INSERT INTO FurniDefinitions (FurniDefinitionID, Sprite, Flags, W, L, Col, HeightOffset, HandType, VarType, ActionHeight, CanTrade, PublicFurni)
VALUES(55, 'bed_armas_one', 'LT', 1, 3, '0,0,0', 0.0, 'S', 0, 1.7, 1, 0)
GO
INSERT INTO FurniDefinitions (FurniDefinitionID, Sprite, Flags, W, L, Col, HeightOffset, HandType, VarType, ActionHeight, CanTrade, PublicFurni)
VALUES(56, 'fireplace_armas', 'M', 2, 1, '0,0,0', 0.0, 'S', 5, 0.0, 1, 0)
GO
INSERT INTO FurniDefinitions (FurniDefinitionID, Sprite, Flags, W, L, Col, HeightOffset, HandType, VarType, ActionHeight, CanTrade, PublicFurni)
VALUES(57, 'bartable_armas', ' ', 1, 3, '0,0,0', 0.0, 'S', 0, 0.0, 1, 0)
GO
INSERT INTO FurniDefinitions (FurniDefinitionID, Sprite, Flags, W, L, Col, HeightOffset, HandType, VarType, ActionHeight, CanTrade, PublicFurni)
VALUES(58, 'table_armas', 'O', 2, 2, '0,0,0', 1.0, 'S', 0, 0.0, 1, 0)
GO
INSERT INTO FurniDefinitions (FurniDefinitionID, Sprite, Flags, W, L, Col, HeightOffset, HandType, VarType, ActionHeight, CanTrade, PublicFurni)
VALUES(59, 'bench_armas', 'S', 2, 1, '0,0,0', 0.0, 'S', 0, 1.2, 1, 0)
GO
INSERT INTO FurniDefinitions (FurniDefinitionID, Sprite, Flags, W, L, Col, HeightOffset, HandType, VarType, ActionHeight, CanTrade, PublicFurni)
VALUES(60, 'divider_arm3', 'M', 1, 1, '0,0,0', 0.0, 'S', 2, 0.0, 1, 0)
GO
INSERT INTO FurniDefinitions (FurniDefinitionID, Sprite, Flags, W, L, Col, HeightOffset, HandType, VarType, ActionHeight, CanTrade, PublicFurni)
VALUES(61, 'divider_arm1', 'MO', 1, 1, '0,0,0', 1.3, 'S', 0, 0.0, 1, 0)
GO
INSERT INTO FurniDefinitions (FurniDefinitionID, Sprite, Flags, W, L, Col, HeightOffset, HandType, VarType, ActionHeight, CanTrade, PublicFurni)
VALUES(62, 'divider_arm2', 'M', 2, 1, '0,0,0', 0.0, 'S', 0, 0.0, 1, 0)
GO
INSERT INTO FurniDefinitions (FurniDefinitionID, Sprite, Flags, W, L, Col, HeightOffset, HandType, VarType, ActionHeight, CanTrade, PublicFurni)
VALUES(63, 'shelves_armas', ' ', 2, 1, '0,0,0', 0.0, 'S', 0, 0.0, 1, 0)
GO
INSERT INTO FurniDefinitions (FurniDefinitionID, Sprite, Flags, W, L, Col, HeightOffset, HandType, VarType, ActionHeight, CanTrade, PublicFurni)
VALUES(64, 'bar_armas', ' ', 1, 1, '0,0,0', 0.0, 'S', 1, 0.0, 1, 0)
GO
INSERT INTO FurniDefinitions (FurniDefinitionID, Sprite, Flags, W, L, Col, HeightOffset, HandType, VarType, ActionHeight, CanTrade, PublicFurni)
VALUES(65, 'bar_chair_armas', 'SM', 1, 1, '0,0,0', 0.0, 'S', 0, 1.2, 1, 0)
GO
INSERT INTO FurniDefinitions (FurniDefinitionID, Sprite, Flags, W, L, Col, HeightOffset, HandType, VarType, ActionHeight, CanTrade, PublicFurni)
VALUES(66, 'lamp_armas', 'M', 1, 1, '0,0,0', 0.0, 'S', 5, 0.0, 1, 0)
GO
INSERT INTO FurniDefinitions (FurniDefinitionID, Sprite, Flags, W, L, Col, HeightOffset, HandType, VarType, ActionHeight, CanTrade, PublicFurni)
VALUES(67, 'lamp2_armas', 'MO', 1, 1, '0,0,0', 1.1, 'S', 5, 0.0, 1, 0)
GO
INSERT INTO FurniDefinitions (FurniDefinitionID, Sprite, Flags, W, L, Col, HeightOffset, HandType, VarType, ActionHeight, CanTrade, PublicFurni)
VALUES(68, 'small_table_armas', 'MO', 1, 1, '0,0,0', 1.0, 'S', 0, 0.0, 1, 0)
GO
INSERT INTO FurniDefinitions (FurniDefinitionID, Sprite, Flags, W, L, Col, HeightOffset, HandType, VarType, ActionHeight, CanTrade, PublicFurni)
VALUES(69, 'small_chair_armas', 'SM', 1, 1, '0,0,0', 0.0, 'S', 0, 1.0, 1, 0)
GO
INSERT INTO FurniDefinitions (FurniDefinitionID, Sprite, Flags, W, L, Col, HeightOffset, HandType, VarType, ActionHeight, CanTrade, PublicFurni)
VALUES(37, 'chair_silo', 'SM', 1, 1, '0,0,#A2C6C8,#A2C6C8,0', 0.0, 'S', 0, 1.0, 1, 0)
GO
INSERT INTO FurniDefinitions (FurniDefinitionID, Sprite, Flags, W, L, Col, HeightOffset, HandType, VarType, ActionHeight, CanTrade, PublicFurni)
VALUES(39, 'table_silo_med', ' ', 2, 2, '0,#8FAEAF ', 0.0, 'S', 0, 0.0, 1, 0)
GO
INSERT INTO FurniDefinitions (FurniDefinitionID, Sprite, Flags, W, L, Col, HeightOffset, HandType, VarType, ActionHeight, CanTrade, PublicFurni)
VALUES(52, 'bed_polyfon_girl_one', 'LT', 1, 3, '#ffffff,#ffffff,#ffffff,#EE7EA4,#EE7EA4 ', 0.0, 'S', 0, 1.6, 1, 0)
GO
INSERT INTO FurniDefinitions (FurniDefinitionID, Sprite, Flags, W, L, Col, HeightOffset, HandType, VarType, ActionHeight, CanTrade, PublicFurni)
VALUES(53, 'bed_polyfon_girl', 'LT', 2, 3, '#ffffff,#ffffff,#EE7EA4,#EE7EA4', 0.0, 'S', 0, 1.6, 1, 0)
GO
INSERT INTO FurniDefinitions (FurniDefinitionID, Sprite, Flags, W, L, Col, HeightOffset, HandType, VarType, ActionHeight, CanTrade, PublicFurni)
VALUES(212, 'mic', ' ', 1, 0, '0', 0.0, 'S', 0, 0.0, 0, 1)
GO
INSERT INTO FurniDefinitions (FurniDefinitionID, Sprite, Flags, W, L, Col, HeightOffset, HandType, VarType, ActionHeight, CanTrade, PublicFurni)
VALUES(213, 'thchair2', 'S', 1, 0, '0', 0.0, 'S', 0, 1.0, 0, 1)
GO
INSERT INTO FurniDefinitions (FurniDefinitionID, Sprite, Flags, W, L, Col, HeightOffset, HandType, VarType, ActionHeight, CanTrade, PublicFurni)
VALUES(214, 'thchair1', 'S', 1, 0, '0', 0.0, 'S', 0, 1.0, 0, 1)
GO
INSERT INTO FurniDefinitions (FurniDefinitionID, Sprite, Flags, W, L, Col, HeightOffset, HandType, VarType, ActionHeight, CanTrade, PublicFurni)
VALUES(222, 'doormat_plain*1', 'PMF', 1, 1, '#ff1f08', 0.0, 'S', 0, 0.0, 1, 0)
GO
INSERT INTO FurniDefinitions (FurniDefinitionID, Sprite, Flags, W, L, Col, HeightOffset, HandType, VarType, ActionHeight, CanTrade, PublicFurni)
VALUES(223, 'poster', 'V', 0, 0, '1005', 0.0, 'I', 0, 0.0, 1, 0)
GO
INSERT INTO FurniDefinitions (FurniDefinitionID, Sprite, Flags, W, L, Col, HeightOffset, HandType, VarType, ActionHeight, CanTrade, PublicFurni)
VALUES(224, 'stand_polyfon_z', 'OM', 1, 1, '0,0,0', 0.5, 'S', 0, 0.0, 1, 0)
GO
INSERT INTO FurniDefinitions (FurniDefinitionID, Sprite, Flags, W, L, Col, HeightOffset, HandType, VarType, ActionHeight, CanTrade, PublicFurni)
VALUES(225, 'present_gen', 'GOM', 1, 1, '0,0,0', 1.0, 'S', 0, 0.0, 0, 0)
GO
INSERT INTO FurniDefinitions (FurniDefinitionID, Sprite, Flags, W, L, Col, HeightOffset, HandType, VarType, ActionHeight, CanTrade, PublicFurni)
VALUES(226, 'present_gen1', 'GOM', 1, 1, '0,0,0', 1.0, 'S', 0, 0.0, 0, 0)
GO
INSERT INTO FurniDefinitions (FurniDefinitionID, Sprite, Flags, W, L, Col, HeightOffset, HandType, VarType, ActionHeight, CanTrade, PublicFurni)
VALUES(249, 'carpet_soft*5', 'POM', 2, 4, '#FFFF66', 0.0, 'S', 0, 0.0, 1, 0)
GO
INSERT INTO FurniDefinitions (FurniDefinitionID, Sprite, Flags, W, L, Col, HeightOffset, HandType, VarType, ActionHeight, CanTrade, PublicFurni)
VALUES(251, 'hologram', 'M', 1, 1, '0,0,0', 0.0, 'S', 5, 0.0, 1, 0)
GO
INSERT INTO FurniDefinitions (FurniDefinitionID, Sprite, Flags, W, L, Col, HeightOffset, HandType, VarType, ActionHeight, CanTrade, PublicFurni)
VALUES(252, 'skullcandle', 'M', 1, 1, '0,0,0', 0.0, 'S', 5, 0.0, 1, 0)
GO
INSERT INTO FurniDefinitions (FurniDefinitionID, Sprite, Flags, W, L, Col, HeightOffset, HandType, VarType, ActionHeight, CanTrade, PublicFurni)
VALUES(253, 'redhologram', 'M', 1, 1, '0,0,0', 0.0, 'S', 5, 0.0, 1, 0)
GO
INSERT INTO FurniDefinitions (FurniDefinitionID, Sprite, Flags, W, L, Col, HeightOffset, HandType, VarType, ActionHeight, CanTrade, PublicFurni)
VALUES(254, 'chair_polyfon', 'SM', 1, 1, '0,0,0', 0.0, 'S', 0, 1.0, 1, 0)
GO
INSERT INTO FurniDefinitions (FurniDefinitionID, Sprite, Flags, W, L, Col, HeightOffset, HandType, VarType, ActionHeight, CanTrade, PublicFurni)
VALUES(255, 'table_polyfon', 'MO', 2, 2, '0,0,0', 1.0, 'S', 0, 0.0, 1, 0)
GO
INSERT INTO FurniDefinitions (FurniDefinitionID, Sprite, Flags, W, L, Col, HeightOffset, HandType, VarType, ActionHeight, CanTrade, PublicFurni)
VALUES(256, 'smooth_table_polyfon', 'MO', 2, 2, '0,0,0', 1.0, 'S', 0, 0.0, 1, 0)
GO
INSERT INTO FurniDefinitions (FurniDefinitionID, Sprite, Flags, W, L, Col, HeightOffset, HandType, VarType, ActionHeight, CanTrade, PublicFurni)
VALUES(257, 'table_polyfon_med', 'MO', 2, 2, '0,0,0', 0.7, 'S', 0, 0.0, 1, 0)
GO
INSERT INTO FurniDefinitions (FurniDefinitionID, Sprite, Flags, W, L, Col, HeightOffset, HandType, VarType, ActionHeight, CanTrade, PublicFurni)
VALUES(258, 'table_polyfon_small', 'MO', 2, 2, '0,0,0', 0.5, 'S', 0, 0.0, 1, 0)
GO
INSERT INTO FurniDefinitions (FurniDefinitionID, Sprite, Flags, W, L, Col, HeightOffset, HandType, VarType, ActionHeight, CanTrade, PublicFurni)
VALUES(259, 'shelves_polyfon', 'MO', 2, 1, '0,0,0', 3.2, 'S', 0, 0.0, 1, 0)
GO
INSERT INTO FurniDefinitions (FurniDefinitionID, Sprite, Flags, W, L, Col, HeightOffset, HandType, VarType, ActionHeight, CanTrade, PublicFurni)
VALUES(260, 'fireplace_polyfon', 'M', 2, 1, '0,0,0', 0.0, 'S', 5, 0.0, 1, 0)
GO
INSERT INTO FurniDefinitions (FurniDefinitionID, Sprite, Flags, W, L, Col, HeightOffset, HandType, VarType, ActionHeight, CanTrade, PublicFurni)
VALUES(266, 'bench2', 'S', 1, 0, '0', 0.0, 'S', 0, 1.0, 0, 1)
GO
INSERT INTO FurniDefinitions (FurniDefinitionID, Sprite, Flags, W, L, Col, HeightOffset, HandType, VarType, ActionHeight, CanTrade, PublicFurni)
VALUES(267, 'bench', 'S', 1, 0, '0', 0.0, 'S', 0, 1.0, 0, 1)
GO
INSERT INTO FurniDefinitions (FurniDefinitionID, Sprite, Flags, W, L, Col, HeightOffset, HandType, VarType, ActionHeight, CanTrade, PublicFurni)
VALUES(268, 'hedge7', ' ', 1, 0, '0', 0.0, 'S', 0, 0.0, 0, 1)
GO
INSERT INTO FurniDefinitions (FurniDefinitionID, Sprite, Flags, W, L, Col, HeightOffset, HandType, VarType, ActionHeight, CanTrade, PublicFurni)
VALUES(269, 'hedge8', ' ', 1, 0, '0', 0.0, 'S', 0, 0.0, 0, 1)
GO
INSERT INTO FurniDefinitions (FurniDefinitionID, Sprite, Flags, W, L, Col, HeightOffset, HandType, VarType, ActionHeight, CanTrade, PublicFurni)
VALUES(270, 'hedge2', ' ', 1, 0, '0', 0.0, 'S', 0, 0.0, 0, 1)
GO
INSERT INTO FurniDefinitions (FurniDefinitionID, Sprite, Flags, W, L, Col, HeightOffset, HandType, VarType, ActionHeight, CanTrade, PublicFurni)
VALUES(271, 'hedge9', ' ', 1, 0, '0', 0.0, 'S', 0, 0.0, 0, 1)
GO
INSERT INTO FurniDefinitions (FurniDefinitionID, Sprite, Flags, W, L, Col, HeightOffset, HandType, VarType, ActionHeight, CanTrade, PublicFurni)
VALUES(272, 'hedge5', ' ', 1, 0, '0', 0.0, 'S', 0, 0.0, 0, 1)
GO
INSERT INTO FurniDefinitions (FurniDefinitionID, Sprite, Flags, W, L, Col, HeightOffset, HandType, VarType, ActionHeight, CanTrade, PublicFurni)
VALUES(273, 'picnic_dummychair1', 'S', 1, 0, '0', 0.0, 'S', 0, 1.0, 0, 1)
GO
INSERT INTO FurniDefinitions (FurniDefinitionID, Sprite, Flags, W, L, Col, HeightOffset, HandType, VarType, ActionHeight, CanTrade, PublicFurni)
VALUES(274, 'picnic_ground', 'S', 1, 0, '0', 0.0, 'S', 0, 0.0, 0, 1)
GO
INSERT INTO FurniDefinitions (FurniDefinitionID, Sprite, Flags, W, L, Col, HeightOffset, HandType, VarType, ActionHeight, CanTrade, PublicFurni)
VALUES(275, 'picnic_cloth1', ' ', 1, 0, '0', 0.0, 'S', 0, 0.0, 0, 1)
GO
INSERT INTO FurniDefinitions (FurniDefinitionID, Sprite, Flags, W, L, Col, HeightOffset, HandType, VarType, ActionHeight, CanTrade, PublicFurni)
VALUES(276, 'picnic_redbench2', 'S', 1, 0, '0', 0.0, 'S', 0, 1.0, 0, 1)
GO
INSERT INTO FurniDefinitions (FurniDefinitionID, Sprite, Flags, W, L, Col, HeightOffset, HandType, VarType, ActionHeight, CanTrade, PublicFurni)
VALUES(277, 'picnic_redbench1', 'S', 1, 0, '0', 0.0, 'S', 0, 1.0, 0, 1)
GO
INSERT INTO FurniDefinitions (FurniDefinitionID, Sprite, Flags, W, L, Col, HeightOffset, HandType, VarType, ActionHeight, CanTrade, PublicFurni)
VALUES(278, 'hedge6', ' ', 1, 0, '0', 0.0, 'S', 0, 0.0, 0, 1)
GO
INSERT INTO FurniDefinitions (FurniDefinitionID, Sprite, Flags, W, L, Col, HeightOffset, HandType, VarType, ActionHeight, CanTrade, PublicFurni)
VALUES(279, 'hedge3', ' ', 1, 0, '0', 0.0, 'S', 0, 0.0, 0, 1)
GO
INSERT INTO FurniDefinitions (FurniDefinitionID, Sprite, Flags, W, L, Col, HeightOffset, HandType, VarType, ActionHeight, CanTrade, PublicFurni)
VALUES(280, 'hedge4', ' ', 1, 0, '0', 0.0, 'S', 0, 0.0, 0, 1)
GO
INSERT INTO FurniDefinitions (FurniDefinitionID, Sprite, Flags, W, L, Col, HeightOffset, HandType, VarType, ActionHeight, CanTrade, PublicFurni)
VALUES(281, 'picnic_bench1', 'S', 1, 0, '0', 0.0, 'S', 0, 1.0, 0, 1)
GO
INSERT INTO FurniDefinitions (FurniDefinitionID, Sprite, Flags, W, L, Col, HeightOffset, HandType, VarType, ActionHeight, CanTrade, PublicFurni)
VALUES(282, 'picnic_bench2', 'S', 1, 0, '0', 0.0, 'S', 0, 1.0, 0, 1)
GO
INSERT INTO FurniDefinitions (FurniDefinitionID, Sprite, Flags, W, L, Col, HeightOffset, HandType, VarType, ActionHeight, CanTrade, PublicFurni)
VALUES(283, 'picnic_bench3', 'S', 1, 0, '0', 0.0, 'S', 0, 1.0, 0, 1)
GO
INSERT INTO FurniDefinitions (FurniDefinitionID, Sprite, Flags, W, L, Col, HeightOffset, HandType, VarType, ActionHeight, CanTrade, PublicFurni)
VALUES(284, 'picnic_dummychair4', 'S', 1, 0, '0', 0.0, 'S', 0, 4.0, 0, 1)
GO
INSERT INTO FurniDefinitions (FurniDefinitionID, Sprite, Flags, W, L, Col, HeightOffset, HandType, VarType, ActionHeight, CanTrade, PublicFurni)
VALUES(285, 'picnic_dummychair6', 'S', 1, 0, '0', 0.0, 'S', 0, 7.0, 0, 1)
GO
INSERT INTO FurniDefinitions (FurniDefinitionID, Sprite, Flags, W, L, Col, HeightOffset, HandType, VarType, ActionHeight, CanTrade, PublicFurni)
VALUES(286, 'picnic_stump', 'S', 1, 0, '0', 0.0, 'S', 0, 1.0, 0, 1)
GO
INSERT INTO FurniDefinitions (FurniDefinitionID, Sprite, Flags, W, L, Col, HeightOffset, HandType, VarType, ActionHeight, CanTrade, PublicFurni)
VALUES(227, 'present_gen2', 'GOM', 1, 1, '0,0,0', 1.0, 'S', 0, 0.0, 0, 0)
GO
INSERT INTO FurniDefinitions (FurniDefinitionID, Sprite, Flags, W, L, Col, HeightOffset, HandType, VarType, ActionHeight, CanTrade, PublicFurni)
VALUES(228, 'present_gen3', 'GOM', 1, 1, '0,0,0', 1.0, 'S', 0, 0.0, 0, 0)
GO
INSERT INTO FurniDefinitions (FurniDefinitionID, Sprite, Flags, W, L, Col, HeightOffset, HandType, VarType, ActionHeight, CanTrade, PublicFurni)
VALUES(229, 'present_gen4', 'GOM', 1, 1, '0,0,0', 1.0, 'S', 0, 0.0, 0, 0)
GO
INSERT INTO FurniDefinitions (FurniDefinitionID, Sprite, Flags, W, L, Col, HeightOffset, HandType, VarType, ActionHeight, CanTrade, PublicFurni)
VALUES(230, 'present_gen5', 'GOM', 1, 1, '0,0,0', 1.0, 'S', 0, 0.0, 0, 0)
GO
INSERT INTO FurniDefinitions (FurniDefinitionID, Sprite, Flags, W, L, Col, HeightOffset, HandType, VarType, ActionHeight, CanTrade, PublicFurni)
VALUES(231, 'prize1', 'M', 1, 1, '0,0,0', 0.0, 'S', 0, 0.0, 1, 0)
GO
INSERT INTO FurniDefinitions (FurniDefinitionID, Sprite, Flags, W, L, Col, HeightOffset, HandType, VarType, ActionHeight, CanTrade, PublicFurni)
VALUES(232, 'prize3', 'M', 1, 1, '0,0,0', 0.0, 'S', 0, 0.0, 1, 0)
GO
INSERT INTO FurniDefinitions (FurniDefinitionID, Sprite, Flags, W, L, Col, HeightOffset, HandType, VarType, ActionHeight, CanTrade, PublicFurni)
VALUES(233, 'typingmachine', 'M', 1, 1, '0,0,0', 0.0, 'S', 0, 0.0, 1, 0)
GO
INSERT INTO FurniDefinitions (FurniDefinitionID, Sprite, Flags, W, L, Col, HeightOffset, HandType, VarType, ActionHeight, CanTrade, PublicFurni)
VALUES(234, 'giftflowers', 'M', 1, 1, '0,0,0', 0.0, 'S', 0, 0.0, 1, 0)
GO
INSERT INTO FurniDefinitions (FurniDefinitionID, Sprite, Flags, W, L, Col, HeightOffset, HandType, VarType, ActionHeight, CanTrade, PublicFurni)
VALUES(235, 'plant_fruittree', 'M', 1, 1, '0', 0.0, 'S', 0, 0.0, 1, 0)
GO
INSERT INTO FurniDefinitions (FurniDefinitionID, Sprite, Flags, W, L, Col, HeightOffset, HandType, VarType, ActionHeight, CanTrade, PublicFurni)
VALUES(236, 'plant_big_cactus', 'M', 1, 1, '0', 0.0, 'S', 0, 0.0, 1, 0)
GO
INSERT INTO FurniDefinitions (FurniDefinitionID, Sprite, Flags, W, L, Col, HeightOffset, HandType, VarType, ActionHeight, CanTrade, PublicFurni)
VALUES(237, 'plant_bonsai', 'M', 1, 1, '0', 0.0, 'S', 0, 0.0, 1, 0)
GO
INSERT INTO FurniDefinitions (FurniDefinitionID, Sprite, Flags, W, L, Col, HeightOffset, HandType, VarType, ActionHeight, CanTrade, PublicFurni)
VALUES(238, 'carpet_standard*7', 'POM', 3, 5, '#99CCFF,#99CCFF,#99CCFF', 0.0, 'S', 0, 0.0, 1, 0)
GO
INSERT INTO FurniDefinitions (FurniDefinitionID, Sprite, Flags, W, L, Col, HeightOffset, HandType, VarType, ActionHeight, CanTrade, PublicFurni)
VALUES(239, 'plant_pineapple', 'M', 1, 1, '0', 0.0, 'S', 0, 0.0, 1, 0)
GO
INSERT INTO FurniDefinitions (FurniDefinitionID, Sprite, Flags, W, L, Col, HeightOffset, HandType, VarType, ActionHeight, CanTrade, PublicFurni)
VALUES(240, 'plant_yukka', 'M', 1, 1, '0', 0.0, 'S', 0, 0.0, 1, 0)
GO
INSERT INTO FurniDefinitions (FurniDefinitionID, Sprite, Flags, W, L, Col, HeightOffset, HandType, VarType, ActionHeight, CanTrade, PublicFurni)
VALUES(241, 'plant_sunflower', 'M', 1, 1, '0', 0.0, 'S', 0, 0.0, 1, 0)
GO
INSERT INTO FurniDefinitions (FurniDefinitionID, Sprite, Flags, W, L, Col, HeightOffset, HandType, VarType, ActionHeight, CanTrade, PublicFurni)
VALUES(242, 'plant_rose', 'M', 1, 1, '0', 0.0, 'S', 0, 0.0, 1, 0)
GO
INSERT INTO FurniDefinitions (FurniDefinitionID, Sprite, Flags, W, L, Col, HeightOffset, HandType, VarType, ActionHeight, CanTrade, PublicFurni)
VALUES(243, 'plant_small_cactus', 'M', 1, 1, '0', 0.0, 'S', 0, 0.0, 1, 0)
GO
INSERT INTO FurniDefinitions (FurniDefinitionID, Sprite, Flags, W, L, Col, HeightOffset, HandType, VarType, ActionHeight, CanTrade, PublicFurni)
VALUES(244, 'carpet_standard*1', 'POM', 3, 5, '#ff1f08', 0.0, 'S', 0, 0.0, 1, 0)
GO
INSERT INTO FurniDefinitions (FurniDefinitionID, Sprite, Flags, W, L, Col, HeightOffset, HandType, VarType, ActionHeight, CanTrade, PublicFurni)
VALUES(245, 'carpet_standard*6', 'POM', 3, 5, '#777777', 0.0, 'S', 0, 0.0, 1, 0)
GO
INSERT INTO FurniDefinitions (FurniDefinitionID, Sprite, Flags, W, L, Col, HeightOffset, HandType, VarType, ActionHeight, CanTrade, PublicFurni)
VALUES(246, 'carpet_soft*2', 'POM', 2, 4, '#66FFFF', 0.0, 'S', 0, 0.0, 1, 0)
GO
INSERT INTO FurniDefinitions (FurniDefinitionID, Sprite, Flags, W, L, Col, HeightOffset, HandType, VarType, ActionHeight, CanTrade, PublicFurni)
VALUES(247, 'carpet_soft*3', 'POM', 2, 4, '#FFCC99', 0.0, 'S', 0, 0.0, 1, 0)
GO
INSERT INTO FurniDefinitions (FurniDefinitionID, Sprite, Flags, W, L, Col, HeightOffset, HandType, VarType, ActionHeight, CanTrade, PublicFurni)
VALUES(248, 'carpet_soft*4', 'POM', 2, 4, '#FFCCFF', 0.0, 'S', 0, 0.0, 1, 0)
GO
INSERT INTO FurniDefinitions (FurniDefinitionID, Sprite, Flags, W, L, Col, HeightOffset, HandType, VarType, ActionHeight, CanTrade, PublicFurni)
VALUES(250, 'bottle', 'M', 1, 1, '0', 0.0, 'S', 8, 0.0, 1, 0)
GO
INSERT INTO FurniDefinitions (FurniDefinitionID, Sprite, Flags, W, L, Col, HeightOffset, HandType, VarType, ActionHeight, CanTrade, PublicFurni)
VALUES(261, 'poster', 'V', 0, 0, '516', 0.0, 'I', 0, 0.0, 1, 0)
GO
INSERT INTO FurniDefinitions (FurniDefinitionID, Sprite, Flags, W, L, Col, HeightOffset, HandType, VarType, ActionHeight, CanTrade, PublicFurni)
VALUES(262, 'poolchange', 'CPd', 1, 1, '0', 0.0, 'S', 0, 0.0, 0, 1)
GO
INSERT INTO FurniDefinitions (FurniDefinitionID, Sprite, Flags, W, L, Col, HeightOffset, HandType, VarType, ActionHeight, CanTrade, PublicFurni)
VALUES(263, 'poolenter', 'CPeg', 1, 1, '0', 0.0, 'S', 0, 0.0, 0, 1)
GO
INSERT INTO FurniDefinitions (FurniDefinitionID, Sprite, Flags, W, L, Col, HeightOffset, HandType, VarType, ActionHeight, CanTrade, PublicFurni)
VALUES(264, 'poolexit', 'CPfg', 1, 1, '0', 0.0, 'S', 0, 0.0, 0, 1)
GO
INSERT INTO FurniDefinitions (FurniDefinitionID, Sprite, Flags, W, L, Col, HeightOffset, HandType, VarType, ActionHeight, CanTrade, PublicFurni)
VALUES(265, 'rare_daffodil_rug', 'POM', 2, 2, '0,0,0', 0.0, 'S', 0, 0.0, 1, 0)
GO
INSERT INTO FurniDefinitions (FurniDefinitionID, Sprite, Flags, W, L, Col, HeightOffset, HandType, VarType, ActionHeight, CanTrade, PublicFurni)
VALUES(287, 'picnic_cloth2', ' ', 1, 0, '0', 0.0, 'S', 0, 0.0, 0, 1)
GO
INSERT INTO FurniDefinitions (FurniDefinitionID, Sprite, Flags, W, L, Col, HeightOffset, HandType, VarType, ActionHeight, CanTrade, PublicFurni)
VALUES(288, 'picnic_fireplace1', ' ', 1, 0, '0', 0.0, 'S', 0, 0.0, 0, 1)
GO
INSERT INTO FurniDefinitions (FurniDefinitionID, Sprite, Flags, W, L, Col, HeightOffset, HandType, VarType, ActionHeight, CanTrade, PublicFurni)
VALUES(289, 'picnic_fireplace2', ' ', 1, 0, '0', 0.0, 'S', 0, 0.0, 0, 1)
GO
INSERT INTO FurniDefinitions (FurniDefinitionID, Sprite, Flags, W, L, Col, HeightOffset, HandType, VarType, ActionHeight, CanTrade, PublicFurni)
VALUES(290, 'picnic_lemonade', ' ', 1, 0, '0', 0.0, 'S', 0, 0.0, 0, 1)
GO
INSERT INTO FurniDefinitions (FurniDefinitionID, Sprite, Flags, W, L, Col, HeightOffset, HandType, VarType, ActionHeight, CanTrade, PublicFurni)
VALUES(291, 'picnic_firewood2', ' ', 1, 0, '0', 0.0, 'S', 0, 0.0, 0, 1)
GO
INSERT INTO FurniDefinitions (FurniDefinitionID, Sprite, Flags, W, L, Col, HeightOffset, HandType, VarType, ActionHeight, CanTrade, PublicFurni)
VALUES(292, 'picnic_firewood1', ' ', 1, 0, '0', 0.0, 'S', 0, 0.0, 0, 1)
GO
INSERT INTO FurniDefinitions (FurniDefinitionID, Sprite, Flags, W, L, Col, HeightOffset, HandType, VarType, ActionHeight, CanTrade, PublicFurni)
VALUES(293, 'picnic_carrot', ' ', 1, 0, '0', 0.0, 'S', 0, 0.0, 0, 1)
GO
INSERT INTO FurniDefinitions (FurniDefinitionID, Sprite, Flags, W, L, Col, HeightOffset, HandType, VarType, ActionHeight, CanTrade, PublicFurni)
VALUES(294, 'picnic_table2', ' ', 1, 0, '0', 0.0, 'S', 0, 0.0, 0, 1)
GO
INSERT INTO FurniDefinitions (FurniDefinitionID, Sprite, Flags, W, L, Col, HeightOffset, HandType, VarType, ActionHeight, CanTrade, PublicFurni)
VALUES(295, 'picnic_table', ' ', 1, 0, '0', 0.0, 'S', 0, 0.0, 0, 1)
GO
INSERT INTO FurniDefinitions (FurniDefinitionID, Sprite, Flags, W, L, Col, HeightOffset, HandType, VarType, ActionHeight, CanTrade, PublicFurni)
VALUES(296, 'hedge1', ' ', 1, 0, '0', 0.0, 'S', 0, 0.0, 0, 1)
GO
INSERT INTO FurniDefinitions (FurniDefinitionID, Sprite, Flags, W, L, Col, HeightOffset, HandType, VarType, ActionHeight, CanTrade, PublicFurni)
VALUES(297, 'picnic_cabbage', ' ', 1, 0, '0', 0.0, 'S', 0, 0.0, 0, 1)
GO
INSERT INTO FurniDefinitions (FurniDefinitionID, Sprite, Flags, W, L, Col, HeightOffset, HandType, VarType, ActionHeight, CanTrade, PublicFurni)
VALUES(298, 'picnic_firewood3', ' ', 1, 0, '0', 0.0, 'S', 0, 0.0, 0, 1)
GO
INSERT INTO FurniDefinitions (FurniDefinitionID, Sprite, Flags, W, L, Col, HeightOffset, HandType, VarType, ActionHeight, CanTrade, PublicFurni)
VALUES(299, 'mntdwchair', 'S', 1, 0, '0', 0.0, 'S', 0, 1.0, 0, 1)
GO
INSERT INTO FurniDefinitions (FurniDefinitionID, Sprite, Flags, W, L, Col, HeightOffset, HandType, VarType, ActionHeight, CanTrade, PublicFurni)
VALUES(300, 'barmask', ' ', 1, 0, '0', 0.0, 'S', 0, 0.0, 0, 1)
GO
INSERT INTO FurniDefinitions (FurniDefinitionID, Sprite, Flags, W, L, Col, HeightOffset, HandType, VarType, ActionHeight, CanTrade, PublicFurni)
VALUES(301, 'mntdwsofa2', 'S', 1, 0, '0', 0.0, 'S', 0, 1.0, 0, 1)
GO
INSERT INTO FurniDefinitions (FurniDefinitionID, Sprite, Flags, W, L, Col, HeightOffset, HandType, VarType, ActionHeight, CanTrade, PublicFurni)
VALUES(302, 'mntdwtable2', ' ', 1, 0, '0', 0.0, 'S', 0, 0.0, 0, 1)
GO
INSERT INTO FurniDefinitions (FurniDefinitionID, Sprite, Flags, W, L, Col, HeightOffset, HandType, VarType, ActionHeight, CanTrade, PublicFurni)
VALUES(303, 'mntdwsofa1', 'S', 1, 0, '0', 0.0, 'S', 0, 1.0, 0, 1)
GO
INSERT INTO FurniDefinitions (FurniDefinitionID, Sprite, Flags, W, L, Col, HeightOffset, HandType, VarType, ActionHeight, CanTrade, PublicFurni)
VALUES(304, 'mntdwtable1', ' ', 1, 0, '0', 0.0, 'S', 0, 0.0, 0, 1)
GO
INSERT INTO FurniDefinitions (FurniDefinitionID, Sprite, Flags, W, L, Col, HeightOffset, HandType, VarType, ActionHeight, CanTrade, PublicFurni)
VALUES(305, 'rare_beehive_bulb*1', 'M', 1, 1, '#ffffff,#ffffff,#ffffff,#ffffff,#ff4c47,#ffffff', 0.0, 'S', 5, 0.0, 1, 0)
GO
INSERT INTO FurniDefinitions (FurniDefinitionID, Sprite, Flags, W, L, Col, HeightOffset, HandType, VarType, ActionHeight, CanTrade, PublicFurni)
VALUES(306, 'hc_tbl', 'MO', 1, 3, '0,0,0', 1.3, 'S', 0, 0.0, 1, 0)
GO
INSERT INTO FurniDefinitions (FurniDefinitionID, Sprite, Flags, W, L, Col, HeightOffset, HandType, VarType, ActionHeight, CanTrade, PublicFurni)
VALUES(310, 'mocchamaster', 'M', 1, 1, '0,0,0', 0.0, 'S', 0, 0.0, 1, 0)
GO
INSERT INTO FurniDefinitions (FurniDefinitionID, Sprite, Flags, W, L, Col, HeightOffset, HandType, VarType, ActionHeight, CanTrade, PublicFurni)
VALUES(314, 'menorah', 'M', 1, 1, ' 0,0,0', 0.0, 'S', 5, 0.0, 1, 0)
GO
INSERT INTO FurniDefinitions (FurniDefinitionID, Sprite, Flags, W, L, Col, HeightOffset, HandType, VarType, ActionHeight, CanTrade, PublicFurni)
VALUES(315, 'samovar', 'M', 1, 1, '0,0,0', 0.0, 'S', 1, 0.0, 1, 0)
GO
INSERT INTO FurniDefinitions (FurniDefinitionID, Sprite, Flags, W, L, Col, HeightOffset, HandType, VarType, ActionHeight, CanTrade, PublicFurni)
VALUES(317, 'prizetrophy*1', 'M', 1, 1, '#ffffff,#ffffff,#FFDD3F', 0.0, 'S', 6, 0.0, 1, 0)
GO
INSERT INTO FurniDefinitions (FurniDefinitionID, Sprite, Flags, W, L, Col, HeightOffset, HandType, VarType, ActionHeight, CanTrade, PublicFurni)
VALUES(319, 'rare_stand', 'MS', 1, 1, '0,0,0', 0.0, 'S', 0, 1.9, 1, 0)
GO
INSERT INTO FurniDefinitions (FurniDefinitionID, Sprite, Flags, W, L, Col, HeightOffset, HandType, VarType, ActionHeight, CanTrade, PublicFurni)
VALUES(320, 'hcamme', 'MS', 1, 2, '0,0,0', 8.5, 'S', 5, 1.0, 1, 0)
GO
INSERT INTO FurniDefinitions (FurniDefinitionID, Sprite, Flags, W, L, Col, HeightOffset, HandType, VarType, ActionHeight, CanTrade, PublicFurni)
VALUES(321, 'rare_parasol*3', 'M', 1, 1, '#ffffff,#ffffff,#ffffff,#d47fff', 0.0, 'S', 7, 0.0, 1, 0)
GO
INSERT INTO FurniDefinitions (FurniDefinitionID, Sprite, Flags, W, L, Col, HeightOffset, HandType, VarType, ActionHeight, CanTrade, PublicFurni)
VALUES(322, 'rare_fountain*2', 'M', 1, 1, '#ffffff,#ffffff,#b8cf00', 0.0, 'S', 5, 0.0, 1, 0)
GO
INSERT INTO FurniDefinitions (FurniDefinitionID, Sprite, Flags, W, L, Col, HeightOffset, HandType, VarType, ActionHeight, CanTrade, PublicFurni)
VALUES(325, 'club_sofa', 'MS', 2, 1, '0,0,0', 0.0, 'S', 0, 1.0, 1, 0)
GO
INSERT INTO FurniDefinitions (FurniDefinitionID, Sprite, Flags, W, L, Col, HeightOffset, HandType, VarType, ActionHeight, CanTrade, PublicFurni)
VALUES(326, 'rare_globe', 'M', 1, 1, '0,0,0', 0.0, 'S', 5, 0.0, 1, 0)
GO
INSERT INTO FurniDefinitions (FurniDefinitionID, Sprite, Flags, W, L, Col, HeightOffset, HandType, VarType, ActionHeight, CanTrade, PublicFurni)
VALUES(327, 'hc_lmp', 'M', 1, 1, '0,0,0', 0.0, 'S', 5, 0.0, 1, 0)
GO
INSERT INTO FurniDefinitions (FurniDefinitionID, Sprite, Flags, W, L, Col, HeightOffset, HandType, VarType, ActionHeight, CanTrade, PublicFurni)
VALUES(328, 'birdie', 'M', 1, 1, '0,0,0', 0.0, 'S', 0, 0.0, 1, 0)
GO
INSERT INTO FurniDefinitions (FurniDefinitionID, Sprite, Flags, W, L, Col, HeightOffset, HandType, VarType, ActionHeight, CanTrade, PublicFurni)
VALUES(332, 'prizetrophy7*1', 'M', 1, 1, '#ffffff,#ffffff,#FFDD3F', 0.0, 'S', 0, 0.0, 1, 0)
GO
INSERT INTO FurniDefinitions (FurniDefinitionID, Sprite, Flags, W, L, Col, HeightOffset, HandType, VarType, ActionHeight, CanTrade, PublicFurni)
VALUES(341, 'rare_icecream*8', 'M', 1, 1, '0,0,0', 0.0, 'S', 4, 0.0, 1, 0)
GO
INSERT INTO FurniDefinitions (FurniDefinitionID, Sprite, Flags, W, L, Col, HeightOffset, HandType, VarType, ActionHeight, CanTrade, PublicFurni)
VALUES(342, 'scifirocket*7', 'M', 1, 1, '0,0,0', 0.0, 'S', 5, 0.0, 1, 0)
GO
INSERT INTO FurniDefinitions (FurniDefinitionID, Sprite, Flags, W, L, Col, HeightOffset, HandType, VarType, ActionHeight, CanTrade, PublicFurni)
VALUES(346, 'poster', 'V', 0, 0, '45', 0.0, 'I', 0, 0.0, 1, 0)
GO
INSERT INTO FurniDefinitions (FurniDefinitionID, Sprite, Flags, W, L, Col, HeightOffset, HandType, VarType, ActionHeight, CanTrade, PublicFurni)
VALUES(347, 'poster', 'V', 0, 0, '19', 0.0, 'I', 0, 0.0, 1, 0)
GO
INSERT INTO FurniDefinitions (FurniDefinitionID, Sprite, Flags, W, L, Col, HeightOffset, HandType, VarType, ActionHeight, CanTrade, PublicFurni)
VALUES(349, 'carpet_polar*3', 'POM', 2, 3, '#ffef9c,#ffef9c,#ffef9c', 0.0, 'S', 0, 0.0, 1, 0)
GO
INSERT INTO FurniDefinitions (FurniDefinitionID, Sprite, Flags, W, L, Col, HeightOffset, HandType, VarType, ActionHeight, CanTrade, PublicFurni)
VALUES(350, 'carpet_polar*4', 'POM', 2, 3, '#caea9c,#caea9c,#caea9c', 0.0, 'S', 0, 0.0, 1, 0)
GO
INSERT INTO FurniDefinitions (FurniDefinitionID, Sprite, Flags, W, L, Col, HeightOffset, HandType, VarType, ActionHeight, CanTrade, PublicFurni)
VALUES(352, 'shelves_basic', 'M', 2, 1, '0,0,0', 0.0, 'S', 0, 0.0, 1, 0)
GO
INSERT INTO FurniDefinitions (FurniDefinitionID, Sprite, Flags, W, L, Col, HeightOffset, HandType, VarType, ActionHeight, CanTrade, PublicFurni)
VALUES(353, 'bar_basic', 'M', 1, 1, '0,0,0', 0.0, 'S', 1, 0.0, 1, 0)
GO
INSERT INTO FurniDefinitions (FurniDefinitionID, Sprite, Flags, W, L, Col, HeightOffset, HandType, VarType, ActionHeight, CanTrade, PublicFurni)
VALUES(354, 'fridge', 'M', 1, 1, '0,0,0', 0.0, 'S', 1, 0.0, 1, 0)
GO
INSERT INTO FurniDefinitions (FurniDefinitionID, Sprite, Flags, W, L, Col, HeightOffset, HandType, VarType, ActionHeight, CanTrade, PublicFurni)
VALUES(355, 'lamp_basic', 'M', 1, 1, '0,0,0', 0.0, 'S', 5, 0.0, 1, 0)
GO
INSERT INTO FurniDefinitions (FurniDefinitionID, Sprite, Flags, W, L, Col, HeightOffset, HandType, VarType, ActionHeight, CanTrade, PublicFurni)
VALUES(356, 'heartsofa', 'MS', 2, 1, '0,0,0', 0.0, 'S', 0, 1.0, 1, 0)
GO
INSERT INTO FurniDefinitions (FurniDefinitionID, Sprite, Flags, W, L, Col, HeightOffset, HandType, VarType, ActionHeight, CanTrade, PublicFurni)
VALUES(357, 'valentinescreen', 'SM', 2, 1, '0,0,0', 0.0, 'S', 0, 1.1, 1, 0)
GO
INSERT INTO FurniDefinitions (FurniDefinitionID, Sprite, Flags, W, L, Col, HeightOffset, HandType, VarType, ActionHeight, CanTrade, PublicFurni)
VALUES(358, 'joulutahti', 'M', 1, 1, '0,0,0', 0.0, 'S', 0, 0.0, 1, 0)
GO
INSERT INTO FurniDefinitions (FurniDefinitionID, Sprite, Flags, W, L, Col, HeightOffset, HandType, VarType, ActionHeight, CanTrade, PublicFurni)
VALUES(359, 'plant_cruddy', 'M', 1, 1, '0,0,0', 0.0, 'S', 0, 0.0, 1, 0)
GO
INSERT INTO FurniDefinitions (FurniDefinitionID, Sprite, Flags, W, L, Col, HeightOffset, HandType, VarType, ActionHeight, CanTrade, PublicFurni)
VALUES(360, 'duck', 'M', 1, 1, '0,0,0', 0.0, 'S', 0, 0.0, 1, 0)
GO
INSERT INTO FurniDefinitions (FurniDefinitionID, Sprite, Flags, W, L, Col, HeightOffset, HandType, VarType, ActionHeight, CanTrade, PublicFurni)
VALUES(361, 'statue', 'M', 1, 1, '0,0,0', 0.0, 'S', 0, 0.0, 1, 0)
GO
INSERT INTO FurniDefinitions (FurniDefinitionID, Sprite, Flags, W, L, Col, HeightOffset, HandType, VarType, ActionHeight, CanTrade, PublicFurni)
VALUES(307, 'hc_dsk', 'M', 1, 2, '0,0,0', 0.0, 'S', 5, 0.0, 1, 0)
GO
INSERT INTO FurniDefinitions (FurniDefinitionID, Sprite, Flags, W, L, Col, HeightOffset, HandType, VarType, ActionHeight, CanTrade, PublicFurni)
VALUES(308, 'hc_chr', 'SM', 1, 1, '0,0,0', 0.0, 'S', 0, 1.0, 1, 0)
GO
INSERT INTO FurniDefinitions (FurniDefinitionID, Sprite, Flags, W, L, Col, HeightOffset, HandType, VarType, ActionHeight, CanTrade, PublicFurni)
VALUES(309, 'skullcandle', 'M', 1, 1, '0,0,0', 0.0, 'S', 5, 0.0, 1, 0)
GO
INSERT INTO FurniDefinitions (FurniDefinitionID, Sprite, Flags, W, L, Col, HeightOffset, HandType, VarType, ActionHeight, CanTrade, PublicFurni)
VALUES(311, 'edicehc', 'M', 1, 1, ' ', 0.0, 'S', 3, 0.0, 1, 0)
GO
INSERT INTO FurniDefinitions (FurniDefinitionID, Sprite, Flags, W, L, Col, HeightOffset, HandType, VarType, ActionHeight, CanTrade, PublicFurni)
VALUES(312, 'bar_polyfon', 'MZX', 1, 1, ' 0,0,0', 0.0, 'S', 3, 1.5, 1, 0)
GO
INSERT INTO FurniDefinitions (FurniDefinitionID, Sprite, Flags, W, L, Col, HeightOffset, HandType, VarType, ActionHeight, CanTrade, PublicFurni)
VALUES(313, 'doorD', 'MZX', 1, 1, ' 0,0,0', 0.0, 'S', 1, 0.0, 1, 0)
GO
INSERT INTO FurniDefinitions (FurniDefinitionID, Sprite, Flags, W, L, Col, HeightOffset, HandType, VarType, ActionHeight, CanTrade, PublicFurni)
VALUES(316, 'hc_dsk', 'M', 1, 2, ' 0,0,0', 0.0, 'S', 5, 0.0, 1, 0)
GO
INSERT INTO FurniDefinitions (FurniDefinitionID, Sprite, Flags, W, L, Col, HeightOffset, HandType, VarType, ActionHeight, CanTrade, PublicFurni)
VALUES(318, 'poster', 'V', 0, 0, '2005', 0.0, 'I', 0, 0.0, 1, 0)
GO
INSERT INTO FurniDefinitions (FurniDefinitionID, Sprite, Flags, W, L, Col, HeightOffset, HandType, VarType, ActionHeight, CanTrade, PublicFurni)
VALUES(323, 'rare_elephant_statue*1', 'M', 1, 1, '#ffffff,#bfbfbf/', 0.0, 'S', 5, 0.0, 1, 0)
GO
INSERT INTO FurniDefinitions (FurniDefinitionID, Sprite, Flags, W, L, Col, HeightOffset, HandType, VarType, ActionHeight, CanTrade, PublicFurni)
VALUES(324, 'rare_elephant_statue*2', 'M', 1, 1, '#ffffff,#d46b00', 0.0, 'S', 7, 0.0, 1, 0)
GO
INSERT INTO FurniDefinitions (FurniDefinitionID, Sprite, Flags, W, L, Col, HeightOffset, HandType, VarType, ActionHeight, CanTrade, PublicFurni)
VALUES(329, 'birdie', 'M', 1, 1, '0,0,0', 0.0, 'S', 5, 0.0, 1, 0)
GO
INSERT INTO FurniDefinitions (FurniDefinitionID, Sprite, Flags, W, L, Col, HeightOffset, HandType, VarType, ActionHeight, CanTrade, PublicFurni)
VALUES(330, 'rcandleset', 'M', 1, 1, '0,0,0', 0.0, 'S', 5, 0.0, 1, 0)
GO
INSERT INTO FurniDefinitions (FurniDefinitionID, Sprite, Flags, W, L, Col, HeightOffset, HandType, VarType, ActionHeight, CanTrade, PublicFurni)
VALUES(331, 'rcandle', 'M', 1, 1, '0,0,0', 0.0, 'S', 5, 0.0, 1, 0)
GO
INSERT INTO FurniDefinitions (FurniDefinitionID, Sprite, Flags, W, L, Col, HeightOffset, HandType, VarType, ActionHeight, CanTrade, PublicFurni)
VALUES(333, 'rare_fountain*1', 'M', 1, 1, '#ffffff,#ffffff,#ffffff', 0.0, 'S', 5, 0.0, 1, 0)
GO
INSERT INTO FurniDefinitions (FurniDefinitionID, Sprite, Flags, W, L, Col, HeightOffset, HandType, VarType, ActionHeight, CanTrade, PublicFurni)
VALUES(334, 'house', 'M', 1, 1, '0,0,0', 0.0, 'S', 0, 0.0, 1, 0)
GO
INSERT INTO FurniDefinitions (FurniDefinitionID, Sprite, Flags, W, L, Col, HeightOffset, HandType, VarType, ActionHeight, CanTrade, PublicFurni)
VALUES(335, 'rare_fountain', 'M', 1, 1, '#ffffff,#ffffff,#ff6666', 0.0, 'S', 5, 0.0, 1, 0)
GO
INSERT INTO FurniDefinitions (FurniDefinitionID, Sprite, Flags, W, L, Col, HeightOffset, HandType, VarType, ActionHeight, CanTrade, PublicFurni)
VALUES(336, 'carpet_standard*6', 'MOP', 3, 5, '#00000', 0.0, 'S', 0, 0.0, 1, 0)
GO
INSERT INTO FurniDefinitions (FurniDefinitionID, Sprite, Flags, W, L, Col, HeightOffset, HandType, VarType, ActionHeight, CanTrade, PublicFurni)
VALUES(337, 'poster', 'V', 0, 0, '1004', 0.0, 'I', 0, 0.0, 1, 0)
GO
INSERT INTO FurniDefinitions (FurniDefinitionID, Sprite, Flags, W, L, Col, HeightOffset, HandType, VarType, ActionHeight, CanTrade, PublicFurni)
VALUES(338, 'md_limukaappi', 'M', 1, 1, '0,0,0', 0.0, 'S', 4, 0.0, 1, 0)
GO
INSERT INTO FurniDefinitions (FurniDefinitionID, Sprite, Flags, W, L, Col, HeightOffset, HandType, VarType, ActionHeight, CanTrade, PublicFurni)
VALUES(339, 'scifiport*9', 'M', 1, 1, '0,0,0', 0.0, 'S', 2, 0.0, 1, 0)
GO
INSERT INTO FurniDefinitions (FurniDefinitionID, Sprite, Flags, W, L, Col, HeightOffset, HandType, VarType, ActionHeight, CanTrade, PublicFurni)
VALUES(340, 'pillow*2', 'MS', 1, 1, '#ffffff,#ffffff,#ffffff,#d47fff', 0.0, 'S', 0, 1.0, 1, 0)
GO
INSERT INTO FurniDefinitions (FurniDefinitionID, Sprite, Flags, W, L, Col, HeightOffset, HandType, VarType, ActionHeight, CanTrade, PublicFurni)
VALUES(343, 'poster', 'V', 0, 0, '29', 0.0, 'I', 0, 0.0, 1, 0)
GO
INSERT INTO FurniDefinitions (FurniDefinitionID, Sprite, Flags, W, L, Col, HeightOffset, HandType, VarType, ActionHeight, CanTrade, PublicFurni)
VALUES(344, 'poster', 'V', 0, 0, '46', 0.0, 'I', 0, 0.0, 1, 0)
GO
INSERT INTO FurniDefinitions (FurniDefinitionID, Sprite, Flags, W, L, Col, HeightOffset, HandType, VarType, ActionHeight, CanTrade, PublicFurni)
VALUES(345, 'poster', 'V', 0, 0, '48', 0.0, 'I', 0, 0.0, 1, 0)
GO
INSERT INTO FurniDefinitions (FurniDefinitionID, Sprite, Flags, W, L, Col, HeightOffset, HandType, VarType, ActionHeight, CanTrade, PublicFurni)
VALUES(348, 'carpet_polar*2', 'POM', 2, 3, '#bacaec,#bacaec,#bacaec', 0.0, 'S', 0, 0.0, 1, 0)
GO
INSERT INTO FurniDefinitions (FurniDefinitionID, Sprite, Flags, W, L, Col, HeightOffset, HandType, VarType, ActionHeight, CanTrade, PublicFurni)
VALUES(351, 'djesko_turntable', 'M', 1, 1, '0,0,0', 0.0, 'S', 0, 0.0, 1, 0)
GO
INSERT INTO FurniDefinitions (FurniDefinitionID, Sprite, Flags, W, L, Col, HeightOffset, HandType, VarType, ActionHeight, CanTrade, PublicFurni)
VALUES(362, 'poster', 'V', 0, 0, '47', 0.0, 'I', 0, 0.0, 1, 0)
GO
INSERT INTO FurniDefinitions (FurniDefinitionID, Sprite, Flags, W, L, Col, HeightOffset, HandType, VarType, ActionHeight, CanTrade, PublicFurni)
VALUES(363, 'poster', 'V', 0, 0, '49', 0.0, 'I', 0, 0.0, 1, 0)
GO

-- Disable identity insert
SET IDENTITY_INSERT FurniDefinitions OFF
GO



-- Dumping data for table 'GameConfig'
--

-- Enable identity insert
SET IDENTITY_INSERT GameConfig ON
GO

INSERT INTO GameConfig (ConfigVersion, DatabaseVersion)
VALUES(1, 1)
GO

-- Disable identity insert
SET IDENTITY_INSERT GameConfig OFF
GO

-- Dumping data for table 'RoleAccess'
--

-- Enable identity insert
SET IDENTITY_INSERT RoleAccess ON
GO

INSERT INTO RoleAccess (RoleAccessID, RoleID, RightName)
VALUES(26, 1, 'default')
GO
INSERT INTO RoleAccess (RoleAccessID, RoleID, RightName)
VALUES(27, 1, 'fuse_login')
GO
INSERT INTO RoleAccess (RoleAccessID, RoleID, RightName)
VALUES(28, 1, 'fuse_use_club_outfits')
GO
INSERT INTO RoleAccess (RoleAccessID, RoleID, RightName)
VALUES(29, 1, 'fuse_room_queue_default')
GO
INSERT INTO RoleAccess (RoleAccessID, RoleID, RightName)
VALUES(30, 1, 'fuse_buy_credits')
GO
INSERT INTO RoleAccess (RoleAccessID, RoleID, RightName)
VALUES(31, 1, 'fuse_trade')
GO
INSERT INTO RoleAccess (RoleAccessID, RoleID, RightName)
VALUES(32, 2, 'fuse_use_club_badge')
GO
INSERT INTO RoleAccess (RoleAccessID, RoleID, RightName)
VALUES(33, 2, 'fuse_room_queue_club')
GO
INSERT INTO RoleAccess (RoleAccessID, RoleID, RightName)
VALUES(34, 2, 'fuse_use_club_dance')
GO
INSERT INTO RoleAccess (RoleAccessID, RoleID, RightName)
VALUES(35, 2, 'fuse_priority_access')
GO
INSERT INTO RoleAccess (RoleAccessID, RoleID, RightName)
VALUES(36, 2, 'fuse_furni_chooser')
GO
INSERT INTO RoleAccess (RoleAccessID, RoleID, RightName)
VALUES(37, 3, 'fuse_enter_full_rooms')
GO
INSERT INTO RoleAccess (RoleAccessID, RoleID, RightName)
VALUES(38, 4, 'fuse_cannot_get_kicked')
GO
INSERT INTO RoleAccess (RoleAccessID, RoleID, RightName)
VALUES(41, 4, 'fuse_enter_full_rooms')
GO
INSERT INTO RoleAccess (RoleAccessID, RoleID, RightName)
VALUES(42, 5, 'fuse_cannot_get_kicked')
GO
INSERT INTO RoleAccess (RoleAccessID, RoleID, RightName)
VALUES(44, 5, 'fuse_mute')
GO
INSERT INTO RoleAccess (RoleAccessID, RoleID, RightName)
VALUES(45, 6, 'fuse_kick')
GO
INSERT INTO RoleAccess (RoleAccessID, RoleID, RightName)
VALUES(46, 6, 'fuse_alert')
GO
INSERT INTO RoleAccess (RoleAccessID, RoleID, RightName)
VALUES(47, 6, 'thor_moderator')
GO
INSERT INTO RoleAccess (RoleAccessID, RoleID, RightName)
VALUES(48, 7, 'fuse_ban')
GO
INSERT INTO RoleAccess (RoleAccessID, RoleID, RightName)
VALUES(49, 7, 'fuse_enter_locked_rooms')
GO
INSERT INTO RoleAccess (RoleAccessID, RoleID, RightName)
VALUES(50, 8, 'fuse_any_room_rights')
GO
INSERT INTO RoleAccess (RoleAccessID, RoleID, RightName)
VALUES(51, 8, 'fuse_room_kick')
GO
INSERT INTO RoleAccess (RoleAccessID, RoleID, RightName)
VALUES(52, 8, 'fuse_room_alert')
GO
INSERT INTO RoleAccess (RoleAccessID, RoleID, RightName)
VALUES(53, 8, 'fuse_room_mute')
GO
INSERT INTO RoleAccess (RoleAccessID, RoleID, RightName)
VALUES(54, 8, 'fuse_see_all_roomowners')
GO
INSERT INTO RoleAccess (RoleAccessID, RoleID, RightName)
VALUES(55, 9, 'fuse_any_room_controller')
GO
INSERT INTO RoleAccess (RoleAccessID, RoleID, RightName)
VALUES(56, 10, 'fuse_see_system_categories')
GO
INSERT INTO RoleAccess (RoleAccessID, RoleID, RightName)
VALUES(57, 10, 'fuse_staff_catalogue')
GO
INSERT INTO RoleAccess (RoleAccessID, RoleID, RightName)
VALUES(58, 10, 'fuse_admin_servcast')
GO
INSERT INTO RoleAccess (RoleAccessID, RoleID, RightName)
VALUES(59, 7, 'fuse_cfh')
GO
INSERT INTO RoleAccess (RoleAccessID, RoleID, RightName)
VALUES(60, 2, 'fuse_habbo_chooser')
GO
INSERT INTO RoleAccess (RoleAccessID, RoleID, RightName)
VALUES(61, 7, 'fuse_housekeeping_login')
GO
INSERT INTO RoleAccess (RoleAccessID, RoleID, RightName)
VALUES(62, 7, 'fuse_housekeeping_cats_users')
GO
INSERT INTO RoleAccess (RoleAccessID, RoleID, RightName)
VALUES(63, 7, 'fuse_housekeeping_user_lookup')
GO
INSERT INTO RoleAccess (RoleAccessID, RoleID, RightName)
VALUES(64, 10, 'fuse_housekeeping_user_changerole')
GO
INSERT INTO RoleAccess (RoleAccessID, RoleID, RightName)
VALUES(65, 9, 'fuse_housekeeping_user_changename')
GO
INSERT INTO RoleAccess (RoleAccessID, RoleID, RightName)
VALUES(66, 10, 'fuse_housekeeping_user_changeclub')
GO
INSERT INTO RoleAccess (RoleAccessID, RoleID, RightName)
VALUES(67, 10, 'fuse_housekeeping_user_changecredits')
GO
INSERT INTO RoleAccess (RoleAccessID, RoleID, RightName)
VALUES(68, 10, 'fuse_housekeeping_cats_economy')
GO
INSERT INTO RoleAccess (RoleAccessID, RoleID, RightName)
VALUES(69, 10, 'fuse_housekeeping_economy_createvoucher')
GO
INSERT INTO RoleAccess (RoleAccessID, RoleID, RightName)
VALUES(70, 9, 'fuse_housekeeping_user_referraltool')
GO
INSERT INTO RoleAccess (RoleAccessID, RoleID, RightName)
VALUES(72, 7, 'fuse_housekeeping_cats_moderation')
GO
INSERT INTO RoleAccess (RoleAccessID, RoleID, RightName)
VALUES(73, 10, 'fuse_housekeeping_economy_spawnfurni')
GO
INSERT INTO RoleAccess (RoleAccessID, RoleID, RightName)
VALUES(74, 7, 'fuse_whereis')
GO
INSERT INTO RoleAccess (RoleAccessID, RoleID, RightName)
VALUES(75, 7, 'fuse_who')
GO

-- Disable identity insert
SET IDENTITY_INSERT RoleAccess OFF
GO



-- Dumping data for table 'Roles'
--
INSERT INTO Roles (RoleID, RoleName, InheritRole)
VALUES(1, 'User', 0)
GO
INSERT INTO Roles (RoleID, RoleName, InheritRole)
VALUES(2, 'Habbo Club', 1)
GO
INSERT INTO Roles (RoleID, RoleName, InheritRole)
VALUES(3, 'HabboX', 2)
GO
INSERT INTO Roles (RoleID, RoleName, InheritRole)
VALUES(4, 'VIP', 2)
GO
INSERT INTO Roles (RoleID, RoleName, InheritRole)
VALUES(5, 'Event Organiser', 3)
GO
INSERT INTO Roles (RoleID, RoleName, InheritRole)
VALUES(6, 'Trainee Hobba', 5)
GO
INSERT INTO Roles (RoleID, RoleName, InheritRole)
VALUES(7, 'Gold Hobba', 6)
GO
INSERT INTO Roles (RoleID, RoleName, InheritRole)
VALUES(8, 'Supervisor Hobba', 7)
GO
INSERT INTO Roles (RoleID, RoleName, InheritRole)
VALUES(9, 'Moderator', 8)
GO
INSERT INTO Roles (RoleID, RoleName, InheritRole)
VALUES(10, 'Administrator', 9)
GO


-- Dumping data for table 'RoomCategories'
--
INSERT INTO RoomCategories (RoomCategoryID, RoomCategoryName, RoomCategoryParent, RoomCategoryType, CanTrade, IsVisible, PlayerCategory, CategoryOrder, SystemCategory)
VALUES(3, 'Rooms in Asgard', 0, 0, 0, 1, 0, 0, 0)
GO
INSERT INTO RoomCategories (RoomCategoryID, RoomCategoryName, RoomCategoryParent, RoomCategoryType, CanTrade, IsVisible, PlayerCategory, CategoryOrder, SystemCategory)
VALUES(4, 'Rooms in Midgard', 0, 2, 0, 1, 0, 0, 0)
GO
INSERT INTO RoomCategories (RoomCategoryID, RoomCategoryName, RoomCategoryParent, RoomCategoryType, CanTrade, IsVisible, PlayerCategory, CategoryOrder, SystemCategory)
VALUES(5, 'No Category', 4, 2, 1, 0, 1, 0, 0)
GO
INSERT INTO RoomCategories (RoomCategoryID, RoomCategoryName, RoomCategoryParent, RoomCategoryType, CanTrade, IsVisible, PlayerCategory, CategoryOrder, SystemCategory)
VALUES(6, 'Staff Reccomended Rooms', 4, 2, 1, 1, 0, 0, 0)
GO
INSERT INTO RoomCategories (RoomCategoryID, RoomCategoryName, RoomCategoryParent, RoomCategoryType, CanTrade, IsVisible, PlayerCategory, CategoryOrder, SystemCategory)
VALUES(7, 'Trade Rooms', 4, 2, 1, 1, 1, 20, 0)
GO
INSERT INTO RoomCategories (RoomCategoryID, RoomCategoryName, RoomCategoryParent, RoomCategoryType, CanTrade, IsVisible, PlayerCategory, CategoryOrder, SystemCategory)
VALUES(8, 'Outside Spaces', 3, 0, 0, 1, 0, 0, 0)
GO
INSERT INTO RoomCategories (RoomCategoryID, RoomCategoryName, RoomCategoryParent, RoomCategoryType, CanTrade, IsVisible, PlayerCategory, CategoryOrder, SystemCategory)
VALUES(9, 'System Rooms (Invisible)', 3, 0, 1, 0, 0, 100, 1)
GO
INSERT INTO RoomCategories (RoomCategoryID, RoomCategoryName, RoomCategoryParent, RoomCategoryType, CanTrade, IsVisible, PlayerCategory, CategoryOrder, SystemCategory)
VALUES(10, 'Unfinished', 9, 0, 1, 0, 0, 101, 1)
GO
INSERT INTO RoomCategories (RoomCategoryID, RoomCategoryName, RoomCategoryParent, RoomCategoryType, CanTrade, IsVisible, PlayerCategory, CategoryOrder, SystemCategory)
VALUES(11, 'Room Parts', 9, 0, 1, 0, 0, 102, 1)
GO
INSERT INTO RoomCategories (RoomCategoryID, RoomCategoryName, RoomCategoryParent, RoomCategoryType, CanTrade, IsVisible, PlayerCategory, CategoryOrder, SystemCategory)
VALUES(12, 'Events', 9, 0, 1, 0, 0, 103, 1)
GO
INSERT INTO RoomCategories (RoomCategoryID, RoomCategoryName, RoomCategoryParent, RoomCategoryType, CanTrade, IsVisible, PlayerCategory, CategoryOrder, SystemCategory)
VALUES(13, 'Chat, Chill & Discussion Rooms', 4, 2, 0, 1, 1, 10, 0)
GO
INSERT INTO RoomCategories (RoomCategoryID, RoomCategoryName, RoomCategoryParent, RoomCategoryType, CanTrade, IsVisible, PlayerCategory, CategoryOrder, SystemCategory)
VALUES(14, 'Casinos', 4, 2, 1, 1, 1, 20, 0)
GO
INSERT INTO RoomCategories (RoomCategoryID, RoomCategoryName, RoomCategoryParent, RoomCategoryType, CanTrade, IsVisible, PlayerCategory, CategoryOrder, SystemCategory)
VALUES(16, 'Help Rooms', 4, 2, 0, 1, 1, 30, 0)
GO
INSERT INTO RoomCategories (RoomCategoryID, RoomCategoryName, RoomCategoryParent, RoomCategoryType, CanTrade, IsVisible, PlayerCategory, CategoryOrder, SystemCategory)
VALUES(17, 'Game Rooms', 4, 2, 0, 1, 1, 40, 0)
GO

-- Dumping data for table 'Rooms'
--

-- Enable identity insert
SET IDENTITY_INSERT RoomTypes ON
GO

INSERT INTO RoomTypes (RoomTypeID, FriendlyName, RoomModel, DefaultHeightmap, StartX, StartY, StartZ, Guest, ReactorType, CCTS, UserType, MaxAscend, MaxDescend)
VALUES(1, 'Guest Model A', 'model_a', 'xxxxxxxxxxxx|xxxx00000000|xxxx00000000|xxxx00000000|xxxx00000000|xxxx00000000|xxxx00000000|xxxx00000000|xxxx00000000|xxxx00000000|xxxx00000000|xxxx00000000|xxxx00000000|xxxx00000000|xxxxxxxxxxxx|xxxxxxxxxxxx', 3, 5, 0, 1, 'FlatReactor', '0', 1, 1.5, 4.0)
GO
INSERT INTO RoomTypes (RoomTypeID, FriendlyName, RoomModel, DefaultHeightmap, StartX, StartY, StartZ, Guest, ReactorType, CCTS, UserType, MaxAscend, MaxDescend)
VALUES(2, 'Public Welcome Lounge', 'newbie_lobby', 'xxxxxxxxxxxxxxxx000000|xxxxx0xxxxxxxxxx000000|xxxxx00000000xxx000000|xxxxx000000000xx000000|0000000000000000000000|0000000000000000000000|0000000000000000000000|0000000000000000000000|0000000000000000000000|xxxxx000000000000000xx|xxxxx000000000000000xx|x0000000000000000000xx|x0000000000000000xxxxx|xxxxxx00000000000xxxxx|xxxxxxx0000000000xxxxx|xxxxxxxx000000000xxxxx|xxxxxxxx000000000xxxxx|xxxxxxxx000000000xxxxx|xxxxxxxx000000000xxxxx|xxxxxxxx000000000xxxxx|xxxxxxxx000000000xxxxx|xxxxxx00000000000xxxxx|xxxxxx00000000000xxxxx|xxxxxx00000000000xxxxx|xxxxxx00000000000xxxxx|xxxxxx00000000000xxxxx|xxxxx000000000000xxxxx|xxxxx000000000000xxxxx', 2, 11, 0, 0, 'PublicReactor', 'hh_room_nlobby', 0, 1.5, 4.0)
GO
INSERT INTO RoomTypes (RoomTypeID, FriendlyName, RoomModel, DefaultHeightmap, StartX, StartY, StartZ, Guest, ReactorType, CCTS, UserType, MaxAscend, MaxDescend)
VALUES(4, 'Public Lido A', 'pool_a', 'xxxxxxxxxxxxxxxxxxxxxxxxxxxxxxxxxxxxxxxxxxx|xxxxxxxxxxxxxxxxxxxxxxxxxxxxxxxxxxxxxxxxxxx|xxxxxxxxxxxxxxxxx7xxxxxxxxxxxxxxxxxxxxxxxxx|xxxxxxxxxxxxxxxxx777xxxxxxxxxxxxxxxxxxxxxxx|xxxxxxxxxxxxxx7777777xxxxxxxxxxxxxxxxxxxxxx|xxxxxxxxxxxxxx77777777xxxxxxxxxxxxxxxxxxxxx|xxxxxxxxxxxxxxx77777777xxxxxxxxxxxxxxxxxxxx|xxxxxxxxxxxxxxx777777777xxxxxxxxxxxxxxxxxxx|xxxxxxxxxxxxxxx7xxx777777xxxxxxxxxxxxxxxxxx|xxxxxxxxxxxxxxx7x777777777xxxxxxxxxxxxxxxxx|xxxxxxxxxxxxxxx7xxx77777777xxxxxxxxxxxxxxxx|xxxxxxxxxxxxxxx7x777777777x7xxxxxxxxxxxxxxx|xxxxxxxxxxxxxxx7xxx7777777777xxxxxxxxxxxxxx|xxxxxxxxxxxxxxx777777777777xxxxxxxxxxxxxxxx|xxxxxxxxxxxxxxx77777777777x2111xxxxxxxxxxxx|xxxxxxxxxxxxxxx7777777777x221111xxxxxxxxxxx|xxxxxxxxx7777777777777777x2211111xxxxxxxxxx|xxxxxxxxx7777777777777777x22211111xxxxxxxxx|xxxxxxxxx7777777777777777x222211111xxxxxxxx|xxxxxx77777777777777777777x222211111xxxxxxx|xxxxxx7777777xx777777777777x222211111xxxxxx|xxxxxx7777777xx77777777777772222111111xxxxx|xxxxxx777777777777777777777x22221111111xxxx|xx7777777777777777777777x322222211111111xxx|77777777777777777777777x33222222111111111xx|7777777777777777777777x333222222211111111xx|xx7777777777777777777x333322222222111111xxx|xx7777777777777777777333332222222221111xxxx|xx777xxx777777777777733333222222222211xxxxx|xx777x7x77777777777773333322222222222xxxxxx|xx777x7x7777777777777x33332222222222xxxxxxx|xxx77x7x7777777777777xx333222222222xxxxxxxx|xxxx77777777777777777xxx3222222222xxxxxxxxx|xxxxx777777777777777777xx22222222xxxxxxxxxx|xxxxxx777777777777777777x2222222xxxxxxxxxxx|xxxxxxx777777777777777777222222xxxxxxxxxxxx|xxxxxxxx7777777777777777722222xxxxxxxxxxxxx|xxxxxxxxx77777777777777772222xxxxxxxxxxxxxx|xxxxxxxxxx777777777777777222xxxxxxxxxxxxxxx|xxxxxxxxxxx77777777777777x2xxxxxxxxxxxxxxxx|xxxxxxxxxxxx77777777777777xxxxxxxxxxxxxxxxx|xxxxxxxxxxxxx777777777777xxxxxxxxxxxxxxxxxx|xxxxxxxxxxxxxx7777777777xxxxxxxxxxxxxxxxxxx|xxxxxxxxxxxxxxx77777777xxxxxxxxxxxxxxxxxxxx|xxxxxxxxxxxxxxxx777777xxxxxxxxxxxxxxxxxxxxx|xxxxxxxxxxxxxxxxx7777xxxxxxxxxxxxxxxxxxxxxx|xxxxxxxxxxxxxxxxxx77xxxxxxxxxxxxxxxxxxxxxxx|xxxxxxxxxxxxxxxxxxxxxxxxxxxxxxxxxxxxxxxxxxx', 2, 25, 7, 0, 'LidoReactor', 'hh_room_pool,hh_people_pool', 0, 1.5, 3.0)
GO
INSERT INTO RoomTypes (RoomTypeID, FriendlyName, RoomModel, DefaultHeightmap, StartX, StartY, StartZ, Guest, ReactorType, CCTS, UserType, MaxAscend, MaxDescend)
VALUES(5, 'Guest Model B', 'model_b', 'xxxxxxxxxxxx|xxxxx0000000|xxxxx0000000|xxxxx0000000|xxxxx0000000|x00000000000|x00000000000|x00000000000|x00000000000|x00000000000|x00000000000|xxxxxxxxxxxx|xxxxxxxxxxxx|xxxxxxxxxxxx|xxxxxxxxxxxx|xxxxxxxxxxxx', 0, 5, 0, 1, 'FlatReactor', '0', 1, 1.5, 4.0)
GO
INSERT INTO RoomTypes (RoomTypeID, FriendlyName, RoomModel, DefaultHeightmap, StartX, StartY, StartZ, Guest, ReactorType, CCTS, UserType, MaxAscend, MaxDescend)
VALUES(6, 'Guest Model C', 'model_c', 'xxxxxxxxxxxx|xxxxxxxxxxxx|xxxxxxxxxxxx|xxxxxxxxxxxx|xxxxxxxxxxxx|xxxxx000000x|xxxxx000000x|xxxxx000000x|xxxxx000000x|xxxxx000000x|xxxxx000000x|xxxxxxxxxxxx|xxxxxxxxxxxx|xxxxxxxxxxxx|xxxxxxxxxxxx|xxxxxxxxxxxx', 4, 7, 0, 1, 'FlatReactor', '0', 1, 1.5, 4.0)
GO
INSERT INTO RoomTypes (RoomTypeID, FriendlyName, RoomModel, DefaultHeightmap, StartX, StartY, StartZ, Guest, ReactorType, CCTS, UserType, MaxAscend, MaxDescend)
VALUES(7, 'Guest Model D', 'model_d', 'xxxxxxxxxxxx|xxxxx000000x|xxxxx000000x|xxxxx000000x|xxxxx000000x|xxxxx000000x|xxxxx000000x|xxxxx000000x|xxxxx000000x|xxxxx000000x|xxxxx000000x|xxxxx000000x|xxxxx000000x|xxxxx000000x|xxxxx000000x|xxxxxxxxxxxx', 4, 7, 0, 1, 'FlatReactor', '0', 1, 1.5, 4.0)
GO
INSERT INTO RoomTypes (RoomTypeID, FriendlyName, RoomModel, DefaultHeightmap, StartX, StartY, StartZ, Guest, ReactorType, CCTS, UserType, MaxAscend, MaxDescend)
VALUES(8, 'Guest Model E', 'model_e', 'xxxxxxxxxxxx|xxxxxxxxxxxx|xxxxxxxxxxxx|xx0000000000|xx0000000000|xx0000000000|xx0000000000|xx0000000000|xx0000000000|xx0000000000|xx0000000000|xxxxxxxxxxxx|xxxxxxxxxxxx|xxxxxxxxxxxx|xxxxxxxxxxxx|xxxxxxxxxxxx', 1, 5, 0, 1, 'FlatReactor', '0', 1, 1.5, 4.0)
GO
INSERT INTO RoomTypes (RoomTypeID, FriendlyName, RoomModel, DefaultHeightmap, StartX, StartY, StartZ, Guest, ReactorType, CCTS, UserType, MaxAscend, MaxDescend)
VALUES(9, 'Guest Model F', 'model_f', 'xxxxxxxxxxxx|xxxxxxx0000x|xxxxxxx0000x|xxx00000000x|xxx00000000x|xxx00000000x|xxx00000000x|x0000000000x|x0000000000x|x0000000000x|x0000000000x|xxxxxxxxxxxx|xxxxxxxxxxxx|xxxxxxxxxxxx|xxxxxxxxxxxx|xxxxxxxxxxxx', 2, 5, 0, 1, 'FlatReactor', '0', 1, 1.5, 4.0)
GO
INSERT INTO RoomTypes (RoomTypeID, FriendlyName, RoomModel, DefaultHeightmap, StartX, StartY, StartZ, Guest, ReactorType, CCTS, UserType, MaxAscend, MaxDescend)
VALUES(11, 'Public Library', 'library', 'xxxxxxxxxxxxxxxxxxxxxxxxxxxxxxxx|xxxxxxxxxxxxxxxxxxxxxxxxxxxxxxxx|xxxxxxxxxxxxx11111xx1xx1x111111x|xxxxxxxxxxxx111111xx1xx11111111x|xx111xxxxxxx111111xx1xx11111111x|xx111xxxxxxx1111111111111111111x|xx111xxxxxxx1111111111111111111x|xx111xxxxxxx1111111111111111111x|xx111xxxxxxx1111111111111xxxxxxx|xx111xxxxxx11111111111111111111x|xx111xxxxxx11111111111111111111x|xx111xxxxxx11111111111111111111x|xx111xxxxxx11111111111111xxxxxxx|xx111xxxxxxxx111111111111111111x|xx111xx11111x111111111111111111x|xx111xx11111x111111111111111111x|xx111xxxxx11x11111111x111xxxxxxx|xx111xxxxxxxx11111111xx11111111x|xx111xxx1111111111111xxx1111111x|xx111xxx1111111111111xxxx111111x|xxx111xx1111111111x11xxxx000000x|xxxxx1111xx1111111x11xxxx000000x|xxxxxxxxxxxx111111x11xxxx000000x|xxxxxxxxxxxx11xx11x11xxxx000000x|xxxxxxxxxxxx11xx11x11xxxx000000x|xxxxxxxxxxxx11xx11x11xxxx000000x|xxxxxxxxxxxx11xx11x11xxxx000000x|xxxxxxxxxxxx11xx11x11xxxx000000x|xxxxxxxxxxxx11xx11x111xxx000000x|xxxxxxxxxxxxxxxxxxxx11xxx000000x|xxxxxxxxxxxxxxxxxxxx11xxxxxxxxxx|xxxxxxxxxxxxxxxxxxxx22222xxxxxxx|xxxxxxxxxxxxxxxxxxxx22222xxxxxxx|xxxxxxxxxxxxxxxxxxxx22222xxxxxxx|xxxxxxxxxxxxxxxxxxxx22222xxxxxxx|xxxxxxxxxxxxxxxxxxxx22222xxxxxxx|xxxxxxxxxxxxxxxxxxxx22222xxxxxxx|xxxxxxxxxxxxxxxxxxxxxxxxxxxxxxxx', 20, 3, 1, 0, 'PublicReactor', 'hh_room_library', 0, 1.5, 4.0)
GO
INSERT INTO RoomTypes (RoomTypeID, FriendlyName, RoomModel, DefaultHeightmap, StartX, StartY, StartZ, Guest, ReactorType, CCTS, UserType, MaxAscend, MaxDescend)
VALUES(12, 'Public Port', 'floatinggarden', 'xxxxxxxxxxxxxxxx333333xxxxxxxxx|xxxxxxxxxxxxxxxx3xxxx3xxxxxxxxx|xxxxxxxxxxxxxxxx3xxxx3xxxxxxxxx|xxxxxxxxxxxxxxxx3xxxx3xxxxxxxxx|xxxxxxxxxxxxxxx223xxx33xxxxxxxx|xxxxxxxxxxxxxxx11xxx33333xxxxxx|xxxxxxxxxxxxxxxx11xx3333333xxxx|xxxxxxxxxxxxxxxx11xx33333333xxx|xxxxxxxxxxxxxxxxx11xxxxxxxx3xxx|xxxxxxxxxxxxxxxxxx11xxxx3333xxx|xxxxxxxxxxxxxxxxxxx1xxxx33333xx|xxxxxxxxxxxxxxxxxxx1xxx3333333x|555xxxxxxxxxxx1111111x333333333|555xxxxxxxxxxx21111111xxxxxx333|555xxxxxxxxxxx22111111111xxxxxx|555xxxxxxxxxxx222xxxxxxx111xxxx|555xxxxxxxxxxx22xxxxxxxxxx1xxxx|555xxxxxxxxxxx23333333333x111xx|555xxxxxxxx33333333333333x111xx|555xxxxxxxx333333x3333333x111xx|555xxxxxxxx33333333333333x111xx|555xxxxxxxx33x33333333333x111xx|555xxxxxxxx33x33x33333333x111xx|555xxxxxxxx33x33x33333333x111xx|5554333333333x333x3333333x111xx|x554333333xxxx33xxxxxxxxxx111xx|xxxxxxxxx3xxxx333221111111111xx|xxxxxxxxx3xxxx333221111111111xx|xxxxxxxxx33333333xx1111x11x11xx|xxxxxxxxx33333333111xxx11xxxxxx|xxxxxxxxxxxxxx33311xxxx11xxxxxx|xxxxxxxxxxxxxx33311xxxx11xxxxxx|xxxxxxxxxxxxxx333x1xxxx11xxxxxx|xxxxxxxxxxxxxx333x1xx111111xxxx|xxxxxxxxxxxxxx33311xx111111xxxx|xxxxxxxxxx333333311xx111111xxxx|xxxxxxxxxxx33333311xx111111xxxx|xxxxxxxxxxxxxxxx111xxxxxxxxxxxx|xxxxxxxxxxxxxxx111xxxxxxxxxxxxx', 2, 21, 5, 0, 'PublicReactor', 'hh_room_floatinggarden', 0, 1.5, 1.5)
GO
INSERT INTO RoomTypes (RoomTypeID, FriendlyName, RoomModel, DefaultHeightmap, StartX, StartY, StartZ, Guest, ReactorType, CCTS, UserType, MaxAscend, MaxDescend)
VALUES(13, 'Guest Model G', 'model_g', 'xxxxxxxxxxxxx|xxxxxxxxxxxxx|xxxxxxx00000x|xxxxxxx00000x|xxxxxxx00000x|xx1111000000x|xx1111000000x|xx1111000000x|xx1111000000x|xx1111000000x|xxxxxxx00000x|xxxxxxx00000x|xxxxxxx00000x|xxxxxxxxxxxxx|xxxxxxxxxxxxx|xxxxxxxxxxxxx|xxxxxxxxxxxxx', 1, 7, 1, 1, 'FlatReactor', '0', 2, 1.5, 4.0)
GO
INSERT INTO RoomTypes (RoomTypeID, FriendlyName, RoomModel, DefaultHeightmap, StartX, StartY, StartZ, Guest, ReactorType, CCTS, UserType, MaxAscend, MaxDescend)
VALUES(14, 'Guest Model H', 'model_h', 'xxxxxxxxxxxx|xxxxxxxxxxxx|xxxxx111111x|xxxxx111111x|xxxxx111111x|xxxxx111111x|xxxxx111111x|xxxxx000000x|xxxxx000000x|xxx00000000x|xxx00000000x|xxx00000000x|xxx00000000x|xxxxxxxxxxxx|xxxxxxxxxxxx|xxxxxxxxxxxx', 4, 4, 1, 1, 'FlatReactor', '0', 2, 1.5, 4.0)
GO
INSERT INTO RoomTypes (RoomTypeID, FriendlyName, RoomModel, DefaultHeightmap, StartX, StartY, StartZ, Guest, ReactorType, CCTS, UserType, MaxAscend, MaxDescend)
VALUES(16, 'Guest Model J', 'model_j', 'xxxxxxxxxxxxxxxxxxxxx|xxxxxxxxxxx0000000000|xxxxxxxxxxx0000000000|xxxxxxxxxxx0000000000|xxxxxxxxxxx0000000000|xxxxxxxxxxx0000000000|xxxxxxxxxxx0000000000|x00000000000000000000|x00000000000000000000|x00000000000000000000|x00000000000000000000|x00000000000000000000|x00000000000000000000|x00000000000000000000|x00000000000000000000|x00000000000000000000|x00000000000000000000|x0000000000xxxxxxxxxx|x0000000000xxxxxxxxxx|x0000000000xxxxxxxxxx|x0000000000xxxxxxxxxx|x0000000000xxxxxxxxxx|x0000000000xxxxxxxxxx|xxxxxxxxxxxxxxxxxxxxx', 0, 10, 0, 1, 'FlatReactor', '0', 1, 1.5, 4.0)
GO
INSERT INTO RoomTypes (RoomTypeID, FriendlyName, RoomModel, DefaultHeightmap, StartX, StartY, StartZ, Guest, ReactorType, CCTS, UserType, MaxAscend, MaxDescend)
VALUES(17, 'Guest Model K', 'model_k', 'xxxxxxxxxxxxxxxxxxxxxxxxx|xxxxxxxxxxxxxxxxx00000000|xxxxxxxxxxxxxxxxx00000000|xxxxxxxxxxxxxxxxx00000000|xxxxxxxxxxxxxxxxx00000000|xxxxxxxxx0000000000000000|xxxxxxxxx0000000000000000|xxxxxxxxx0000000000000000|xxxxxxxxx0000000000000000|x000000000000000000000000|x000000000000000000000000|x000000000000000000000000|x000000000000000000000000|x000000000000000000000000|x000000000000000000000000|x000000000000000000000000|x000000000000000000000000|xxxxxxxxx0000000000000000|xxxxxxxxx0000000000000000|xxxxxxxxx0000000000000000|xxxxxxxxx0000000000000000|xxxxxxxxx0000000000000000|xxxxxxxxx0000000000000000|xxxxxxxxx0000000000000000|xxxxxxxxx0000000000000000|xxxxxxxxx0000000000000000|xxxxxxxxx0000000000000000|xxxxxxxxxxxxxxxxxxxxxxxxx', 0, 13, 0, 1, 'FlatReactor', '0', 1, 1.5, 4.0)
GO
INSERT INTO RoomTypes (RoomTypeID, FriendlyName, RoomModel, DefaultHeightmap, StartX, StartY, StartZ, Guest, ReactorType, CCTS, UserType, MaxAscend, MaxDescend)
VALUES(18, 'Guest Model L', 'model_l', 'xxxxxxxxxxxxxxxxxxxxx|x00000000000000000000|x00000000000000000000|x00000000000000000000|x00000000000000000000|x00000000000000000000|x00000000000000000000|x00000000000000000000|x00000000000000000000|x00000000xxxx00000000|x00000000xxxx00000000|x00000000xxxx00000000|x00000000xxxx00000000|x00000000xxxx00000000|x00000000xxxx00000000|x00000000xxxx00000000|x00000000xxxx00000000|x00000000xxxx00000000|x00000000xxxx00000000|x00000000xxxx00000000|x00000000xxxx00000000|xxxxxxxxxxxxxxxxxxxxx', 0, 16, 0, 1, 'FlatReactor', '0', 1, 1.5, 4.0)
GO
INSERT INTO RoomTypes (RoomTypeID, FriendlyName, RoomModel, DefaultHeightmap, StartX, StartY, StartZ, Guest, ReactorType, CCTS, UserType, MaxAscend, MaxDescend)
VALUES(19, 'Guest Model M', 'model_m', 'xxxxxxxxxxxxxxxxxxxxxxxxxxxxx|xxxxxxxxxxx00000000xxxxxxxxxx|xxxxxxxxxxx00000000xxxxxxxxxx|xxxxxxxxxxx00000000xxxxxxxxxx|xxxxxxxxxxx00000000xxxxxxxxxx|xxxxxxxxxxx00000000xxxxxxxxxx|xxxxxxxxxxx00000000xxxxxxxxxx|xxxxxxxxxxx00000000xxxxxxxxxx|xxxxxxxxxxx00000000xxxxxxxxxx|xxxxxxxxxxx00000000xxxxxxxxxx|xxxxxxxxxxx00000000xxxxxxxxxx|x0000000000000000000000000000|x0000000000000000000000000000|x0000000000000000000000000000|x0000000000000000000000000000|x0000000000000000000000000000|x0000000000000000000000000000|x0000000000000000000000000000|x0000000000000000000000000000|xxxxxxxxxxx00000000xxxxxxxxxx|xxxxxxxxxxx00000000xxxxxxxxxx|xxxxxxxxxxx00000000xxxxxxxxxx|xxxxxxxxxxx00000000xxxxxxxxxx|xxxxxxxxxxx00000000xxxxxxxxxx|xxxxxxxxxxx00000000xxxxxxxxxx|xxxxxxxxxxx00000000xxxxxxxxxx|xxxxxxxxxxx00000000xxxxxxxxxx|xxxxxxxxxxx00000000xxxxxxxxxx|xxxxxxxxxxx00000000xxxxxxxxxx|xxxxxxxxxxxxxxxxxxxxxxxxxxxxx', 0, 15, 0, 1, 'FlatReactor', '0', 1, 1.5, 4.0)
GO
INSERT INTO RoomTypes (RoomTypeID, FriendlyName, RoomModel, DefaultHeightmap, StartX, StartY, StartZ, Guest, ReactorType, CCTS, UserType, MaxAscend, MaxDescend)
VALUES(20, 'Guest Model N', 'model_n', 'xxxxxxxxxxxxxxxxxxxxx|x00000000000000000000|x00000000000000000000|x00000000000000000000|x00000000000000000000|x00000000000000000000|x00000000000000000000|x000000xxxxxxxx000000|x000000x000000x000000|x000000x000000x000000|x000000x000000x000000|x000000x000000x000000|x000000x000000x000000|x000000x000000x000000|x000000xxxxxxxx000000|x00000000000000000000|x00000000000000000000|x00000000000000000000|x00000000000000000000|x00000000000000000000|x00000000000000000000|xxxxxxxxxxxxxxxxxxxxx', 0, 16, 0, 1, 'FlatReactor', '0', 1, 1.5, 4.0)
GO
INSERT INTO RoomTypes (RoomTypeID, FriendlyName, RoomModel, DefaultHeightmap, StartX, StartY, StartZ, Guest, ReactorType, CCTS, UserType, MaxAscend, MaxDescend)
VALUES(21, 'Guest Model O', 'model_o', 'xxxxxxxxxxxxxxxxxxxxxxxxx|xxxxxxxxxxxxx11111111xxxx|xxxxxxxxxxxxx11111111xxxx|xxxxxxxxxxxxx11111111xxxx|xxxxxxxxxxxxx11111111xxxx|xxxxxxxxxxxxx11111111xxxx|xxxxxxxxxxxxx11111111xxxx|xxxxxxxxxxxxx11111111xxxx|xxxxxxxxxxxxx00000000xxxx|xxxxxxxxx0000000000000000|xxxxxxxxx0000000000000000|xxxxxxxxx0000000000000000|xxxxxxxxx0000000000000000|xxxxxxxxx0000000000000000|xxxxxxxxx0000000000000000|x111111100000000000000000|x111111100000000000000000|x111111100000000000000000|x111111100000000000000000|x111111100000000000000000|x111111100000000000000000|x111111100000000000000000|x111111100000000000000000|xxxxxxxxx0000000000000000|xxxxxxxxx0000000000000000|xxxxxxxxx0000000000000000|xxxxxxxxx0000000000000000|xxxxxxxxxxxxxxxxxxxxxxxxx', 0, 18, 1, 1, 'FlatReactor', '0', 2, 1.5, 4.0)
GO
INSERT INTO RoomTypes (RoomTypeID, FriendlyName, RoomModel, DefaultHeightmap, StartX, StartY, StartZ, Guest, ReactorType, CCTS, UserType, MaxAscend, MaxDescend)
VALUES(22, 'Guest Model P', 'model_p', 'xxxxxxxxxxxxxxxxxxx|xxxxxxx222222222222|xxxxxxx222222222222|xxxxxxx222222222222|xxxxxxx222222222222|xxxxxxx222222222222|xxxxxxx222222222222|xxxxxxx22222222xxxx|xxxxxxx11111111xxxx|x222221111111111111|x222221111111111111|x222221111111111111|x222221111111111111|x222221111111111111|x222221111111111111|x222221111111111111|x222221111111111111|x2222xx11111111xxxx|x2222xx00000000xxxx|x2222xx000000000000|x2222xx000000000000|x2222xx000000000000|x2222xx000000000000|x2222xx000000000000|x2222xx000000000000|xxxxxxxxxxxxxxxxxxx', 0, 23, 2, 1, 'FlatReactor', '0', 2, 1.5, 4.0)
GO
INSERT INTO RoomTypes (RoomTypeID, FriendlyName, RoomModel, DefaultHeightmap, StartX, StartY, StartZ, Guest, ReactorType, CCTS, UserType, MaxAscend, MaxDescend)
VALUES(23, 'Guest Model Q', 'model_q', 'xxxxxxxxxxxxxxxxxxx|xxxxxxxxxxx22222222|xxxxxxxxxxx22222222|xxxxxxxxxxx22222222|xxxxxxxxxxx22222222|xxxxxxxxxxx22222222|xxxxxxxxxxx22222222|x222222222222222222|x222222222222222222|x222222222222222222|x222222222222222222|x222222222222222222|x222222222222222222|x2222xxxxxxxxxxxxxx|x2222xxxxxxxxxxxxxx|x2222211111xx000000|x222221111110000000|x222221111110000000|x2222211111xx000000|xx22xxx1111xxxxxxxx|xx11xxx1111xxxxxxxx|x1111xx1111xx000000|x1111xx111110000000|x1111xx111110000000|x1111xx1111xx000000|xxxxxxxxxxxxxxxxxxx', 10, 4, 2, 1, 'FlatReactor', '0', 2, 1.5, 4.0)
GO
INSERT INTO RoomTypes (RoomTypeID, FriendlyName, RoomModel, DefaultHeightmap, StartX, StartY, StartZ, Guest, ReactorType, CCTS, UserType, MaxAscend, MaxDescend)
VALUES(24, 'Guest Model R', 'model_r', 'xxxxxxxxxxxxxxxxxxxxxxxxx|xxxxxxxxxxx33333333333333|xxxxxxxxxxx33333333333333|xxxxxxxxxxx33333333333333|xxxxxxxxxxx33333333333333|xxxxxxxxxxx33333333333333|xxxxxxxxxxx33333333333333|xxxxxxx333333333333333333|xxxxxxx333333333333333333|xxxxxxx333333333333333333|xxxxxxx333333333333333333|xxxxxxx333333333333333333|xxxxxxx333333333333333333|x4444433333xxxxxxxxxxxxxx|x4444433333xxxxxxxxxxxxxx|x44444333333222xx000000xx|x44444333333222xx000000xx|xxx44xxxxxxxx22xx000000xx|xxx33xxxxxxxx11xx000000xx|xxx33322222211110000000xx|xxx33322222211110000000xx|xxxxxxxxxxxxxxxxx000000xx|xxxxxxxxxxxxxxxxx000000xx|xxxxxxxxxxxxxxxxx000000xx|xxxxxxxxxxxxxxxxx000000xx|xxxxxxxxxxxxxxxxxxxxxxxxx', 10, 4, 3, 1, 'FlatReactor', '0', 2, 1.5, 4.0)
GO
INSERT INTO RoomTypes (RoomTypeID, FriendlyName, RoomModel, DefaultHeightmap, StartX, StartY, StartZ, Guest, ReactorType, CCTS, UserType, MaxAscend, MaxDescend)
VALUES(29, 'Habbo Park', 'park_a', 'xxxxxxxxxxxxxxxxxxxxxxxxxxxxxxxxxxxxxxxxxxxx|xxxxxxxxxxxxxxxxxxxxxxxxxxxxxxxxxxxxxxxxxxxx|xxxxxxxxxxxxxxxxxxxxxxxxxxxxxx0xxxxxxxxxxxxx|xxxxxxxxxxxxxxxxxxxxxxxxxxxxxx00xxxxxxxxxxxx|xxxxxxxxxxxxx0x00xxxxxxxxxxx0x000xxxxxxxxxxx|xxxxxxxxxxxx0000000000000000000000xxxxxxxxxx|xxxxxxxxxxx000000000000000000000000xxxxxxxxx|xxxxxxxxxxx0000000000000000000000000xxxxxxxx|xxxxxxxxxxx00000000000000000000000000xxxxxxx|xxxxxxxx000000000000000000000000000000xxxxxx|xxxxxxx00000000000000000000000000000000xxxxx|xxxxxxx000000000000000000000000000000000xxxx|xxxxxxx0000000000000000000000000000000000xxx|xxxxxxxxx000000000000000000000000000000000xx|00000000000000000000xx00000000000000000000xx|0000000000000000000xxxx00000000000xxxxxxx0xx|0000000000000000000xxxx00000000000x00000xxxx|xxxxx00x0000000000xxxxx0xxxxxx0000x0000000xx|xxxxx0000000000000xxxxx0xx000x0000x000000xxx|xxxxx0000000000000xxxxx0x000000000x00000xxxx|xxxxx000000x0000000xxxx0x000000000xxx00xxxxx|xxxxxxxx000x0000000xxx00xxx000000x0000xxxxxx|xxxxxxxx000x000000xxxx0x0000000000000xxxxxxx|xxxxxxxx000x000000011100000000000000xxxxxxxx|xxxxxxxx000x00000001110000000000000xxxxxxxxx|xxxxxxxxx00x0000000111x00000000x00xxxxxxxxxx|xxxxxxxxxx0x0000000xxx0000000xxxxxxxxxxxxxxx|xxxxxxxxxxxx000000xxxx0000000xxxxxxxxxxxxxxx|xxxxxxxxxxxx000000xxx00xxxxx00xxxxxxxxxxxxxx|xxxxxxxxxxxxxxxxx0xxx0xx000x00xxxxxxxxxxxxxx|xxxxxxxxxxxxxxxxx0xxx0x000000xxxxxxxxxxxxxxx|xxxxxxxxxxxxxxxxx0xxx0x00000xxxxxxxxxxxxxxxx|xxxxxxxxxxxxxxxxx0xxxxx00xxxxxxxxxxxxxxxxxxx|xxxxxxxxxxxxxxxxx0xxxxx0xxxxxxxxxxxxxxxxxxxx', 2, 15, 0, 0, 'PublicReactor', 'hh_room_park_general,hh_room_park', 0, 1.5, 4.0)
GO
INSERT INTO RoomTypes (RoomTypeID, FriendlyName, RoomModel, DefaultHeightmap, StartX, StartY, StartZ, Guest, ReactorType, CCTS, UserType, MaxAscend, MaxDescend)
VALUES(15, 'Guest Model I', 'model_i', 'xxxxxxxxxxxxxxxxxxxxx|xxxxxxxxxxx0000000000|xxxxxxxxxxx0000000000|xxxxxxxxxxx0000000000|xxxxxxxxxxx0000000000|xxxxxxxxxxx0000000000|xxxxxxxxxxx0000000000|x00000000000000000000|x00000000000000000000|x00000000000000000000|x00000000000000000000|x00000000000000000000|x00000000000000000000|x00000000000000000000|x00000000000000000000|x00000000000000000000|x00000000000000000000|x0000000000xxxxxxxxxx|x0000000000xxxxxxxxxx|x0000000000xxxxxxxxxx|x0000000000xxxxxxxxxx|x0000000000xxxxxxxxxx|x0000000000xxxxxxxxxx|xxxxxxxxxxxxxxxxxxxxx', 0, 10, 0, 1, 'FlatReactor', '0', 1, 1.5, 4.0)
GO
INSERT INTO RoomTypes (RoomTypeID, FriendlyName, RoomModel, DefaultHeightmap, StartX, StartY, StartZ, Guest, ReactorType, CCTS, UserType, MaxAscend, MaxDescend)
VALUES(28, 'Public theatredrome', 'theater', 'xxxxxxxxxxxxxxxxxxxxxxx|xxxxxxxxxxxxxxxxxxxxxxx|xxxxxxxxxxxxxxxxxxxxxxx|xxxxxxxxxxxxxxxxxxxxxxx|xxxxxxxxxxxxxxxxxxxxxxx|xxxxxxxxxxxxxxxxxxxxxxx|xxxxxxx111111111xxxxxxx|xxxxxxx11111111100000xx|xxxx00x11111111100000xx|xxxx00x11111111100000xx|4xxx00x11111111100000xx|4440000xxxxxxxxx00000xx|444000000000000000000xx|4xx000000000000000000xx|4xx0000000000000000000x|44400000000000000000000|44400000000000000000000|44x00000000000000000000|44x11111111111111111000|44x11111111111111111000|33x11111111111111111000|22x11111111111111111000|22x11111111111111111000|22x11111111111111111000|22x11111111111111111000|22x11111111111111111000|22211111111111111111000|22211111111111111111000|xxxxxxxxxxxxxxxxxxxx00x|xxxxxxxxxxxxxxxxxxxx00x', 20, 27, 0, 0, 'PublicReactor', 'hh_room_theater', 0, 1.5, 3.0)
GO
INSERT INTO RoomTypes (RoomTypeID, FriendlyName, RoomModel, DefaultHeightmap, StartX, StartY, StartZ, Guest, ReactorType, CCTS, UserType, MaxAscend, MaxDescend)
VALUES(30, 'Public Picnic', 'picnic', 'xxxxxxxxxxxxxxxxxxxxxxxxxxxxxxxxxxxxxx|xxxxxxxxxxxxxxxxxxxxxxxxxxxxxxxxxxxxxx|xxxxxxxxxxxxxxxxxxxxxxxxxxxxxxxxxxxxxx|xxxxxxxxxxxxxxxxxxxxxxxxxxxxxxxxxxxxxx|xx22222xxxxxxxxxxxxxxxxxxxxxxxxxxxxxxx|22xxxxxxxxxxxxx22xxxxxxxxxxxxxxxxxxxxx|2222222222222222222x222222222222222222|22222222222222222222222222222222222222|22222222222222222222222222222222222222|22222222222222222222222222222222222222|22222222222xxx222222222222222222222222|2222222222xx33x22222222222222222222222|222222222xx3333x2222222222222222222222|222222222x333333x222222222222222222222|222222222x333333x222222222222222222222|2222222222x3332x2222222222222222222222|22222222222x33x22222222222222222222222|22222222222222222222222222222222222222|22222222222222222222222222222222222222|22222222222222222222222222222222222222|22222222222222222222222222222222222222|22222222222222222222222222222222222222|22222222222222222222222222222222222222|22222222x22222xxxx22222222222222222222|22222222222222xxxx22222222222222222222|22222222222222xxx222222222222222222222|22222222222222222222222222222222222222|22222222222222222222222222222222222222|22222222222222222222222222222222222222|22222222222222222222222222222222222222|22222222222222222222222222222222222222|22222222222222222222222222222222222222|22222222222222222222222222222222222222|22222222222222222222222222222222222222|22222222222222222222222222222222222222|22222222222222222222222222222222222222|22222222222222222222222222222222222222|22222222222222222222222222222222222222|22222222222222222222222222222222222222|22222222222222222222222222222222222222|22222222222222222222222222222222222222|22222222222222222222222222222222222222|22222222222222222222222222222222222222|22222222222222222222222222222222222222', 16, 5, 2, 0, 'PublicReactor', 'hh_room_picnic', 0, 1.5, 1.5)
GO
INSERT INTO RoomTypes (RoomTypeID, FriendlyName, RoomModel, DefaultHeightmap, StartX, StartY, StartZ, Guest, ReactorType, CCTS, UserType, MaxAscend, MaxDescend)
VALUES(31, 'Public Rumble', 'md_a', 'xxxxxxxx77xxxxxxxxxxxxxxxx|xxxxxxxx77xxxxxxxxxxxxxxxx|xxxxxx77777x77xxxxxxxxxxxx|xxx77777777777xxx44xxxxxxx|77777777777777xx444444444x|777777777777777xx44444444x|xxx777777777777xx44444444x|xxxx7777777777xxx44444444x|7777777777777777744444444x|7777777777777x4x744444444x|777777777777x444444444444x|7777777777774444444444444x|7777777777774444444444444x|777777777777x444444444444x|7777777777777x44444444444x|xxx777777777777x444444444x|xxx7777777777777444444444x|xxx7777777777777444444444x|xxx777777777777x444444444x|xxx77777777777x4444444444x|xxxx777777777444444444444x|xxxxxxxxxxxxxxxxxxxxxxxxxx', 1, 5, 7, 0, 'RooftopReactor', 'hh_room_terrace,hh_paalu,hh_people_pool,hh_people_paalu', 0, 1.5, 1.5)
GO
INSERT INTO RoomTypes (RoomTypeID, FriendlyName, RoomModel, DefaultHeightmap, StartX, StartY, StartZ, Guest, ReactorType, CCTS, UserType, MaxAscend, MaxDescend)
VALUES(32, 'Public infobus', 'park_b', 'xxxxxxxxxxxxxxxxxxxxxxxxxxxxxxxxxxxxxxxxxxxx|xxxxxxxxxxxxxxxxxxxxxxxxxxxxxxxxxxxxxxxxxxxx|xxxxxxxxxxxxxxxxxxxxxxxxxxxxxx0xxxxxxxxxxxxx|xxxxxxxxxxxxxxxxxxxxxxxxxxxxxx00xxxxxxxxxxxx|xxxxxxxxxxxxx0x00xxxxxxxxxxx0x000xxxxxxxxxxx|xxxxxxxxxxxx0000000000000000000000xxxxxxxxxx|xxxxxxxxxxx000000000000000000000000xxxxxxxxx|xxxxxxxxxxx0000000000000000000000000xxxxxxxx|xxxxxxxxxxx00000000000000000000000000xxxxxxx|xxxxxxxx000000000000000000000000000000xxxxxx|xxxxxxx00000000000000000000000000000000xxxxx|xxxxxxx000000000000000000000000000000000xxxx|xxxxxxx0000000000000000000000000000000000xxx|xxxxxxxxx000000000000000000000000000000000xx|00000000000000000000xx00000000000000000000xx|0000000000000000000xxxx00000000000xxxxxxx0xx|0000000000000000000xxxx00000000000x00000xxxx|xxxxx00x0000000000xxxxx0xxxxxx0000x0000000xx|xxxxx0000000000000xxxxx0xx000x0000x000000xxx|xxxxx0000000000000xxxxx0x000000000x00000xxxx|xxxxx000000x0000000xxxx0x000000000xxx00xxxxx|xxxxxxxx000x0000000xxx00xxx000000x0000xxxxxx|xxxxxxxx000x000000xxxx0x0000000000000xxxxxxx|xxxxxxxx000x000000011100000000000000xxxxxxxx|xxxxxxxx000x00000001110000000000000xxxxxxxxx|xxxxxxxxx00x0000000111x00000000x00xxxxxxxxxx|xxxxxxxxxx0x0000000xxx0000000xxxxxxxxxxxxxxx|xxxxxxxxxxxx000000xxxx0000000xxxxxxxxxxxxxxx|xxxxxxxxxxxx000000xxx00xxxxx00xxxxxxxxxxxxxx|xxxxxxxxxxxxxxxxx0xxx0xx000x00xxxxxxxxxxxxxx|xxxxxxxxxxxxxxxxx0xxx0x000000xxxxxxxxxxxxxxx|xxxxxxxxxxxxxxxxx0xxx0x00000xxxxxxxxxxxxxxxx|xxxxxxxxxxxxxxxxx0xxxxx00xxxxxxxxxxxxxxxxxxx|xxxxxxxxxxxxxxxxx0xxxxx0xxxxxxxxxxxxxxxxxxxx', 2, 15, 0, 0, 'PublicReactor', 'hh_room_park_general,hh_room_park', 0, 1.5, 1.5)
GO

-- Disable identity insert
SET IDENTITY_INSERT RoomTypes OFF
GO



-- Dumping data for table 'Users'
--

-- Enable identity insert
SET IDENTITY_INSERT Users ON
GO

INSERT INTO Users (UserID, Username, Password, figure, sex, mission, email, dob, credits, tickets, roleid, poolfigure, ClubDaysRemaining, ClubMonthsPassed, ClubMonthsRemaining, ClubLastUpdate, LastLogin, CurrentBadge, LastIP)
VALUES(1, 'Admin', 'admin', '8000518001281013050180505', 'M', '', 'admin@user.com', '01.01.1901', 4, 100, 10, 'ch=s02/253,146,160', 31, 0, 1, 'Jul 24 2008  8:29AM', 'Jul 29 2008  5:34PM', 'ADM', '84.215.128.69')

-- Disable identity insert
SET IDENTITY_INSERT Users OFF
GO
